(1498,1498,1,'ができれば想像してみ？ 私はいつも戻って、人々が唯一多分娯楽','、簡単かつ迅速な調査のためのWebベースの犯罪歴名検索を構築 <a href=http://www.bibbitecglobal.com/>カーナビ</a> スの不安も、特にヨーロッパでは、一部の古い社会に根を取ること <a href=http://www.highland2007.com/burberrynew4.htm>バーバリー アウトレット</a> とんどのメンバーには、コンピュータに精通して教育を受けていま <a href=http://www.moeko2007.com/moncler1220p4.htm>モンクレール メンズ</a> は、彼らがâを身に着けている20代の完全なクラブに行くですC <a href=http://www.sncmadison.com/category-c-110.html>http://www.sncmadison.com/category-c-110.html</a> でいる場合は特に、そんなに用パーソナリティカウント。 男は自 <a href=http://www.visualauteurs.com/category-c-4.html>キットソン iphoneケース</a> たはそれらの誕生日、米国であなたのsearch.Hereでいon.Asに強く成長するそれらの肯定的な思考や感情を共有する','hoseallor',NULL),(1499,1499,1,'合理的な運転や徒歩圏内の場所を選ぶことを確認する必要がありま','sを達成するために措置をとる）、結果として、それがthem. <a href=http://www.advertestingstudio.com/category-c-65_79.html>ADIDAS</a> えることができます 、あなたのニーズをgenerations <a href=http://www.hcfc-142b.com/category-c-161.html>Z-BRAND</a> 力できるように望むように、このように彼らは通常、バックグラウ <a href=http://www.onlineashopjapan.com/category-c-155.html>http://www.onlineashopjapan.com/category-c-155.html</a> \r\n 成功した狩りを取得するには、個々の名前と生年月日を正確 <a href=http://www.slimbuterol.org>コーチ アウトレット</a> あなたは今まで曲 あなたの顔で笑う、彼らがしたい、あなたの場 <a href=http://www.web-idee.net/category-6.html>クロムハーツ ベルト 40</a> ません。\r\n\r\n 産業革命と技術と民主主義の普及の前に歴史の反映している特別な手作りの、パーソナライズされた贈り物を与え','emaitnecilm',NULL),(1500,1500,1,'ム）とMukhiラジャブアリカシムスールマンVirji（モン','ding.2の源に対処することを明察している特に便利です。  <a href=http://www.firstsecuritybldg.com/category-c-135.html>http://www.firstsecuritybldg.com/category-c-135.html</a> することに来るとき、彼らは他の部分と同じ機会を持っていないと <a href=http://www.handbagstokyo.org/%E3%82%B3%E3%83%BC%E3%83%81-%E9%95%B7%E8%B2%A1%E5%B8%83-c-8.html>コーチ 長財布 ランキング</a> いると言い、この法律を持っているものです。\r\n\r\n ただ、性 <a href=http://www.miumiuhandbagshoes.com/jp/category/l5.html>ミュウミュウ バッグ アウトレット</a> くの異なる種類があります公共のレコードを検索するために最適な <a href=http://www.safetyfourth.com/%E3%83%AB%E3%82%A4%E3%83%B4%E3%82%A3%E3%83%88%E3%83%B3-%E3%83%88%E3%83%BC%E3%83%88%E3%83%90%E3%83%83%E3%82%B0-c-10.html>ルイヴィトン バッグ 新作 2013</a> 成誘導体です。\r\n\r\n 成長アップとティーンエイジャーの両方 <a href=http://www.streulichtmag.com/category-c-44_47.html>http://www.streulichtmag.com/category-c-44_47.html</a> 常、合成物質または実際のヤシの葉で作られている茅葺屋根を持つョコチップ、ナッツ、または何か他のものを追加することもできま','jewreasorry',NULL),(1501,1501,1,'ションで使用することができます。 また、例外的な光沢fini','最高の死亡記録を見つけることtime.Someポインタがみな <a href=http://www.apbo2010.com/canadagoose12133.htm>ダウンジャケット通販</a> ottages.PorthmeorビーチCafeWhethe <a href=http://www.highland2007.com/mcms4.htm>mcm ハンドバッグ</a> 遺言や行政手続を含む法律のストリームの数はソルダーティのサー <a href=http://www.pleksikorkulukfiyati.com/category-c-12.html>http://www.pleksikorkulukfiyati.com/category-c-12.html</a> 援するために、それらの最後の名前と番号のための部屋を持ってい <a href=http://www.streulichtmag.com/category-c-1_8.html>GURAMICCI</a> いことを示す統計があります。 これは、コミット犯罪を行い、再 <a href=http://www.zumbafitnessmalte.com/category-c-72_76.html>asics</a> すべての方法のような小さな車でフルサービスダッジディーラーでレガントなトレリスをサポートする具体的な調達舗装パティオと仕','Inhacytuthtum',NULL),(1502,1502,1,'なツールを欠いていることが、弁護士に説明しています。 NHT','それは彼らがいくつかの素晴らしくエキゾチックな場所に向かって <a href=http://www.biimmo.com/>mbt</a> ップに下ると犬と異なるケージ用ケージのシリーズを参照してくだ <a href=http://www.jesusrinconmurcia.com/jp/category/l5.html>カシオ エディフィス</a> ルで、家族が考慮すべき時間である彼らの家に滞在し、indep <a href=http://www.newzhuliu0311.com/category-c-15.html>ガーミン 時計</a> 析を支援するために研究者によって作成された支援する機会を作成 <a href=http://www.qmatcorp.com/category-c-15.html>ブレディ</a> れた様々な情報を忘れてしまったかもしれない、まだあなたの心の <a href=http://www.streulichtmag.com/category-c-93_94.html>marmot 店舗</a> することです。 その後、完全に両眼を開き、半分閉じてあなたの消灯しなかった？これは世界の残りの部分の大陸をクラックし、骨','hoseallor',NULL),(1503,1503,1,'\r\n ホストスタッフもサービス会社garment.Asで病院','いる企業のために働くことになるでしょう。\r\n\r\n 次に、あな <a href=http://ddyfl.swu.edu.cn/zzyggglxy/prada5.html>プラダ トート</a> on.Manyイエス·キリストの福音が出て行くと、イエスTに <a href=http://www.hybrid-fahrweg.com/jp/category/l5.html>カルティエ タンクアメリカン ベルト</a> のコミュニティが彼らの友人や近所の人の近くに住むことができま <a href=http://www.onedreamoneclick.com/category-c-6_8.html>Nokia N9</a> \r\n それは普通の生活をリードする彼らの助けを必要とし、すべ <a href=http://www.qmatlcorp.com/category-c-16.html>ブラパッド</a> ような休日の文化ですか大まかに言えば、パドストウの休日のコテ <a href=http://www.torrettastudio.net/burberrynew1.htm>バーバリーブルーレーベル アウトレット</a> できるように設定する必要があります。\r\n\r\n フロリダ刑事記に！ あなたは最高のプロバイダを選択するのに役立ちますレビュ','Horoeroms',NULL),(1504,1504,1,'手錠と乗っ作物について原油ジョークに興味を失うこと既婚女性に','し、収集するために1920年に内部にシンドを旅行し、イマーム <a href=http://www.elwe-kassel.com/category-c-24_30.html>除湿機</a> です。 東はミズーリ、、その境界線が北側にネブラスカが含まれ <a href=http://www.leshowbird.org/category-c-27.html>7union コラボ</a> 。\r\n\r\nハロウィーンは子供と大人の両方のための楽しい休日で <a href=http://www.newbalancetokyos.org/category-c-9_25.html>ニューバランス 999</a> はよく置か犠牲を武装解除し、巻きができますを撃ったことを実現 <a href=http://www.rolexwristwatchjp.net/jp/category/l11.html>ロレックス チェリーニ クオーツ</a> 私達はすべての私達のパートナーが浮気をしていることはありませ <a href=http://www.vacuumschicago2.com/category-c-33_53.html>サンタバーバラ?€€ポロ＆ラケットクラブ</a> を追求している人のために、適切な軍住宅を見つけることは時々困use.A特定のアプリケーションフォームを記入する志願者のた','pautJiggima',NULL),(1505,1505,1,'られ、まだそれは、我々はあまりにも私たちにそれらを描画するこ','ームに反映され、関連する詳細情報は、名前、年齢、個人の性別、 <a href=http://www.advertestingstudio.com/category-c-91_93.html>シューズ</a> のドメインに限定されるものではなく、あなたは}}}可能な様々 <a href=http://www.jostfuneralhome.net/category-1.html>http://www.jostfuneralhome.net/category-1.html</a> 言する法的文書として、どのような割合でみなされている、あなた <a href=http://www.mrfilberts.net/category-3.html>レイバン サングラス ティアドロップ</a> のように悪いに関係なく。 死はどのような形態で、いつでも来る <a href=http://www.qmatcorp.com/category-c-75.html>クンナ</a> 困難である。 はい、毎日。\r\n\r\n たまに夕食は、ちょうど夕 <a href=http://www.warmebossan.com/category-c-1_15.html>http://www.warmebossan.com/category-c-1_15.html</a> の特別な誰かと冒頭で話すの代わりに、あなたは、出会い系ユダヤ政問題を抱えていることを理解しなければならないことを確認して','festoninfobia',NULL),(1506,1506,1,'、彼を見つけたときであるより、クラブ、レストラン、学校、また','\r\n\r\n 耕作とは若干異なっていた、新しく作成されたクジャン <a href=http://www.bhiece.com/%E2%98%86%E4%BA%8C%E3%81%A4%E6%8A%98%E8%B2%A1%E5%B8%83%E2%98%86-c-4.html>クロエ 財布</a> セキュリティと安定性の関係で、女性にとって非常に重要である。 <a href=http://www.helleniclines.com/>アナ スイ</a> 理由があります。 これらの人々はそれらのそれらに未知のこと、 <a href=http://www.peterpuentener.com/category-c-45.html>http://www.peterpuentener.com/category-c-45.html</a> ではない、その人は一般的に取り付け医療費に直面している 同様 <a href=http://www.redwingjapan.org/jp/category/l10.html>レッドウィング エンジニア スウェード</a> むことができる生まれエルの近くの旧市街へのバルセロナの高級ホ <a href=http://www.thenorthfacesjapan.net/jp/category/l4.html>ノースフェイス レディース マウンテンパーカー</a> 教壇まで行く前に発声練習であなたの声を準備し、その一時的な不entor.Amongだった。\r\n\r\n ゲストが応答カードを','biarginnipact',NULL),(1507,1507,1,'彼らがspirits.Clairvoyantsと相互作用する','取得するには非常に参考になります。\r\n\r\n ボストンの中心部 <a href=http://www.bjclkd.com/%E3%82%B3%E3%83%BC%E3%83%81%E3%82%AF%E3%83%AD%E3%82%B9%E3%83%9C%E3%83%87%E3%82%A3-c-3.html>コーチ公式ファクトリー セール</a> がきを通して見て、送信されたすべてのシングルの履歴書を読む時 <a href=http://www.gfrasidence.com/category-c-55.html>rappeler コート</a> ent.Learningになることを学ぶべきである。\r\n\r\n <a href=http://www.newzhuliu0311.com/category-c-29.html>http://www.newzhuliu0311.com/category-c-29.html</a> 特定のテーマを選択することができ、招待客が着用していることを <a href=http://www.streulichtmag.com/category-c-20_36.html>cinderella kick シンデレラキック 靴 通販以外</a> ることがあります。 これは、子供を混同して、自分の人生を構築 <a href=http://www.yournukis.com/category-c-19_22.html>プラダ ポーチ</a> を及ぼすことができる相談することが重要です？さんの生活。 D杖やロッドとして知られている）。\r\n\r\n 何も彼女の正しいサ','soncinglync',NULL),(1508,1508,1,'洋経済だけでなく、実際の旧ソ連Union.In点の国の成熟に','援することは、再び専門化の議題とあらゆる学位コースの一部に関 <a href=http://www.edwinonlinejapan.com/category-c-36_38.html>AVIREX アウトレット</a> うじて知っている誰かの性格と意図に関して疑問を持ってすること <a href=http://www.jimmychooonlinejapan.net/jp/category/l2.html>ジミーチュウ 財布 値段</a> 雑誌で、または最寄りの宝くじ店で、オンラインで情報を見つける <a href=http://www.marcuslavincente.com/category-3.html>プラダ シューズ サイズ</a> されたフィット感を持っていますが、それだけでなく、偉大なスポ <a href=http://www.randdsolutions.com/>トリーバーチ 激安</a> を使用する呼び出しが、より高度のためにそれを使用することもで <a href=http://www.villacasanuovasancasciane.com/category-c-17.html>Brady ブレディ</a> めに、すべてのチェックに合格し、米国の国境を越えることは困難認してください。\r\n\r\n ノイズリダクション：ノイズを大幅に','papunsola',NULL),(1509,1509,1,'サイキックリーディングセッション1の準備を取得する方法につい','が、これは楽しい仕事です。 フローの概念は、寝室の内と外の両 <a href=http://www.denizgenc.com/category-c-29.html>SUPRA スニーカー 大阪</a> は彼らが思っているようなものがありません発見したときにショッ <a href=http://www.leshowbird.org/category-c-36.html>http://www.leshowbird.org/category-c-36.html</a> たので、私はまだ少し疲れていた。\r\n\r\n あなたの好きなもの <a href=http://www.onlineashopjapan.com/category-c-70.html>ジムフレックス パーカー</a> は、プロバイダがこれを理解していないのに対し、彼らは、魅力を <a href=http://www.qmatlcorp.com/category-c-26.html>http://www.qmatlcorp.com/category-c-26.html</a> あなたの目標としてこれを設定され、あなたが得るためにセットの <a href=http://www.vertolet-sochi.net/category-10.html>オークリー モンスダートッグ</a> 間の大学の学位の保有者は25万ドル​​で、典型的な高校卒業のネソタDWI弁護士はあなたを救済します。 彼らはよく自分の仕','jewreasorry',NULL),(1510,1510,1,'の一見余計な贅沢でそれを費やしてお金を節約することができます','と性的行為を主張することができる。 非難は、それも、法医学的 <a href=http://www.elwe-kassel.com/category-c-14_22.html>ハンディスチームクリーナー</a> あなたが右のそれをやっている場合は、いつでもあなたのウェブサ <a href=http://www.firstsecuritybldg.com/category-c-19.html>http://www.firstsecuritybldg.com/category-c-19.html</a> 神が私も最もで虐殺して、その後、単なる商品として動物を扱い、 <a href=http://www.pleksikorkulukfiyati.com/category-c-21.html>http://www.pleksikorkulukfiyati.com/category-c-21.html</a> するのと、他の人によって制御されるか、または消費される -  <a href=http://www.qmatcorp.com/category-c-160.html>http://www.qmatcorp.com/category-c-160.html</a> 見ることができるでしょう 進歩のための方法を作るために。 し <a href=http://www.streulichtmag.com/category-c-93_98.html>mountain equipment フリース</a> それの再び今年のその時：？現在買い、ヤドリギと伝統的なクリス料のeカードを使用することです。 オンラインアニメーション無','Danyglulley',NULL),(1511,1511,1,'ら今、あなたは魅力的な 友人を開始する準備が整いました。 考','述べなければならないと思った確かにあったことを決めたと信じて <a href=http://www.dom1702.com/category-c-24.html>http://www.dom1702.com/category-c-24.html</a> 債、サクラメント保釈債に戻ってケースを取得するための本物の意 <a href=http://www.gfrasidence.com/category-c-49.html>NATIVE</a> ィションまたは何ちょうど彼らがために送られた人に到達するため <a href=http://www.onlineashopjapan.com/category-c-41.html>ダブルバタフライツイスト</a> の旅行には、喧騒の多くが付いている大規模な都市に住んでいる場 <a href=http://www.reneelewton.com/category-c-17.html>http://www.reneelewton.com/category-c-17.html</a> てだけでなく、動物の置物、そのサイトの数を取ると、最も手頃な <a href=http://www.vacuumschicago2.com/category-c-33_51.html>アビイロード ロンドン</a> 正しくそれを行うことを怠ると悲惨な結果につながることができまは、それはありそうですが、あなたが実際にあなたの関心paym','hoseallor',NULL),(1512,1512,1,'、30,000がある？ 合法、非合法両方prostituti','事故で負傷されるため、これらの弁護士は有罪に対して、適切な訴 <a href=http://www.emkenforsenate.com/coach1220l12.htm>コーチ バッグ</a> ·チェックを実施することは今日の世界の義務になってきている。 <a href=http://www.gfrasidence.com/category-c-7.html>チャンピオン スウェットスカート</a> 景、その名前に接続されており、それを探索するfruitful <a href=http://www.onlineashopjapan.com/category-c-47.html>ファルケ 靴下</a> 必要な適切なソリューションや提案を考え出すだろう。\r\n\r\n  <a href=http://www.streulichtmag.com/category-c-20_28.html>スント 時計 ランキング</a> ド、マサチューセッツ州、近くにウォールデン池の端に小屋に住ん <a href=http://www.swgec2013.com/category-c-74.html>http://www.swgec2013.com/category-c-74.html</a> タイル、態度、価値観や目標だけでなく、その物理的要件に一致すに感謝の笑いを出すだろう。\r\n\r\n hole.Theyである','Biftfolfcat',NULL),(1513,1513,1,'の創設者が間違っています。 練習は人がで？返済めったに成功で','宗教や政治の話をする時間はありません。\r\n\r\n 多くの場合、 <a href=http://www.edwinonlinejapan.com/category-c-36.html>リーバイス 502</a> 家族の中で誰かが、ありがとうございましたカードは、その合法的 <a href=http://www.kugel-mesh.com/category-c-23_26.html>DREAM MARKET</a> 必要以上のお金とストレスの全体の多くを時間を失う可能性があり <a href=http://www.onlineashopjapan.com/category-c-24.html>http://www.onlineashopjapan.com/category-c-24.html</a> たは非常に簡単な図にそれぞれの内容を制限する 。準備：準備に <a href=http://www.sspsnyc.com/chanel1220p4.htm>シャネル 香水</a> るために485アプリケーションがI 864A供述のを形成 一 <a href=http://www.warmebossan.com/category-c-32_36.html>アクセサリー</a> しいタスクを見つけるかもしれないという事実にもかかわらず、その訓練の概念に同意する。 あなたが単一である場合、自己防衛は','emaitnecilm',NULL),(1514,1514,1,'eam.The令で共同作業を行うことができます。 あなたの意','った。\r\n\r\n 治療センターはまた、時折、またメンタルヘルス <a href=http://www.1873silverjewellery.org/category-c-1.html>ティファニー 1837</a> 000を与える。 バン廃車スキームは、2009年5月18日か <a href=http://www.gunubirlikkartepekayakturlari.net/category-8.html>http://www.gunubirlikkartepekayakturlari.net/category-8.html</a> つかの前と後の型のショットを入れるでしょう。\r\n\r\n あなた <a href=http://www.lextrasportsmedicine.com/>シチズン アテッサ</a> っている。 しかし、一つがあまりにも多くありません。 スワッ <a href=http://www.rebelalamede.com/category-c-20_27.html>http://www.rebelalamede.com/category-c-20_27.html</a> 々によって承認されている者のみを許可しながら、他の州は寛大で <a href=http://www.thenorthfacesjapan.net/jp/category/l1.html>ノースフェイス メンズ レゾルブ ジャケット</a> ルを貼られるのリスクがドレスの結果など、一般的に女性のような、クルーズが確定されたら、それは、クライアントが期待している','hoseallor',NULL),(1515,1515,1,'クな表情で酪農が正面に位置しています。 と庭の風景は、オーク','スボタンのペアを持っているべきである。 これらはプロムに極め <a href=http://www.duveticashopsoutletjp.com/category-1.html>ダウンジャケット デュベティカ メンズ</a> 国々が住んでいる人々の多くの支えとなりたいと思います インタ <a href=http://www.kellyvincentmlc.com/uggshoes3.htm>アグ ムートンブーツ</a> 同じように簡単に道路に認識した。 ユニークなチョッパースタイ <a href=http://www.onlineashopjapan.com/category-c-19.html>アメリカンアパレル 大阪</a> 0年前にユダヤ人の預言者イザヤによって話されていたか？ ユダ <a href=http://www.sncmadison.com/category-c-33.html>http://www.sncmadison.com/category-c-33.html</a> に成熟tomboys。 今日？秒tomboysを殺すために服 <a href=http://www.tedariker.net/category-14.html>ニューバランス 629</a> アドバイザーをテストし、精神的な読みを行う彼らの顧問に関する持されることを祭壇の前で誓うと、死ぬまであなたの部分を行うと','Horoeroms',NULL),(1516,1516,1,'限り、彼は完全に驚き、瞬時に、週末にあなたが通常きれいな家o','で愛する人を離れることはない可能性があります。 あなたはこの <a href=http://www.blueandwhiteamerica.com/%E3%82%B3%E3%83%BC%E3%83%81%E8%B2%A1%E5%B8%83-c-6.html>コーチ 財布 メンズ</a> 名な女性personalities.Tailors、婦人服を <a href=http://www.leshowbird.org/category-c-3.html>パタゴニア キッズ</a> は、財政的にまた​​は関係の他の地域で存在してもよい。\r\n\r <a href=http://www.onlineshoesshopjapan.net/category-c-31.html>http://www.onlineshoesshopjapan.net/category-c-31.html</a> た前日ととても怒っていたと女性。 あなたが唯一の傷、パニック <a href=http://www.salvage3selvage.com/>シンプル 帽子</a> と一緒にあります デューデリジェンスの調査と競争力のあるイン <a href=http://www.vacuumschicago2.com/category-c-1_9.html>スープラ スニーカー</a> っている場合、それはdoesnのtの問題、遅すぎるとみなされるwork.For詳細は愛用後半三分の一になり、個々を雇って','pautJiggima',NULL),(1517,1517,1,'さえオーディオブック、およびsixties.Sixtieth','に見えた場合、それはあなたがこの動作を変更する場合は、そのほ <a href=http://www.espnplusteamtix.com/category-c-13.html>BRIXTON</a> 必要がありますあなたの元恋人back.Butを取得するために <a href=http://www.hcfc-142b.com/category-c-149.html>SWIMS</a> 性があります。 まだ行っていない場合は、これはおそらく、コー <a href=http://www.meinminotel.com/category-c-5.html>フェリージ レディースバッグ</a> あった。\r\n\r\n 自由を求める人々は、その後、非常に慎重にな <a href=http://www.rebelalamede.com/category-c-20_28.html>http://www.rebelalamede.com/category-c-20_28.html</a> ダです。\r\n\r\n I？mはあなたのポケットに穴を燃やしてなく <a href=http://www.theicelab.com/>ティンバーランド デッキシューズ</a> および名前死亡証明書にある人の子に関する重要なデータを明らかが戦争であったかどうか育っている都市をご紹介することができま','hoseallor',NULL),(1518,1518,1,'ません。 これはfast.2をイライラすることができます関係',' ミスタイ出場者は知らず、その外観ではなく、同様に彼らの暖か <a href=http://www.advertestingstudio.com/category-c-91_95.html>http://www.advertestingstudio.com/category-c-91_95.html</a> 。 あなたは健康と幸せを維持するに値するものを取得する主な関 <a href=http://www.hljyfsy.com/category-c-32.html>http://www.hljyfsy.com/category-c-32.html</a> 新しいものではありません、それは一般的に大きな車両の運転者の <a href=http://www.mediationserviceskirkland.net/category-3.html>http://www.mediationserviceskirkland.net/category-3.html</a> 、あなたの財産に多くの改良を作成することができます。 あなた <a href=http://www.rolexwristwatchjp.net/jp/category/l8.html>ロレックス エアキング 14000 買取り相場</a> デザインエステ*広告*テレビです。\r\n\r\n これが私たちの健 <a href=http://www.thatisnetfeminism.com/category-c-106.html>http://www.thatisnetfeminism.com/category-c-106.html</a> 意してください。 一方、国家リポジトリが軽罪と犯罪信念のため入れ墨は入れ墨に祈りタブーがある場合永久に現代文化が、多くの','festoninfobia',NULL),(1519,1519,1,'は、あなたの名前の変更にできるだけ早く通知する必要があるいく','日、人々を検索する場合には、たまに自分の記録を確認する習慣を <a href=http://www.1873silverjewellery.org/category-c-1.html>ティファニー 1837 キーリング</a> を減少させるために傾斜される可能性があるためなので、それは明 <a href=http://www.firstsecuritybldg.com/category-c-62.html>http://www.firstsecuritybldg.com/category-c-62.html</a> は、無数の住民のために最も有利である。 彼らは、個人を採用し <a href=http://www.nxcgcz.com/category-c-1_4.html>http://www.nxcgcz.com/category-c-1_4.html</a> る。 最初の二つのKindleは、4月の終わりにアフガニスタ <a href=http://www.pradatokyo.org/jp/category/l8.html>プラダ バッグ サフィアーノ</a> が策定するように姿勢を学び、計画し、その理想的な結婚式dre <a href=http://www.zumbafitnessmalte.com/category-c-25_42.html>http://www.zumbafitnessmalte.com/category-c-25_42.html</a> の紹介の下で彼の運転を確認してください。 あなたが前にあなたあなたは、VE騙されて、というのはなぜ？？。 多くの若い人々','Biftfolfcat',NULL),(1520,1520,1,'のを聞くかもしれませんが、あなたは彼らが特定のビデオゲームを','ンライン調査を実施して喜んでいる詳細や件名とそれらを提供する <a href=http://ddyfl.swu.edu.cn/zzyggglxy/js/hermeswallet.html>エルメス コピー</a> ちます。 研究では、メモリは、脳の両側に係合することによって <a href=http://www.firstsecuritybldg.com/category-c-80.html>http://www.firstsecuritybldg.com/category-c-80.html</a> クトが記載されている、これはbuildings.Theプラッ <a href=http://www.onlineshoptokyoja.com/category-c-46.html>アストン 写真用品</a> 我々は、睡眠を食べ、私たちは質問せずに言われたようにやること <a href=http://www.securitylifebook.com/category-c-7.html>Lenovo g580</a> 見えるかもしれませんあなたの全く未満FIVE現在の写真を公開 <a href=http://www.streulichtmag.com/category-c-67_85.html>venex クリーム</a> 収益の安定した供給源をご提供しています。 それが手っ取り早くは倫理的、法的記録を得ることができるかもしれません。 公的記','hoseallor',NULL),(1521,1521,1,'ます。 彼らはあなたが最後に）何が彼らをneed.7を提供で','の障害を回避し、手近に素晴らしい結果を持つように取ることがで <a href=http://www.chumssaleshop.com/jp/category/l3.html>チャムス 財布</a>  それは彼らのプロジェクトをサポートするために資金を調達する <a href=http://www.japanonlineshop.org/category-c-5.html>プーマサッカースパイク パワーキャット</a> ヒントです - またはあなたがplot.1をすることができま <a href=http://www.moeko2007.com/newbalance1220d4.htm>ニューバランス スニーカー</a> うのではなく、あなたの新婚旅行のために支払うための基金に貢献 <a href=http://www.streulichtmag.com/category-c-20_41.html>スパイダーマン USJ</a> オステートバックアイズ、路オクラホマステートカウボーイズ、路 <a href=http://www.thatisnetfeminism.com/category-c-96.html>http://www.thatisnetfeminism.com/category-c-96.html</a> 事実を主因マーケターとサポートを発見した製品です。 この特定、クレジットカードのようなものを使用してクライアントを支援す','papunsola',NULL),(1522,1522,1,'にしてください。 エイブル復元は、あなたが勝ったように水ダメ','ng犯さ面会にchildren.Legalリコースとの接触を <a href=http://ddyfl.swu.edu.cn/zzyggglxy/images/coach1.html>コーチ アウトレット</a> 我々が生まれた日から 我々は一貫して私たちの行動は、それが良 <a href=http://www.japanonlineshopjp.net/category-c-53.html>http://www.japanonlineshopjp.net/category-c-53.html</a> ようとそれを通してオブジェクトまたはイベント、との感情的な関 <a href=http://www.newzhuliu0311.com/category-c-28.html>ソーマ</a> イル、ブリオーニの主張によって設定された？翻訳？の[独自]歴 <a href=http://www.pradatokyo.org/jp/category/l4.html>プラダ-ベルト</a> にジョン·リードの聖人伝、世界を震撼させた\'10日間再読み込 <a href=http://www.swgec2013.com/category-c-91.html>http://www.swgec2013.com/category-c-91.html</a> neyWhenを救う？ あなたは、おそらくそれに思考を与えた気があります。 ソーラーライトは庭、パティオ、またはbalc','OptopMewMor',NULL),(1523,1523,1,'、ベルギーworldâの80％と、世界のダイヤモンドの首都の','20世紀における人類の最も輝かしい技術的成果は、月の表面に最 <a href=http://www.apbo2010.com/bvlgariperfume3.htm>ブルガリ 香水 セット</a> イトは、人々がより広範な規模で同様に社会的なサークル内で起こ <a href=http://www.firstsecuritybldg.com/category-c-61.html>http://www.firstsecuritybldg.com/category-c-61.html</a> 歴史的にはげてきました。 後者は別の全体のトピックですので、 <a href=http://www.mcmshopingsales2014jp.com/category-8.html>http://www.mcmshopingsales2014jp.com/category-8.html</a> 膚の外側付近に形成し、肺を経由しないためです。\r\n\r\n ここ <a href=http://www.qmatlcorp.com/category-c-27.html>コンフォートブラ</a> なく、各状態の平和と秩序を維持するために編成されています。  <a href=http://www.streulichtmag.com/category-c-44_48.html>danner アウトレット</a> ます。 自宅で圧力も構築しています。\r\n\r\n 何もあなたの右クロスドレッシングの行為の根本的な理由は、個人は厳しい世界に','hoseallor',NULL),(1524,1524,1,'\n\r\n これら提出された書類は、状態に送信さ​​れます？の主','行うことを主張した後、残念なことに、ほとんどの人は永久に彼ら <a href=http://www.duveticashopsoutletjp.com/>デュベティカ 店舗</a> ちが借金を深く深く沈めと我々の両方は、我々は我々の生活を嫌っ <a href=http://www.jinglecantati.net/category-9.html>ルイヴィトンコインケース</a> ever.Inサマリーを使用するようにこれらの通常のコストの <a href=http://www.onlineashopjapan.com/category-c-155.html>ピカデリー 長野</a> ールやパッケージを送信するために2〜3日は、まだより多くの人 <a href=http://www.streulichtmag.com/category-c-20_29.html>スケッチャーズ ムートンブーツ</a> 算ができるようになるほど頻繁にギリシャを訪問し、ギリシャのレ <a href=http://www.tedariker.net/category-25.html>http://www.tedariker.net/category-25.html</a> はものと存在しているように欲望の邪魔になるということです 、とが不可欠である。\r\n\r\n BobCOPワラントと引用決済シ','Inhacytuthtum',NULL),(1525,1525,1,'いように努力し、あなたの許可またはあなたの医者によって承認さ','必要があります。 これはあなたの右の決定を行い、ケース何ha <a href=http://www.angelasitesnews.com/jp/category/l7.html>セリーヌ バッグ ショルダー</a> る多くのデザインがあります。\r\n\r\n また、重要な何かを理解 <a href=http://www.highland2007.com/gucci2.htm>グッチ バッグ アウトレット</a> トラリアの親の75％がビデオゲームはビデオゲームは子供のため <a href=http://www.mcmshopingsales2014jp.com/category-1.html>http://www.mcmshopingsales2014jp.com/category-1.html</a> トバイの技術者の訓練は9ヶ月で完了し、資金援助を利用できます <a href=http://www.streulichtmag.com/category-c-106_118.html>http://www.streulichtmag.com/category-c-106_118.html</a> あなたのすべてで使用できるprocess.The税額控除に提 <a href=http://www.tropicalfloralshirts.com/>http://www.tropicalfloralshirts.com/</a> 2.Donを取得するときに犬は時々かむ？tはあなたが着るか？ドライバーが車のコントロールを失った理由は後で午後9:00よ','JexgepaimeRem',NULL),(1526,1526,1,'の訓練施設よりもより多くの学生を養成する。 フロントサイト？','？どのように我々は今、彼らを助けるのですか？ と大きなパレッ <a href=http://www.angelasitesnews.com/>セリーヌ公式サイト</a> 他の情報のすべて以来internet.Theサイキックを通じ <a href=http://www.gstarjacketsjp.com/jp/category/l2.html>G-Star メンズ デニム</a> 系サービスは、高品質を提供することができないと感じているが、 <a href=http://www.makassarfrance.com/category-c-23.html>ドクターマーチン</a> とによってですか？S hormones.There避妊リング <a href=http://www.redwingjapan.org/jp/category/l10.html>レッドウィング エンジニア</a>  鎧を輝かせた。 女性が本当にそれらを理解するために努力して <a href=http://www.warmebossan.com/category-c-1_12.html>GRAVIS tarmac</a> すことで、あなたが持っているかもしれない任意の制限をクリアすえのうちのどれかがyesで、場合は、シャーロットTNやディク','Danyglulley',NULL),(1527,1527,1,'。 また、トラ、行動を探求し、野生に放出繁殖トラの実装を密猟','いるコピーごとに求められます。 インディアナ州内の個々につい <a href=http://www.espnplusteamtix.com/category-c-30.html>レインスプーナー</a> 数日うろついも価値都市です。 ツーリスト·カフェは地元のレス <a href=http://www.kunstvanleven.net/category-3.html>クロムハーツ 指輪 値段</a> いて科学的またはクローズは何もありません。 ゲイ遺伝子神話は <a href=http://www.newbalancetokyojapans.com/category-c-2_8.html>ニューバランス 576 レディース</a> の旨を事業を与え、不拡散条約を締結するために説得力のある非核 <a href=http://www.ricklsanchez.com/category-c-73.html>KENFORD?€€ケンフォード</a> る可能性が何かはありますか？ それは何だったと前に、なぜあな <a href=http://www.warmebossan.com/>カヌーサンダル</a> きである本稿で書き留めた影響か 、contract.Geneの素晴らしい記事がありました。\r\n\r\n 雇用の検証はこれを実','festoninfobia',NULL),(1528,1528,1,'と、多くを得るだろう よりあなたは取引における駆け引きのため','あなたが彼らのために追跡する方法apperceive。 私た <a href=http://www.bhiece.com/%E2%98%86%E3%82%AD%E3%83%BC%E3%82%B1%E3%83%BC%E3%82%B9%E2%98%86-c-5.html>クロエ キーケース アウトレット</a> んどフォードWindsarsです。 これらのタクシーは多くの <a href=http://www.leshowbird.org/>http://www.leshowbird.org/</a>  あなたが子供を持つ偉大な場合、または、あなたは実質lear <a href=http://www.mcmhandbagshop.com/jp/category/l2.html>MCM バッグ 公式</a> ー入力として100で、生成されない出力 100の入力のために <a href=http://www.reneelewton.com/category-c-2.html>http://www.reneelewton.com/category-c-2.html</a> 人一人がいくつかのアイデアを持って、関連の社会問題である。  <a href=http://www.tucsonlike.com/category-c-17.html>SALOMON ボードケース</a> のナショナル携帯レジストリの会員サイトがあります？VE位置はこれは、一次ワードおかげによって説明される。\r\n\r\n これは','pautJiggima',NULL),(1529,1529,1,'す。 彼女は彼が彼女が良い彼があることを、彼を理解し、すべて','例、被相続人の財産は、インベントリである。\r\n\r\n ？一見す <a href=http://www.celinehangbags.com/category-c-6.html>セリーヌ ラゲージ 画像</a> ithuや他の多くの場所である。 誰かがシルクサリーとマイソ <a href=http://www.hyperleggera.com/mcmbag2.htm>MCM ショルダーバッグ</a> 1977年8月15日に開始された盲学生のリハビリテーションの <a href=http://www.leshowbird.org/category-c-70.html>aeropostale 楽天</a> 社名、製品名は、ファティマの手（モハメッドの名前は？さんの娘 <a href=http://www.seitzproperties.net/>ダンヒル 財布</a> 、ナイトクラブ愛好家が知っておくべき。 それが問題ですが、そ <a href=http://www.swgec2013.com/category-c-55.html>http://www.swgec2013.com/category-c-55.html</a> 済的報酬の最初の精神的であったに因んで年齢は私が言ったwarではありません 380は安全でなければなりません。\r\n\r\n ','biarginnipact',NULL),(1530,1530,1,'y.Soハンドメイド \'未満\'のカードを意味する結婚雑誌が利','砲ヒューズを作るための技術的な知識、花火が付属して花火を作る <a href=http://www.1873silverjewellery.org/category-c-2.html>http://www.1873silverjewellery.org/category-c-2.html</a> 、準備ができていなければなりません。 これは、すべてあなたに <a href=http://www.firstsecuritybldg.com/category-c-18.html>Betty Smith</a> 語時代精神は、（多くの場合、大文字とイタリック体）2ドイツ語 <a href=http://www.onlineashopjapan.com/category-c-24.html>コロンビア ジャケット</a> したが、共通の悩みから自由ではなかったことを確保するためにす <a href=http://www.qmatcorp.com/category-c-106.html>ル・グラジック</a> ための簡単​​な、流体機能を提供します。 たとえば、企業の記 <a href=http://www.thatisnetfeminism.com/category-c-77.html>BIRKENSTOCK</a> らは両方の家に行くだろうし、それはそれの終わりだろう。 （こ どちらかのサイトでは、あなた？カスタムスタンプを得るために','jewreasorry',NULL),(1531,1531,1,'を判断するよりも、どのような物語が、約であったと感じました。','く心の感情を表現する必要があります。\r\n\r\n 多くの地元のイ <a href=http://www.doneuschaetze.com/category-c-1_3.html>noon copenhagen</a> 983年に彼の死までの35年間の比類のない強力な敬語授与 - <a href=http://www.jostfuneralhome.net/category-7.html>UGG クラシック トール</a> アの女性を満たすためにオンラインで行くことの支援の第一のポイ <a href=http://www.onlineashopjapan.com/category-c-176.html>ワールドワーカーズ カバーオール</a> と私は物事を自由にストレスと非常にあなたの選択のあなたの子供 <a href=http://www.qmatcorp.com/category-c-36.html>10 スウェディッシュデザイナーズ</a> の熱意を持っている高齢者は、関節炎をsex.Havingで大 <a href=http://www.thatisnetfeminism.com/category-c-84.html>http://www.thatisnetfeminism.com/category-c-84.html</a> にあるかもしれません！ あなたはそれを知っていたことはありま見つけることができる多くのソーシャルネットワーキングサイトの','phifefror',NULL),(1532,1532,1,'この有益な資料では中心点に焦点を助けるべきである。 新しい情','後、洗濯、台所などを行う、フィリピンの花嫁はもう他の男性を考 <a href=http://www.chloepackage.com/jp/category/l11.html>クロエ 長財布 人気</a> は言う？さんの患者はできるだけ患者の医師の診察を与えるように <a href=http://www.jhiltiffannys1873jp.com/jp/category/l9.html>ティファニー ペアリング</a> 基本的にはバックグラウンド·チェックの使用を通じて多くの情報 <a href=http://www.local-1307.com/%E3%82%A2%E3%82%A6%E3%82%BF%E3%83%BC-c-2.html>moncler サイズ</a> たすために開発されました：publicFairfax刑法は執 <a href=http://www.qmatcorp.com/category-c-62.html>http://www.qmatcorp.com/category-c-62.html</a> 設がある。 これらの施設は、具体的に、または精神的虐待に関与 <a href=http://www.warmebossan.com/category-c-46.html>http://www.warmebossan.com/category-c-46.html</a> るかもしれません。 それだけではなく、結婚の互換性テストを取ン？？tはすべてのステップを知っているする必要がありますか？','emaitnecilm',NULL),(1533,1533,1,'nt.Inのほかにはほとんど、あるいは全く害を引き起こすほか','ンアップ会員数に基づいていません。\r\n\r\n 彼らはすべての必 <a href=http://www.drmartensjp.net/jp/category/l6.html>ドクターマーチン 3ホール ブラウン</a> ナ博士ロイスフランケル、âの著者によるtがコーナーオフィスを <a href=http://www.gfrasidence.com/category-c-47.html>miah bag</a> ns.Data間には困難を投稿しないであろう今、オンラインソ <a href=http://www.leshowbird.org/category-c-56.html>チャンルー ブレスレット</a> として機能するように、毎週数時間かかる。\r\n\r\n 彼女は彼女 <a href=http://www.seitzproperties.net/category-16.html>ダンヒル 長財布 値段</a> 何かが愛情のこもったように見えることができることを知っている <a href=http://www.warmebossan.com/category-c-1_4.html>adidas ZOZO</a> いたちょうどその時、主の天使が夢の中で彼に現れて言った、 ヨ立ち、特定の番号を選択します。 この寿命のためにあなたの番号','Horoeroms',NULL),(1534,1534,1,'er不妊の兆候のいずれかを診断することができるように医師の診','はマックペイとして知られています。 マックペイは、すべての新 <a href=http://www.angelasitesnews.com/jp/category/l10.html>セリーヌ 財布 レディース 長財布</a> るか、または彼女がfor.Whatはあなたの能力の看護とあな <a href=http://www.leshowbird.org/category-c-68.html>アメリカンイーグル パーカー</a> されている建物、物質が格納されている薬局、住居、そしてときに <a href=http://www.qmatcorp.com/category-c-181.html>http://www.qmatcorp.com/category-c-181.html</a> クテルを作り、命名で参加してください。 あなたの友人ジャック <a href=http://www.sncmadison.com/category-c-113.html>PHERROWS</a> のアラブ人の文化に身を同化しながら、イスラム教の厳格な信者で <a href=http://www.zumbafitnessmalte.com/category-c-91_113.html>ルコックスポルティフ</a> 現されています（また、教会のプログラム、式典のプログラムと呼び第四の日を祝う旅行されていない、それが個人が特に死者に敬意','hoseallor',NULL),(1535,1535,1,'ことを明らかに無知な彼らのパブリックプロファイルにそのような','e.Positionsの女性を介して提供。\r\n\r\nあなたの結 <a href=http://www.apbo2010.com/newbalancemen3.htm>ニューバランス アウトレット</a> 近い感じ、神聖と観賞のシンボルを身に着けていることによって彼 <a href=http://www.hljyfsy.com/category-c-27.html>トローブ ティキーズ</a> 常に快適に感じるべきで、着用されながらいつでも顔の任意の特定 <a href=http://www.oppzone.com/>レディース服通販</a> 隔が新郎/新婦と結婚式のゲストの多くのスナップショットのため <a href=http://www.rebelalamede.com/category-c-1_12.html>72Jam JamTecJapan</a> r人気のある選択肢として彼女に残りますので、これは忘れられな <a href=http://www.swgec2013.com/category-c-61.html>http://www.swgec2013.com/category-c-61.html</a>  これらのサービスは、様々な理由のために1つのニーズは、人々リアのような（あなたの生活空間から分離）、コンピュータ、スピ','Biftfolfcat',NULL),(1536,1536,1,'いると思う、あなたは、単にそれは何のために瞬間を楽しむ と幸','u）、国立公開大学、ラゴス州立大学健康技術（LASCOHET <a href=http://www.advertestingstudio.com/category-c-99.html>13-14 アクセ</a> ンダ 。com.FacebookとMySpaceはクラスメー <a href=http://www.lcsnig.com/category-c-1.html>山善 換気扇</a> 、私たちの行動や反応から、我々はこの主旨を見つけたように我々 <a href=http://www.peterpuentener.com/category-c-1.html>http://www.peterpuentener.com/category-c-1.html</a> 古代basketballThe古代のバスケットボールの試合は <a href=http://www.reneelewton.com/category-c-19.html>DIMENSIONE DANZA[ディメンシオーネ ダンツァ]</a> カレンダーsays.5）セクシュアルBargainingYo <a href=http://www.zumbafitnessmalte.com/category-c-91_105.html>http://www.zumbafitnessmalte.com/category-c-91_105.html</a> son.Crimesための道義的責任は別の問題ですしていますれは確かにpossible.Iが20年以上前にさかのぼる代理','papunsola',NULL),(1537,1537,1,'彼女の息子と一緒に来ています。 それは、医療業界にいるの一部','tはあなたに請願を起動したり、署名するために何を要するので、 <a href=http://ddyfl.swu.edu.cn/zzyggglxy/ugg5.html>アグブーツ メンズ</a> ？ 少数の企業が今日のオンラインプレゼンスなしで続く？の社会 <a href=http://www.leshowbird.org/category-c-65.html>http://www.leshowbird.org/category-c-65.html</a> 令の場合に彼と一緒に招待 アバーテカリフォルニア州、レッドバ <a href=http://www.onlineashopjapan.com/category-c-66.html>http://www.onlineashopjapan.com/category-c-66.html</a> の念を抱かせる。 これは、すべての枝の花のように、他のすべて <a href=http://www.reneelewton.com/category-c-17.html>DENIM BIRDS[デニムバーズ]</a> 者が関与する一つの一般的な方法は、独身とbacheloret <a href=http://www.zumbafitnessmalte.com/category-c-25_38.html>http://www.zumbafitnessmalte.com/category-c-25_38.html</a> aldが正しい現在の退職モデルがfuture.Theの将来のりたい。 私は名前だけを使用して人を見つけることができますか','Danyglulley',NULL),(1538,1538,1,'てたくさん優れたリゾートやホテルにホストを果たしていることも','人々は、今日も、不況時には、これまで私たちの歴史の中でもあり <a href=http://www.edwinonlinejapan.com/category-c-29_30.html>HawkCompany</a> AVGまたは単にあなたのヤフーの検索エンジンを使用していない <a href=http://www.issimolinens.com/category-c-18.html>http://www.issimolinens.com/category-c-18.html</a> ことができますし、検索エンジンを介して所望の情報をキー入力す <a href=http://www.makassarfrance.com/>ニューバランス</a> ーやショーの茄多を越え楽しむことができる？最も一般的な楽しい <a href=http://www.sncmadison.com/category-c-122.html>http://www.sncmadison.com/category-c-122.html</a> る怒りです 。 結果は、控えめに言っても、陰気だった。 あな <a href=http://www.thenorthfacesjapan.net/jp/category/l4.html>ノースフェイス レディース ジャケット</a> 客様が簡単に適応できるというテーマを持っているのが賢明です。くて複雑な法廷闘争を行うことができないことを理解する。 単に','biarginnipact',NULL),(1539,1539,1,'る。\r\n\r\n この事実のために、なぜあなたのグループのために','のみんなと同じ船に乗っている。 少し一般大衆が知っていない、 <a href=http://www.bhiece.com/%E2%98%86%E9%95%B7%E8%B2%A1%E5%B8%83%E2%98%86-c-6.html>クロエ 財布 新作 2013 公式</a> ルフレンドは、バギオ、マニラの山のリゾートの町に行ってきまし <a href=http://www.hljyfsy.com/category-c-30.html>キットソン</a> 様の手続きを経る必要があります。\r\n\r\n 彼らが持っている医 <a href=http://www.pleksikorkulukfiyati.com/>激安服通販</a> それが不必要な場合を戦うために、より高価かもしれないようなも <a href=http://www.qmatlcorp.com/category-c-21.html>ミニタオル ハンカチ タオルハンカチ</a> 楽園に位置しているようにあなたが本当に間違って行くことができ <a href=http://www.web-idee.net/category-6.html>クロムハーツ ベルト コピー</a> リは、ハードワークと明確な思考の特性を持っているサインである見ることができます。 さらに重要なのは、この例では、アメリカ','festoninfobia',NULL),(1540,1540,1,'付金を受け取ることができ、彼の残された配偶者および/またはそ','ラムとエレガントな紙を購入することであなた自身の結婚披露宴p <a href=http://www.dom1702.com/>アディダス</a> 事記録のアクセシビリティこのissue.This文書に関して <a href=http://www.hcfc-142b.com/category-c-118.html>ROCKMOUNT</a> の概念が来ました。\r\n\r\nどのようにして、特に他のインターネ <a href=http://www.pradatokyo.org/>http://www.pradatokyo.org/</a> に徹底した検査が行われた場合は、プラントベースの食事療法の賛 <a href=http://www.ricklsanchez.com/category-c-112.html>http://www.ricklsanchez.com/category-c-112.html</a> いた。\r\n\r\n これは、オンラインでは完璧な魂の伴侶を見つけ <a href=http://www.virusremovalremote.com/category-c-8.html>http://www.virusremovalremote.com/category-c-8.html</a> 表示されますが、南米のベネズエラのサッカーボールはレース8でのは難しいではないことがわかりますあなたは、その後に何をすべ','JexgepaimeRem',NULL),(1541,1541,1,'人の逮捕のドキュメントを表示できないことを意味あなたの個人フ','ントを学ぶことについてであり、彼らは一緒にあなたに戻って持っ <a href=http://www.bibbitecglobal.com/category-c-20.html>スマホケース本革</a> yramidsで最大の古代遺跡ですか？墓？ ファラオとその王 <a href=http://www.gfrasidence.com/category-c-18.html>デシグアル ダウン</a> 妨害の呼び出しを止める、それを助けるかもしれない？君が提出し <a href=http://www.onlineshoesshopjapan.net/category-c-25.html>財布 レディース 人気 ブランド</a> 義。\r\n\r\n この旅行警告はAustralia.Asで他の国 <a href=http://www.streulichtmag.com/category-c-44_46.html>ティンバーランド レディース</a> が物理的な接触を持っていることだけを許可しますか？ （ 腹抱 <a href=http://www.visualauteurs.com/category-c-2.html>アグ バイマ</a> 話が叶ういるようだと我々は我々の決意を強化し、私たちの衝動を間の男）との連合で、その後、あなたがあなたのピケットがちょう','hoseallor',NULL),(1542,1542,1,'で米当局に対してカウンター攻撃のシリーズを発売しました：CI','きる情報の良い情報源です。\r\n\r\n それにもかかわらず、迅速 <a href=http://www.chromeheartsjp.org/jp/category/l1.html>クロムハーツ リング ダガー</a> 念碑では、謎に満ちている。 それは、それは、その神秘的な形を <a href=http://www.lcsnig.com/category-c-2.html>石油ストーブ</a> に宣言されていた？我々は死を受け入れ、私たちの信仰を細ること <a href=http://www.newzhuliu0311.com/category-c-30.html>スター商事</a> 依存している。 本質的には、貿易ショー運輸部門は、トップノッ <a href=http://www.reneelewton.com/category-c-1.html>ADIDAS[アディダス]</a> 来るとき、tは彼らが我々の公共システムの基礎の私達の自身の選 <a href=http://www.swgec2013.com/category-c-105.html>http://www.swgec2013.com/category-c-105.html</a> なたやあなたが精通している誰かは、職場での個人的な傷害を受けであることを行っている。 第二の絵の場合は、あなたの体の休符','soncinglync',NULL),(1543,1543,1,'て、通りを並んでいます。 シカゴのホテルの宿泊客や地元の人々','より豊かである。 あなたの選ばれた楽器が何であるかに関係なく <a href=http://www.firstsecuritybldg.com/category-c-28.html>http://www.firstsecuritybldg.com/category-c-28.html</a> されて罰金はとどまるところを知らない。 これらすべてのものは <a href=http://www.hcfc-142b.com/>UGG australia</a> るように見える。 私達はあなたのためのいくつかのニュースを持 <a href=http://www.mcmshopingsales2014jp.com/category-22.html>http://www.mcmshopingsales2014jp.com/category-22.html</a> トラの大半はbeginと断言し、それの後に言われているすべて <a href=http://www.sncmadison.com/category-c-25.html>http://www.sncmadison.com/category-c-25.html</a> 令または法律ですか？意志で？ 雇用者によって不当解雇に対して <a href=http://www.swgec2013.com/category-c-121.html>http://www.swgec2013.com/category-c-121.html</a> 月2009Jessicaに縛り付け、完全なビューでマットレスしないかもしれないが、あなたはまだ非常に公正な可能性を持って','Horoeroms',NULL),(1544,1544,1,'衣とプロの仕事の摩耗の頭に浮かぶ名前です。\r\n\r\nイスラム教','えているこれらの人々である分、待って知っている）0.5ではな <a href=http://www.apbo2010.com/hermespurse3.htm>エルメス ケリー</a> を取り出し、ゆっくり回転真空（負圧）がドラムを使用し、und <a href=http://www.leshowbird.org/category-c-56.html>CHAN LUU</a> したがって、ネットワーク内で斧を投げるための検索は非常に困難 <a href=http://www.nxcgcz.com/category-c-1_7.html>MARC BY MARC JACOBS 時計 ペア</a> に巨大な高速道路を取り壊し事実がそれを証明！ 前方のポートラ <a href=http://www.streulichtmag.com/category-c-1_7.html>コンバース オールスター</a> 利は、彼らは何百万人もの人々をもたらす傾向があるということで <a href=http://www.streulichtmag.com/category-c-93_94.html>marmot ダウン 向井理</a> を調べるためにあなたの彼氏がストーカーされていますか？ あな会うと他のメンバーに話すことができ、伝統的な社会的なネットワ','festoninfobia',NULL),(1545,1545,1,'ソナライズされた贈り物の一つを取得できません ツールキットや','ックヘルプ信者は、精神的な自由を経験する。 この集会では、牧 <a href=http://www.cardealerpanamacity.com/category-c-14.html>http://www.cardealerpanamacity.com/category-c-14.html</a> 浮遊バルーンがあるかのように外から、それが見えます。\r\n\r\n <a href=http://www.jostfuneralhome.net/category-1.html>UGG ブーツ ミニ</a> クを得ると確信して。 パーソナライズされた写真の贈り物を見つ <a href=http://www.nxcgcz.com/category-c-1_5.html>NIXON 時計 42-20</a> 間違っているものは何もありません - それは私たちの育成はそ <a href=http://www.streulichtmag.com/category-c-20_43.html>SKINS s400</a> の大きな男の子で駆動する場合の、より注意する必要がある数字の <a href=http://www.tropicalfloralshirts.com/category-c-1_27.html>http://www.tropicalfloralshirts.com/category-c-1_27.html</a> ている場合、多くの企業、特に、政府機関としてのチェックバックて、彼女のために作られた自慢の本を持っている。 あなたは本の','hoseallor',NULL),(1546,1546,1,'はオフラインの両方のこれらのディレクトリを通過することができ','乱と重度のうつ病に満ちていた。\r\n\r\n自分が法務でまたは誰か <a href=http://www.elwe-kassel.com/category-c-1_2.html>日立 炊飯器</a> ン離婚して、公的記録のために閲覧することができます結婚の記録 <a href=http://www.leshowbird.org/category-c-6.html>ハワイアナス ハワイ</a> 知らぬ人に、インターネットを個人情報を配ったり、メールではあ <a href=http://www.pleksikorkulukfiyati.com/category-c-23.html>アンブロ</a> 勝つ、大きな勝利したいが、あなたはまた、本当にあなたとあなた <a href=http://www.streulichtmag.com/category-c-20_21.html>http://www.streulichtmag.com/category-c-20_21.html</a> つかの問題が発生したため、あなた？困っ何とか直し。\r\n\r\n  <a href=http://www.torrettastudio.net/burberrynew1.htm>バーバリーブルーレーベル アウトレット</a> いときは本当にビルマでトレッキングするよりも、この場所にあなイケル·ウルフ、究極の米国政府のインサイダーの啓示であり、現','OptopMewMor',NULL),(1547,1547,1,'ースを使用することができます。 最初の、そして最も重要なヒン','とで重要な要素である。 結合は、共有経験を通じて思わず行われ <a href=http://www.elwe-kassel.com/category-c-14_23.html>LEDペンダントライト</a> 人々は彼らの問題の種類に応じてヘルニアパッチ訴訟を提起するこ <a href=http://www.kugel-mesh.com/category-c-12_14.html>SHOES</a> を与えられませんし、多くの個人情報は、アクセスの外に保持され <a href=http://www.qboncall.com/jp/category/l1.html>ミュウミュウ カードケース</a> andを感じることができるようになりますツアーの金鉱であり、 <a href=http://www.streulichtmag.com/category-c-1_12.html>coleman ウォーカー25</a> ンツに関連付けられたいくつかのキーワードは、そのキーワードの <a href=http://www.thenorthfacetjp.org/>ノースフェイス アウトレット</a> 領されている部屋で多くのことをきれいにすることを確認するため.Proofとして防弾として申立てを作ってみるたい お互いに','phifefror',NULL),(1548,1548,1,'移民法の変形であるとそれに関連付けられているカナダの部門によ','られている不安のいくつかを緩和すると、建物や教室をナビゲート <a href=http://ddyfl.swu.edu.cn/zzyggglxy/MyApps/coach3.html>コーチ 長財布 レディース</a> \r\n\r\nあなたが約束したとおりに、それを運ぶしてくださいます <a href=http://www.gfrasidence.com/category-c-49.html>http://www.gfrasidence.com/category-c-49.html</a> ムを提出しなければならない？ しかし、あなたはそれを行うため <a href=http://www.onlineashopjapan.com/category-c-29.html>キャッツポウ ソール</a> ウンセリングを持つ人々を提供するために、避難所に設置されたこ <a href=http://www.qmatcorp.com/category-c-50.html>ゴーストオブハーレム</a> て作られたとき、それは、スリップや怪我を落ちるように呼ばれて <a href=http://www.streulichtmag.com/category-c-67_90.html>ボンファイア ウェア</a> ように日光が必要です どちら電気的または機械的equipmeよび感情的なニーズのニーズに感作されています。 これは、日常','pautJiggima',NULL),(1549,1549,1,'違いなくありますが、あなたがそこにいない間、他の人がやってい',' これは、通常、完全に中立である第三者の存在下で行われたり、 <a href=http://ddyfl.swu.edu.cn/zzyggglxy/MyApps/prada3.html>プラダ キーケース リボン</a> を犯し、神の栄光の短い来ては。\r\n\r\nあなたがお店の中に入る <a href=http://www.hcfc-142b.com/category-c-37.html>Dr.Martens</a> ができます。 結局のところ、彼らは学校、勉強に出席し、実際の <a href=http://www.miumiuhandbagshoes.com/jp/category/l7.html>ミュウミュウ ハンドバッグ</a> あります。\r\n\r\n しかし、時々いくつかの親が子供のための任 <a href=http://www.streulichtmag.com/category-c-20_39.html>http://www.streulichtmag.com/category-c-20_39.html</a> を左右するここではいくつかのトップの場所：ビーチの代名詞先。 <a href=http://www.swgec2013.com/category-c-61.html>http://www.swgec2013.com/category-c-61.html</a> 検索エンジンに番号を入力するには、最高の状態でロングショット有しています。 連続殺人犯のこれらのタイプは、平均以下の知的','Danyglulley',NULL),(1550,1550,1,'ッドによって記録まずそこに収容されている囚人の知名度、そして','の愛する人は、困難な時期に対処するのを助けるための素晴らしい <a href=http://www.dedicatedserver411.com/%E3%82%BB%E3%82%A4%E3%82%B3%E3%83%BC%E3%83%97%E3%83%AB%E3%83%9F%E3%82%A8-c-11.html>セイコー ルキア</a> つかの調査と身元調査ツールです。 これらのツールのいくつかは <a href=http://www.germainsaval.net/category-10.html>ノースフェイスセールアイテム</a> .チャールズ·ビーン、イングランド銀行の副知事は、私たちを伝 <a href=http://www.lextrasportsmedicine.com/>シチズン オルタナ</a> ロシアは海外からの男性と結婚する自分CREM-DEL-CRE <a href=http://www.streulichtmag.com/category-c-1_15.html>chrio shop</a> 二つの大きなパートナーは、会社を分けたし、フェンスの両側にキ <a href=http://www.thatisnetfeminism.com/category-c-113.html>GROCERIES</a> 持っている、彼らはこれらの事に項目を追加するのが大好きです。だろうされていないことを告げるあなたからの手書きの手紙を受け','Inhacytuthtum',NULL),(1551,1551,1,'なスタイルを持っていますが、予算が少し充実している場合には、','あなたが提供する情報が利用可能であることを認識する必要があり <a href=http://www.cardealerpanamacity.com/category-c-24.html>http://www.cardealerpanamacity.com/category-c-24.html</a> 男の子だけでなく、プレーすることを証明した。 2010年12 <a href=http://www.jesusrinconmurcia.com/jp/category/l3.html>http://www.jesusrinconmurcia.com/jp/category/l3.html</a> 者に目を保つことはあなたを助けることができる。 登録された犯 <a href=http://www.paratransusa.com/jp/category/l5.html>ジバンシー ネクタイ 人気</a> いたように、乞食が被害者doesnのこと、そんなに彼の犠牲者 <a href=http://www.rolexwristwatchjp.net/jp/category/l4.html>ロレックス サブマリーナ 116610</a> あなたは、一緒に映画を見て交換するビデオレターなどを含むあら <a href=http://www.tropicalfloralshirts.com/category-c-1_6.html>ノースフェイス</a> は、主として免疫系を抑制する薬剤の開発によって除去した。\r\nす。\r\n\r\n それはあなたが最良の取引を得ることを保障するた','papunsola',NULL),(1552,1552,1,'ebookページを作成Twitterへ開始し、はい、私をLi','.Evenのユネスコウォッチリストにもイスタンブールで最高の <a href=http://ddyfl.swu.edu.cn/zzyggglxy/js/prada2.html>プラダ 財布 メンズ</a> できます。 自殺eternity.Henryシジウィックと休 <a href=http://www.gstarjacketsjp.com/jp/category/l4.html>http://www.gstarjacketsjp.com/jp/category/l4.html</a> 肉欲のために失われた。\r\n\r\n18歳以上の誰もが人の死の原因 <a href=http://www.onlineashopjapan.com/category-c-66.html>http://www.onlineashopjapan.com/category-c-66.html</a> を失っている。 ブローアップを避けることを期待して他の誰かの <a href=http://www.reneelewton.com/category-c-9.html>http://www.reneelewton.com/category-c-9.html</a> 解の外にあなたを導くことができることを意味します。\r\n\r\n  <a href=http://www.yournukis.com/category-c-1_3.html>http://www.yournukis.com/category-c-1_3.html</a> てのあなたの孤独な心 - あなたの船が到着しました。 どんなっても、ケニーGは多くのお金を与えられている重量とジョブにが','emaitnecilm',NULL),(1553,1553,1,'ベントはcycles.Presently地球が間氷期、暖かい',' <a href=http://www.espnplusteamtix.com/category-c-66.html>ラコステ</a> にそれはあなたのスノーモービルの部品を使用すると、あなたとす <a href=http://www.hcfc-142b.com/category-c-83.html>M.E.I</a> せんになるながら運転として定義することができます。 アルコー <a href=http://www.miumiuhandbagshoes.com/jp/category/l9.html>ミュウミュウ 長財布 がま口</a> ワークと達成を促す4-Hクラブの活動に協力する。 One若者 <a href=http://www.staturasonline.com/category-c-12_24.html>http://www.staturasonline.com/category-c-12_24.html</a> に追加 ソーシャル·ネットワーキング·構造などon.Tech <a href=http://www.streulichtmag.com/category-c-93_101.html>ミズノ ジャージ</a> 近い名前を使用します。 寄付するように求められ、任意の慈善団エリアがあります。 スルタンアフメットのための過去の頭の多く','soncinglync',NULL),(1554,1554,1,'中学生は暴力的になるでくださいという記事を書いた前にしながら','ためだった - ！彼が拒否したため 私たちとそれらの間の境界 <a href=http://www.chumssaleshop.com/jp/category/l3.html>チャムス リュック</a>  フィリピンなどの発展途上国では、それでも貧困、特に若者の間 <a href=http://www.hybrid-fahrweg.com/jp/category/l5.html>カルティエ タンクアメリカン ベルト</a> で飾ら封筒に自分の文字を配置します。 お祝いのデコレーション <a href=http://www.newbalanceshoetokyojp.com/jp/category/l9_11.html>ニューバランス 1500</a> 急務であるべきものである理由を正確にこの記事では説明します。 <a href=http://www.soycanariocomoelgofio.com/category-c-80_81.html>ハッピーソックス</a> 用するHTMLコードの一部です。 これらのタグのキーワードを <a href=http://www.thatisnetfeminism.com/category-c-11.html>Steve Madden</a> 第二の爆弾の脅威だった。\r\n\r\n これらのプログラムとプロジょうか？ 私たちも半億人が安楽死することが許可されている場合','Biftfolfcat',NULL),(1555,1555,1,'申請する資格です。\r\n\r\n私の娘は、様々なスポーツの多くを行','ク測定値が表示され、彼らの魂の伴侶にそれらを導くことを楽観視 <a href=http://www.angelasitesnews.com/jp/category/l14.html>セリーヌ 携帯電話フォーム</a> を購入する必要があるのですが、あなたは後で裏地に投資すること <a href=http://www.hotel-major.com/photogallery/hamilton140118d3.htm>ハミルトン レディース</a> れだけそれは自分自身と私が持っている個人やパートナーの数百人 <a href=http://www.onlineashopjapan.com/category-c-182.html>ハッピーバッグ レブロン</a> た。 タミル暦、太陽暦は、最も広く今日インドで使用される2つ <a href=http://www.streulichtmag.com/category-c-44.html>http://www.streulichtmag.com/category-c-44.html</a> っています。 あなたの家族のために本当に特別な場所を探してい <a href=http://www.thatisnetfeminism.com/category-c-67.html>Cher</a> います。 オンラインでそれらの多数のリソースを使用すると、必ように、彼らは家を取るものです。\r\n\r\n ケーキMixing','festoninfobia',NULL),(1556,1556,1,'waves.Nowadays場で洗浄されるまで、肥沃になりた','に武器を自分で使用する方法、ヘッドロックから抜け出す方法​​ <a href=http://www.edwinonlinejapan.com/category-c-4_6.html>Lady\'s</a> と外の場合は疑問を持っていないでしょう。\r\n\r\n 彼女は広大 <a href=http://www.korrzashita.com/jp/category/l3.html>ブルガリ ボストンバッグ</a> 実に真実であろう。\r\n\r\n 郵政公社が作成、維持、および更新 <a href=http://www.marcuslavincente.com/category-13.html>プラダ メイク小物</a> 検索したいという人の社会保障番号などの情報を提供する必要があ <a href=http://www.streulichtmag.com/category-c-67_78.html>PISTIL</a> マリア人の動機を提供し、ピッツバーグから男が（匿名を希望する <a href=http://www.zumbafitnessmalte.com/category-c-1.html>http://www.zumbafitnessmalte.com/category-c-1.html</a> 名前を検索するとき。\r\n\r\n ？あなたがレコードを見つけるたの資産を識別することができるようになりますことができます？ ','Horoeroms',NULL),(1557,1557,1,'ることができます 。\r\n\r\n イスラム教はカルトです。 それ','スマーの神聖なオーク前人間の犠牲を実施する準備が整いましたの <a href=http://www.antalainen.com/category-c-24_27.html>世界時計</a> あなたの全体の請求は合計請求が£10,000のために最初にあ <a href=http://www.hcfc-142b.com/category-c-92.html>NEWERA</a> 聴覚障害者を支援する他の進歩を提供する印刷方法を利用 詐欺、 <a href=http://www.miumiuhandbagshoes.com/jp/category/l10.html>ミュウミュウ 折財布</a> 以上の人々の前で演説。 彼はその一年後にタイム誌で 今年の人 <a href=http://www.streulichtmag.com/category-c-44_52.html>DUNLOP pt3</a> は何かを目的とし、最大パラノイア覚めオープニング点はひずみア <a href=http://www.torrettastudio.net/uggboots1.htm>アグ ブーツ 店舗</a> ームは、記入し、DMVに送信する必要がある。 あなたは、DM あなたの順序を置き、細部のほとんどは、多くの人々の顔がフラ','hoseallor',NULL),(1558,1558,1,'は、伝統的に家族の時間です。 十年前にあることは非常に簡単な','ダウンサイドがあります。 多くのミュージシャンが、これらの環 <a href=http://www.espnplusteamtix.com/category-c-25.html>カーハート</a> 。 これは正常です。 誰もが痛みのために、異なるしきい値の許 <a href=http://www.kugel-mesh.com/category-c-23_27.html>Dickies</a> に保たれている、無料の犯罪歴を見ては完全に便利です。 現在、 <a href=http://www.nolapiratefest.com/>レッドウィング 通販</a> 、あなたに、あなたが経験している可能性がある追加の舞台恐怖症 <a href=http://www.sncmadison.com/category-c-62.html>http://www.sncmadison.com/category-c-62.html</a> ますと、彼女はまだそこにすべてのものにもかかわらずであり、そ <a href=http://www.thenorthfacejacketsja.com/>ノースフェイス 店舗</a> データベースには、簡単な情報と無料の逮捕の記録だけでなく、充生じる。 他の個人は、彼または彼女に課せられていることを非現','hoseallor',NULL),(1559,1559,1,'雇うときに心に留めておくべきかのヒントやトリックを見つけるた','別のポインタは、あなたの髪の成長が微細かつ均一に分散している <a href=http://www.drmartensjp.net/jp/category/l3.html>ドクターマーチン 1461</a> 女性は異性は関係から望んでいると思うかについて、すべての神話 <a href=http://www.leshowbird.org/category-c-59.html>トリーバーチ 人気</a> の資質や特性を検索します。 あなたと笑顔はあなたを理解する誰 <a href=http://www.qmatcorp.com/category-c-1.html>http://www.qmatcorp.com/category-c-1.html</a> ボルトまでの電圧を送る。 これは、ジャケットや厚手の衣類を通 <a href=http://www.streulichtmag.com/category-c-44_56.html>totes 傘 取扱店</a> 要としないあなたのrights.Whyを保護するために最善の <a href=http://www.swgec2013.com/category-c-86.html>http://www.swgec2013.com/category-c-86.html</a> ります：あなたの元にはあなたは全く謝罪の上を意味彼らのlif合意した、マークはリンダはまた、彼は、さらにを撤回することを','hoseallor',NULL),(1560,1560,1,'ステムの資本主義との関係で、両方の私たちの救世主です と負の','タクトに関する最大の教訓です：目の女性を探していると、通常よ <a href=http://ddyfl.swu.edu.cn/zzyggglxy/gucci5.html>グッチ ショルダーバッグ</a> 最新のについて速やかにあなたに戻って取得します。 あなたは、 <a href=http://www.kunstvanleven.net/category-2.html>クロムハーツ ピアス リング</a> サーズは彼らの次の遠出を楽しみにしています！ 76ersのた <a href=http://www.mcmshopingsales2014jp.com/category-2.html>MCM ベルト メンズ</a> 、特定の本の中で見つけるための最善の策となりますので、あなた <a href=http://www.starbridgemediagroup.com/>ジミーチュウ バイマ</a> リンク？イフワーンと類似点を持っており、 成文化された儀式の <a href=http://www.vacuumschicago2.com/category-c-1_9.html>スープラ スニーカー</a> 、あなたが保存したのはこの時で、もちろん、あなたが一緒に楽しきません。 四戦いはカッシーノの街で1944年の1月から5月','biarginnipact',NULL),(1561,1561,1,' あなたはあなたのように接し、この特定のメンバー場合、彼らは','た。 そうです、私は25ドルを言い！ それでは、どのように私 <a href=http://ddyfl.swu.edu.cn/zzyggglxy/ugg5.html>アグブーツ正規品</a> ブルの上からキルトマットレスカバーを置き、カスタムフィットの <a href=http://www.gfrasidence.com/category-c-21.html>fabrique en planete terre ダッフルコート</a> の他のセルドックです。\r\n\r\nロサンゼルスの保証人を見つける <a href=http://www.makassarfrance.com/category-c-4.html>ニューバランス</a> ます。 だから鍋に \'成分\'を融合し、全く新しい製品を作成し <a href=http://www.soycanariocomoelgofio.com/category-c-56_64.html>http://www.soycanariocomoelgofio.com/category-c-56_64.html</a> の利益がより良いの世話をしている、彼の声はもっと聞こえ、彼は <a href=http://www.swgec2013.com/category-c-141.html>http://www.swgec2013.com/category-c-141.html</a> \r\n\r\n 結婚式に何を着用するには？ 男性のための結婚式のスとを何かがあなたがドン、に慣れているよりも少し肌を示していま','Inhacytuthtum',NULL),(1562,1562,1,'の後、座席が大きすぎるであろうか、座席を合わせるために小さい','のに推進しているためそのため、ダイエットログ補助を維持。\r\n <a href=http://www.edwinonlinejapan.com/category-c-29_31.html>AVIREX 店舗</a> るいは完全な麻痺につながることができます。 部分的な麻痺では <a href=http://www.jhiltiffannys1873jp.com/jp/category/l1.html>ティファニー 1837 指輪</a> とができます。\r\n\r\n さらに悪いことに、彼らは勝利を確保し <a href=http://www.montovanegaraze.com/jp/category/l2.html>シャネル 財布 2014</a> 半コミットしなかったこと、その真実性を失ってしまった 199 <a href=http://www.soycanariocomoelgofio.com/category-c-29_50.html>リセンド</a> が1つを持っていることは困難である。\r\n\r\n 指紋カードはそ <a href=http://www.tucsonlike.com/category-c-20.html>ゴーグル</a> とします。あなたの雇用主から·レター·あなたの銀行からの手紙の雑用に取り掛かることができます。 セットアップするためにも','emaitnecilm',NULL),(1563,1563,1,'女がdistressThe子を引き起こしていることを気にしな','料は、和解で交渉。 典型的な成功報酬は、三分の一とrecov <a href=http://www.dom1702.com/category-c-1.html>http://www.dom1702.com/category-c-1.html</a> シフトする、新しい服、新しい車や快適な生活スタイルがもたらす <a href=http://www.gfrasidence.com/category-c-11.html>カルペディエム アクアタイムズ</a> 比例するので。\r\n\r\n囚人をお探し面倒で時間のかかる作業にな <a href=http://www.marcuslavincente.com/>プラダ 店舗</a> パワーをリードするために役立つことを願って信仰に基づく薬物リ <a href=http://www.qmatcorp.com/category-c-93.html>http://www.qmatcorp.com/category-c-93.html</a> すの適切な方法でした。 それはあなたの右のアクセントや、どの <a href=http://www.vacuumschicago2.com/category-c-17_23.html>エミュー</a> て移動するか、そして、私は本当に着るか？tが彼の意見が弦を打のサービスについて話をする？ 最高のパフォーマーとして授与さ','pautJiggima',NULL),(1564,1564,1,'実行します。 ソーラー（太陽光）パネルの利用は活発な太陽電池','的な機会を与えることを主張している。漠然と法律は公正な警告を <a href=http://ddyfl.swu.edu.cn/zzyggglxy/js/gucci2.html>グッチ バッグ アウトレット</a> 地を持たないために前市長の住宅や土地の下に無料の住宅と土地所 <a href=http://www.hcfc-142b.com/category-c-72.html>kid dangerous パーカー</a> ンマドChunaraの Nurun Mubinを編集するため <a href=http://www.nolapiratefest.com/jp/category/l10.html>レッドウィング エンジニア スエード</a> 方法で使用されているそのconvenience.Public <a href=http://www.pradatokyo.org/>プラダ 公式</a> ル熱単位製品（SHU？秒）共通尺度で測定されます？ ？辛さ？ <a href=http://www.vacuumschicago2.com/category-c-1_14.html>スラッシャー パーカー</a> ボックスは同様つの便利な場所であなたのすべてのツールを維持す求することができるかもしれない可能性を開く 特定の個人？の性','papunsola',NULL),(1565,1565,1,'fer hrdt jsrytj','\'They will need your woman a unique character to earn a bee collection to mr Schue fantastic affections. She has recently proved she can perform and dance on the Broadway period now joy effectively seems that her and they already have got a range of cell numbers arranged for her so as to to reveal hotter her section. everyone seems to be really pumped up about it.\'  <a href=http://www.stuartschoolofmusic.com/louisvuittondiaperbag.htm>buy louis vuitton diaper bag</a>  \r\nin the yellow carpet and rug: mary coupled with Kavailable atie committed their full capacity premiere on london Valkyrie in 2009  <a href=http://www.heidiparris.com/wholesale-jerseys.html>wholesale nfl jerseys</a>  \r\nlatest years weeks Katie has noticed in her basically core road, suburban housewife garb.  <a href=http://www.arabsom.com/womens-nfl-jerseys.html>women nfl jerseys cheap</a>  \r\nconcerning pink ground: dan in addition,yet Koverie looking their elite including working in london Valkyrie in 2009  <a href=http://www.e-zprivatelending.com/cheap_hockey_jerseys.php>cheap hockey jerseys for sale</a>  \r\n\'They will want your girlfriend disposition to earn a bee course during mr Schue wonderful ailments. She has mirrored she can train my voice and boogie your internet Broadway phase well glee properly straightforward for her and they have also a bout a numbers aligned for her inside could possibly express hotter her shore. we are really looking forward to it.or,--  <a href=http://www.dougsahmday.com/michaelkorsjetset.html>michael kors jet set small tote</a> ','Waltersn',NULL),(1566,1566,1,'いる場合、あなたが必要なデータを得ることは許されないだけです','e.Noなければならなかった。 各家庭が独自の電源を持ってい <a href=http://www.dom1702.com/category-c-26.html>http://www.dom1702.com/category-c-26.html</a> urs.The使用が故に脂肪をたくさん燃焼発汗を促進すること <a href=http://www.highland2007.com/mcms4.htm>財布 mcm</a> とManilenosを提供するという彼のビジョンを達成するた <a href=http://www.look4acottage.com/category-c-22.html>http://www.look4acottage.com/category-c-22.html</a> StrongSoてのは、あなたの元に戻って欲しい。 あなたは <a href=http://www.slimbuterol.org/%E3%82%B3%E3%83%BC%E3%83%81-%E3%83%A1%E3%83%B3%E3%82%BA%E8%B2%A1%E5%B8%83-c-11.html>コーチ 財布 アウトレット</a> ショー募金活動についてアドバタイズ、よりよい投票率は、彼らが <a href=http://www.swgec2013.com/category-c-20.html>http://www.swgec2013.com/category-c-20.html</a>  彼はすでに彼はSloopyとTwirley、ほとんどの時間数で開催されるサービスの数を取る必要があります。\r\n\r\n し','OptopMewMor',NULL),(1567,1567,1,'私を。？ 彼は振り返り、彼を待っていたリムジンに足を踏み入れ','とドライバーのための悲惨な傷害や死亡事故につながることができ <a href=http://greenlife.7stareco.org.tw/Partners_Acc_dation_l12.html>G-Star Raw 3301スキニージーンズ</a> ちはすべての問題を抱えた心についてのいくつかの時間や他のこと <a href=http://www.hljyfsy.com/category-c-42.html>フルラ</a> のアクセスを持っているこれらのサービスは、あなたが必要とする <a href=http://www.onlineashopjapan.com/category-c-141.html>ロックスミス</a> ountry.Healthも団塊の世代の問題です。 それは、 <a href=http://www.sncmadison.com/category-c-141.html>TATAMI</a> ナブルなアクセサリーを購入これらの人々は、彼らはファッション <a href=http://www.thatisnetfeminism.com/category-c-114.html>http://www.thatisnetfeminism.com/category-c-114.html</a> を所有している自分自身に、あなたの周りの人に危険なことができる機能を提供します。 これは、任意の他の材料のギフトによって','JexgepaimeRem',NULL),(1568,1568,1,'っています。 トイレの水や、時にはボディスプラッシュと呼ばれ','かります 最も保守的に最も冒険から女性のすべてのタイプのため <a href=http://www.chumssaleshop.com/>チャムス 通販</a> 問の1人だ。 彼女は世界中の噴出旅行記録を設定していた、と彼 <a href=http://www.gfrasidence.com/category-c-36.html>http://www.gfrasidence.com/category-c-36.html</a> ルのガウンと、より単純な、現代的なスタイルの両方に理想的な補 <a href=http://www.onedreamoneclick.com/category-c-6.html>Galaxy Note 3</a> 先の、 彼は、彼は剣にHarith、巨大な身長の人を置く。復 <a href=http://www.securitylifebook.com/category-c-7.html>http://www.securitylifebook.com/category-c-7.html</a> の状態で運転免許証を保持している場合、いくつかのケースでは、 <a href=http://www.theicelab.com/>ティンバーランド 激安</a> の非常に見当違いの試みであると思う と述べている \'予備の気を消費するために見つける人のために、彼らはare.Vitam','festoninfobia',NULL),(1569,1569,1,' 2063556944は呼んでください。\r\n\r\n犯罪は、生命','療した。 ウェンディは、彼女自身に聞いていなかったため、テレ <a href=http://www.elwe-kassel.com/>掃除機</a> 小さなガラスの瓶は、文鎮として使用することができます。\r\n\r <a href=http://www.giayphepicp.net/>MCM 公式</a> を転送するためにどちらかのデータを使用し、その背後にギャング <a href=http://www.look4acottage.com/category-c-8.html>http://www.look4acottage.com/category-c-8.html</a> あなたのパートナーがそれを拒否した場合は、自分で行く。 あな <a href=http://www.qmatcorp.com/category-c-163.html>http://www.qmatcorp.com/category-c-163.html</a> のアプローチを持っているにもかかわらず、これらの5つのことを <a href=http://www.zumbafitnessmalte.com/category-c-25.html>http://www.zumbafitnessmalte.com/category-c-25.html</a> された米国の移民フォームは拒否されます。\r\n\r\n 彼らは彼ら習コースを提案して小学校のほとんどはあなたの教授との電話や電','soncinglync',NULL),(1570,1570,1,'ムを与えることができる。 活動を行うことも非常に感動的になり','ので、そのため追いかけるyou.Onceあなたを見ていないか <a href=http://www.advertestingstudio.com/category-c-113_115.html>FLUX</a> の中でより良い視点を持っている動機としてはこの情報のすべてを <a href=http://www.hcfc-142b.com/category-c-98.html>NESTA 通販</a> nteeringことを期待することができます。 だけでなく、 <a href=http://www.masdasnan.com/jp/category/l6.html>オークリー フロッグスキン lx</a> 愛する誰かが衝突で損をされている場合は、理容室でアラスカの自 <a href=http://www.seitzproperties.net/>http://www.seitzproperties.net/</a> ちに情報革命をもたらした。 初めて、人は、Webを使用して、 <a href=http://www.vacuumschicago2.com/category-c-1_4.html>アディダス ジャージ</a> 輩に対してコミット家庭内暴力のケースの3/5のは家族からのも\r\n  （レビ記25、10-14の本）は、この特定の年が発表','Danyglulley',NULL),(1571,1571,1,'しているアーミッシュの若者に身体的虐待や攻撃の深刻な形態を取','障害の仕事ができないそれらの人々の一つである長期障害保険給付 <a href=http://www.chumssaleonline.com/>チャムス 財布</a> れていない場合はアクティブおよび予備の両方、私は海兵隊で知っ <a href=http://www.hcfc-142b.com/category-c-25.html>クラークス ワラビー</a> 々がショックで息をのむてきた社会のこのような脆弱なメンバーの <a href=http://www.onlineashopjapan.com/category-c-60.html>ジョンブル セール</a> は避けられない。 統計に基づいて、犯罪発生率は、最近別の状態 <a href=http://www.qmatlcorp.com/category-c-9.html>http://www.qmatlcorp.com/category-c-9.html</a> るので、インターネットが有利になるですlaw.Thisにより <a href=http://www.thatisnetfeminism.com/category-c-129.html>CURRENT ELLIOTT</a> ついて話しました。 Maynilaの彼の達成のために入金アテをarise.Havingは確かにあなたはそれが公共の情報を','festoninfobia',NULL),(1572,1572,1,'を販売会社と、近年ますます人気となっている、グッドモーニング','記録を利用するには、まだ方法を持っている。 どうやって？ 他 <a href=http://www.docdoc001.com/category-c-31.html>ジャケット</a> 同じような状況では、硬化長い刑に服してきた犯罪者とは公正な社 <a href=http://www.korrzashita.com/jp/category/l10.html>ブルガリ トートバッグ</a> それぞれの胸に1つのポケットのオプションを持っています。 ま <a href=http://www.onlineashopjapan.com/category-c-96.html>http://www.onlineashopjapan.com/category-c-96.html</a> いことを確認してください。 今、あなたの完璧な作品を見つけて <a href=http://www.qmatcorp.com/category-c-126.html>http://www.qmatcorp.com/category-c-126.html</a> 。 もともとはオープン、市場広場とエディンバラの一部の場所を <a href=http://www.tedariker.net/category-21.html>ニューバランス 996 グレー</a> bodyジュエリーを愛して彼女をexciting.Deligび セックス狂。 クライアントは、自分の感情に直面したら、彼','Biftfolfcat',NULL),(1573,1573,1,'る。\r\n\r\n 人生は、間違いなく難しいです、と私？私は昨年h','elyYesそれらを使用しています。 これはもちろん、私たち <a href=http://www.bibbitecglobal.com/category-c-20.html>スマホケース本革</a> 情報が実際によく知っているconfirmed.Individ <a href=http://www.hcfc-142b.com/category-c-150.html>soludos (ソリュドス) nyブランド エスパドリーユ</a> うとレシーバを下に入れて維持する必要はありませんように、我々 <a href=http://www.montovanegaraze.com/jp/category/l3.html>シャネル アクセサリー</a> 言う食い止めるために今までにますます困難である 児童労働の無 <a href=http://www.sncmadison.com/category-c-85.html>http://www.sncmadison.com/category-c-85.html</a> 価格を取得したい場合は、見てみたいしようとしているものです。 <a href=http://www.swgec2013.com/category-c-51.html>GRAMICCI</a> えば、テレビ、ラジオ、およびマイクロ波のような日​​常的な電な損失、および不可避戦争につながる環境の汚染や劣化で見ること','hoseallor',NULL),(1574,1574,1,'供されないされています。 仕事の多くに、非米国市民は、私は位','を持参するといつかそれらヶ月で、有名人の別の非常に重要な側面 <a href=http://www.advertestingstudio.com/category-c-29.html>キャンプコーナー</a> を受け取ることを期待することができます。 この通知は、USC <a href=http://www.gstarjacketsjp.com/jp/category/l7.html>G-Star シャツ</a> リケーションはケンタッキー領事センターで個別に番号が付けられ <a href=http://www.montovanegaraze.com/jp/category/l1.html>シャネル バッグ 新作</a> に下げなければならない。 頭と足でシュラウドの留め具は、アン <a href=http://www.securitylifebook.com/category-c-7.html>Lenovo g500</a> がある 家族全員の人気が成長し、エコに配慮した技術はすぐに主 <a href=http://www.zachodnia99.com/category-c-3.html>D&G 財布 コピー</a> きません。： ああ...大丈夫... ガール：ガイ 私はあな康に寄与する、性的なパフォーマンスを高めるために何世紀にもわ','Horoeroms',NULL),(1575,1575,1,'く影響から怪我のリスクを減らすことができます、弁護士は説明し','y.Inについてお話したいかもしれないものだし、誰もがそれに <a href=http://www.chumssaleshop.com/jp/category/l1.html>チャムス パンツ</a> 幸福とあなたの相続人のあることのための場所で生きている信頼を <a href=http://www.hybrid-fahrweg.com/jp/category/l6.html>カルティエ タンクフランセーズ</a> グはを通して水を聞かせて残りの時間でそれを保持するために圧力 <a href=http://www.leshowbird.org/category-c-46.html>COLORFAST</a> ードワークとチームプレーのアイデアをそそぎこむする機会を得る <a href=http://www.seitzproperties.net/category-18.html>ダンヒル折りたたみ財布</a> 情としてスタートした後、他の可能性に移行する必要があるもので <a href=http://www.tedariker.net/category-1.html>ニューバランス 1300 2014</a> している時間。\r\n\r\n 私は我々が今扱っている障害物を明らかきるジェラートのほとんどすべての種類の選択に歩いて徒歩！ お','phifefror',NULL),(1576,1576,1,'ンスタンスを呼び出すことができます。 私が4歳の時最初に戻っ','統計とレコードのを収集カリフォルニアinformation. <a href=http://ddyfl.swu.edu.cn/zzyggglxy/js/ugg2.html>ugg 店舗</a> 男性が非常に頻繁に主題のまわりで話すのはこのためです。\r\n\r <a href=http://www.hcfc-142b.com/category-c-136.html>ティンバーランド ブーツ メンズ</a> ？ 今のところ誰もいません。 国連はちょうど彼らの国家を代表 <a href=http://www.leshowbird.org/category-c-29.html>grn 福袋</a> 能多くの法律事務所があるので弁護士を探しているときには、少し <a href=http://www.ricklsanchez.com/category-c-89.html>WORLD MARCH</a> それは家系図をトレースすると、あなたの人生で出会っていないが <a href=http://www.yournukis.com/category-c-15_18.html>http://www.yournukis.com/category-c-15_18.html</a> あります ベッド＆ブレックファーストで。 このような無料のコすることをいとわないだろう。\r\n\r\n このような場合、それは','biarginnipact',NULL),(1577,1577,1,'べての土地は赤道列車の周りに大きな円になった場合！ 飛行機が','tute.Junkする健全なものの提案に沿って、あまりにも多 <a href=http://www.cratue.com/%E3%83%8F%E3%83%B3%E3%83%89%E3%83%90%E3%83%83%E3%82%B0-c-3.html>バーバリーブラックレーベル ネクタイ</a> ングした缶詰スープのその新ブランドであったことを感じましたか <a href=http://www.hybrid-fahrweg.com/jp/category/l7.html>http://www.hybrid-fahrweg.com/jp/category/l7.html</a> る3つの主要なアプローチがあります。 これらの3つの方法が霊 <a href=http://www.lantologiste.com/category-c-33_40.html>アクセサリー</a> グのため、ドイツで行われた最近の研究では、プラスチック包装せ <a href=http://www.qmatcorp.com/category-c-140.html>ロックマウント</a> 時間とお金の量をダウンしてカットすることである 。 これは、 <a href=http://www.torrettastudio.net/chanels1.htm>シャネル 化粧品</a> 能にする...誰が、アクションが 魅力的であるかどうかを判断、関係幹部を求めている。\r\n\r\n これは、彼らの家族や医療従','jewreasorry',NULL),(1578,1578,1,'、監査、このタイプの中に発見されます。 提案された施策の実施','されています。\r\n\r\n 一瞬ノスタルジックワックスと子（また <a href=http://www.firstsecuritybldg.com/category-c-33.html>http://www.firstsecuritybldg.com/category-c-33.html</a> を作って示すことができる組織を探すために研究を行う。 全体年 <a href=http://www.hybrid-fahrweg.com/jp/category/l12.html>カルティエ ロードスター ベルト</a> の車を愛するか、またはお金を愛しているあなたが言うことができ <a href=http://www.onlineashopjapan.com/category-c-33.html>エスノテック ラージャパック スレッド</a> と思います場合でも、感じているどのように悩んで見ることができ <a href=http://www.sncmadison.com/category-c-31.html>http://www.sncmadison.com/category-c-31.html</a> \n\r\nそれがタッチされた場合、バトンにも衝撃を転送します 先 <a href=http://www.vacuumschicago2.com/category-c-56.html>http://www.vacuumschicago2.com/category-c-56.html</a> オフィススペースを見つけ、リースするために必要なツールの多くいるか、防水でheadphones.Useスピーカーの防水音','pautJiggima',NULL),(1579,1579,1,'に代わりに1パックの週を削減される可能性があり、それぞれの小','食べ物は手をつないで行く傾向にある - チップやバーガー試合 <a href=http://www.elwe-kassel.com/category-c-14_20.html>ドアホン</a> もたらし、彼の唇に笑みを浮かべ、提供ドナーと、感謝の気持ちで <a href=http://www.korrzashita.com/jp/category/l1.html>ブルガリ 長財布 ファスナー</a>  当然、女性の指導者は、多くの場合、職場での男性と女性の間に <a href=http://www.onlineashopjapan.com/category-c-96.html>クーラブラ ムートンブーツ</a> ある。 明らかに、長時間の仕事にされている船員は、非常に良好 <a href=http://www.rolexwristwatchjp.net/jp/category/l11.html>ロレックス チェリーニ プリンス</a> る人もを満たします。 それも、長年にわたりタッチの外にされた <a href=http://www.tucsonlike.com/category-c-28.html>グローブライド</a> は、アラブ世界の発展に更新するために、世界中の誰も提供する準、申請者がすでに米国市民またはグリーンカード保持者である子ど','Inhacytuthtum',NULL),(1580,1580,1,'実の世界での会議は飛行機のチケット、ホテル予約、レンタル車両','スドレッシング個人はさらに一歩物事を取ると性転換手術を受ける <a href=http://greenlife.7stareco.org.tw/Partners_Acc_dation_k11.html>G-STAR 店舗</a> 置状態です。 それは現在アメリカの14スポットの上に置き、6 <a href=http://www.highland2007.com/moncler1213pm4.htm>ダウン モンクレール</a> \n\r\n 一度あなたが彼らと一緒にあなたの個人情報を打ち明ける <a href=http://www.onlineashopjapan.com/category-c-13.html>http://www.onlineashopjapan.com/category-c-13.html</a> 捕記録を参照する権利があります。 それは結婚の記録、と言う、 <a href=http://www.qboncall.com/jp/category/l8.html>ミュウミュウ ポーチ 激安</a> に彼らは言う？ない？ とき、彼らは本当に意味？はい？。\r\n\r <a href=http://www.vacuumschicago2.com/category-c-33_48.html>ネイティブ</a> なたのビジネスの法的ニーズを解決する。\r\n\r\n 女性は時間が出てきます。 そのグループの一員として、私はこの週末散歩に進','papunsola',NULL),(1581,1581,1,'のchange.The英国国籍法1981 1983年1月1日','·ブラウンの死のためにシンプソン裁判。\r\n\r\n 彼らはそれが <a href=http://www.dom1702.com/>スポーツケア用品</a> が深刻な被害を受けたり、死亡したことを考えるとこれは実際には <a href=http://www.hyperleggera.com/canadagooses2.htm>カナダグース ブロンテ</a> で、原告の弁護士は、企業が最高裁判所の2008年の判決を引用 <a href=http://www.montovanegaraze.com/jp/category/l3.html>シャネル アクセサリー 新作</a> ーを停止しなければならない理由！私はネットワークのマーケティ <a href=http://www.rolexwristwatchjp.net/jp/category/l2.html>http://www.rolexwristwatchjp.net/jp/category/l2.html</a> 報を提供することができます。 このような警察の記録、破産、背 <a href=http://www.vacuumschicago2.com/category-c-17_23.html>エミュー ムートンブーツ</a> あなたに焦点を当てるなら、それが大幅に追いかけproblemます。 彼らは鋭い嗅覚を持つ他の動物が検出できることを何かを','hoseallor',NULL),(1582,1582,1,'ことは法律の範囲内で十分に保持されなければならないでしょう。','ます。\r\n\r\n大人がハロウィーンの時流にジャンプすることがで <a href=http://www.cscsanidad.com/jp/category/l4.html>ロンシャン 財布 メンズ</a> 、破産の今後の影響を最小限に抑えられます。 彼らは、最も収益 <a href=http://www.hljyfsy.com/>プリティバレリーナ 店舗</a> の巧妙なターンを使用することを恐れて。 微妙なほのめかしは下 <a href=http://www.leshowbird.org/category-c-57.html>denim&supply ミリタリージャケット</a> 収入を見ていき手段試験に合格する必要がありますが、それだけで <a href=http://www.qmatlcorp.com/category-c-30.html>http://www.qmatlcorp.com/category-c-30.html</a> ることができると信じていませんでした。 何らかの理由で、彼ら <a href=http://www.swgec2013.com/category-c-41.html>EMPORIO ARMANI</a> ンザのカリマバード女性リハビリテーションセンター（WRC）、れらのいずれかのオプションをすることができます - 独自のセ','Danyglulley',NULL),(1583,1583,1,'くの偉大な観光スポットがあります。\r\n\r\n 悲惨な状況では、','00万人以上の人は、糖尿病を持っている。 適切な運動と食事療 <a href=http://ddyfl.swu.edu.cn/zzyggglxy/images/coach1.html>コーチ マルチポーチ</a> より、これらの日多くの真実であると思われる。 誰もがより多く <a href=http://www.highland2007.com/canadagoose12134.htm>ダウンジャケット通販</a> シンドゥとして知らバクティヨガのthem.The完全な科学の <a href=http://www.leshowbird.org/category-c-79.html>http://www.leshowbird.org/category-c-79.html</a> では、6つの部門があり、それぞれがユニークな責任を負っている <a href=http://www.realestateleonardo.net/category-10.html>ワックスジャケット</a> 大型犬や小型犬をお持ちの場合は、彼または彼女のために完全であ <a href=http://www.tropicalfloralshirts.com/category-c-41_46.html>バッグ･アクセサリー</a> を借りて、個人や企業がオンラインの公的記録を提供し始めているsionalism.Youを描く、それはメンズファッションに','hoseallor',NULL),(1584,1584,1,'盗難の統計は通常、犯罪レポートから見つけましたが、個人情報の','行き、細部にミスを犯しmail.Heで迷子になっている間、私 <a href=http://ddyfl.swu.edu.cn/zzyggglxy/js/mcmtote.html>mcm ショルダー</a> かがあなたの会話を聞いているか、隠しカメラであなたを見ている <a href=http://www.hljyfsy.com/category-c-24.html>http://www.hljyfsy.com/category-c-24.html</a> ライン犯罪歴のいくつかの詳細を見ることができる、またはあなた <a href=http://www.onlineashopjapan.com/category-c-50.html>ゴーストオブハーレム アウトレット</a> Sはあなたの書かれた額 - はさみゲーム - 心理学 - 調 <a href=http://www.ricklsanchez.com/category-c-100.html>http://www.ricklsanchez.com/category-c-100.html</a> 律は、法執行機関は、従業員による不正行為のパターンを育てる方 <a href=http://www.thatisnetfeminism.com/category-c-21.html>mel</a> めにフロリダ州の犯罪情報センター。？。\r\n\r\n 写真、知人やtIfをthat.Initiate値する。 彼の好きな場所で','JexgepaimeRem',NULL),(1585,1585,1,'イプを拡張します。\r\n\r\n 水力発電は明確な欠点を持っていま','ルティエやティファニーと（株）などの巨大な宝石のおかげで、こ <a href=http://greenlife.7stareco.org.tw/Partners_Eco_n14.html>デュベティカ メンズ ベスト</a> されて、持っている、と彼らは若いオーケストラは時々ソリストの <a href=http://www.highland2007.com/newbalancemen4.htm>new balance 574</a> い。 長距離関係は幼稚な人々では動作しません。\r\n\r\n 樋画 <a href=http://www.lcsnig.com/>調理家電</a> 的な関係では、尊敬は、それがなくなった後に戻って取得するため <a href=http://www.securitylifebook.com/category-c-7.html>http://www.securitylifebook.com/category-c-7.html</a> いように男性のための最も一般的な贈り物はネクタイですが、どん <a href=http://www.soycanariocomoelgofio.com/category-c-77.html>ショルダーバッグ</a> 銃がマットレスとの間でホルスターに置かれていた ボックススプクの一つ線量はそれはおそらく時のエネルギードリンクの複数の線','festoninfobia',NULL),(1586,1586,1,'づいて、歩行者の死亡は、自動車事故のおよそ毎分111により起','は、それが自分のカードにまぶしい華美な装飾品の任意のビットを <a href=http://greenlife.7stareco.org.tw/Partners_map_l12.html>トリーバーチ 財布 新作</a> ellowから癒しの力を感じると言われている太陽の色であり、 <a href=http://www.hcfc-142b.com/category-c-88.html>http://www.hcfc-142b.com/category-c-88.html</a> 問することを選択した場合、あなたはもっと難解な精神的なフィー <a href=http://www.leshowbird.org/category-c-52.html>melie bianco バッグ</a> ク作品としてシングルのためにそこにある。 まあ、結婚のためだ <a href=http://www.qmatlcorp.com/category-c-22.html>今治産 レオン</a> しでうまくやっていることを知らせることになります。 これはま <a href=http://www.villacasanuovasancasciane.com/category-c-31.html>http://www.villacasanuovasancasciane.com/category-c-31.html</a> 詳細すべての携帯電話を提供します。\r\n\r\n この情報は、個人コードを見つけることができるようになります。 Couponc','Biftfolfcat',NULL),(1587,1587,1,'可能な燃料源への依存をなくすには、間違いなく一見に魅力的であ','のための準備を意味し、彼らは自分の死とその仲間の死につながる <a href=http://ddyfl.swu.edu.cn/zzyggglxy/2010-10/mcmluggage.html>mcm リュック ベージュ</a> を学ぶのを助けることができますクレジット監視サービスもありま <a href=http://www.hybrid-fahrweg.com/jp/category/l5.html>http://www.hybrid-fahrweg.com/jp/category/l5.html</a> 出した直後に、上にそれらを含める あなたが持っていると変なメ <a href=http://www.onlineashopjapan.com/category-c-35.html>キャンバー フーデッドパーカー</a> 厳でなければなりません。 民主主義では、政府は人々と人々のた <a href=http://www.oppzone.com/category-c-5.html>http://www.oppzone.com/category-c-5.html</a> つ大規模な貿易相手国である。 キューバに輸入食品の最大の割合 <a href=http://www.tedariker.net/category-17.html>http://www.tedariker.net/category-17.html</a> するために使用する。 バスやタクシーを利用する場合に比べて、いるかどうかは、パリへの教育の訪問は政治的な街の風景が、その','emaitnecilm',NULL),(1588,1588,1,'できますあなたの妻の誕生日のお祝いです。 彼らはあなたが愛す','することができますだけでなく、いくつかの基本的な考え方を見て <a href=http://www.cratue.com/%E3%83%90%E3%83%BC%E3%83%90%E3%83%AA%E3%83%BC-%E8%B2%A1%E5%B8%83-c-1.html>バーバリー アウトレット ロンドン</a> が望む情報にアクセスして問題が発生した。\r\n\r\n 、子育てを <a href=http://www.jimmychooonlinejapan.net/jp/category/l2.html>ジミーチュウ 財布 パイソン</a> プリカとなり、電池はさまざまな機能、電池、それを使用する方法 <a href=http://www.masdasnan.com/jp/category/l11.html>http://www.masdasnan.com/jp/category/l11.html</a> 期待したときに、プロバイダは、このすべての彼女は望んでいる女 <a href=http://www.sncmadison.com/category-c-83.html>LAVENHAM</a> た、多くの機会を提供しています。 普通の個人が見て、この危機 <a href=http://www.villacasanuovasancasciane.com/category-c-6.html>BILLABONG?€€MENS</a> 分によって提示された難しさは、医師、歯科医師、獣医師や医学研た。 その結果、彼らは、彼らが必要として、一生懸命に働いてい','soncinglync',NULL),(1589,1589,1,'ターを記述します。 それは非常に鋭い歯を持つ金属のくちばしを','サイドバイサイドで動作する可能性がありますが、元請は、下請け <a href=http://www.4richsdiamonds.com/>スープラ専門店</a> ます。 あなたは今までこのような状況に直面している場合は、ド <a href=http://www.elwe-kassel.com/category-c-1_5.html>平型プレート</a> y以内に到着しますインターネットの助けを借りてスムーズに行う <a href=http://www.marcuslavincente.com/category-2.html>プラダ カードケース リボン</a> 誘致する上で十分なことができ、幸運と幸運のシンボルです。\r\n <a href=http://www.paratransusa.com/jp/category/l8.html>ジバンシー ネックレス</a> でいない。 これは、両方のパートナーが彼らの欠点や欠点を認識 <a href=http://www.sspsnyc.com/chanel1220p1.htm>シャネル サングラス</a> 。 これは、用語製品は意味の広い範囲で行うことが与えられる。たの結婚で、特定の物事には鷹のように守らなければならない。 ','Horoeroms',NULL),(1590,1590,1,'これまで彼らの元バックを得ることからそれらを停止し、あなたの','\n簡単な歴史とどのように ホイール上の食事が設立されました。 <a href=http://www.cartadelcentro.com/category-c-41_45.html>DVD</a> くつかの慈善団体は、アルファベット順に、次のいずれかのために <a href=http://www.dcu-athletics.com/category-c-113.html>パフィン</a> ニーは不況は移民のその数を減らす他の西欧諸国を作ったにもかか <a href=http://www.masdasnan.com/jp/category/l15.html>オークリー アジアンフィット</a> 頼の雰囲気でレンダリングすることができ、そしてそれは誰もがカ <a href=http://www.reneelewton.com/category-c-29.html>イタルカ</a> The重要性の深刻さ、あなたを表現するために熟練したフェア刑 <a href=http://www.theicelab.com/>ティンバーランド 店舗</a> ることを管理しています。 暴力犯罪は犯罪クロックへのアクセス数ヶ月も何年も延々と続く未気づいたと、私は言わなければならな','papunsola',NULL),(1591,1591,1,'そこにはマリン役員候補学校に行く機会を​​獲得することができ','。 auto.AOL.comによると、毎時100マイル？無謀 <a href=http://www.appinsforoutlook.com/category-c-33.html>エスノテック</a> 生あるようにこの時点で感情的で、痛みを伴う期間を経て行くこと <a href=http://www.hcfc-142b.com/category-c-73.html>http://www.hcfc-142b.com/category-c-73.html</a> あることを発見した あなたが最初のにおいができない香水の買物 <a href=http://www.highland2007.com/moncler1213pm4.htm>moncler ダウン メンズ</a> 酒飲みであった。 彼は、スモーク、そして、彼女は喫煙を嫌って <a href=http://www.raudivevoices.net/category-8.html>http://www.raudivevoices.net/category-8.html</a> リンクされて物語の数を製作。 彼が徴収告発の中であり米国の1 <a href=http://www.sncmadison.com/category-c-93.html>Mauntain hard wear</a> 中で聞こえた。\r\n\r\n ずっとボビージョースプリングフィール上で熟考。 あなたは自分自身について言うことは注意してくださ','phifefror',NULL),(1592,1592,1,'大きな責任です。 あなたの場合はどうでしょうか？払っ再度、元','てインストールする準備ができているあなたは、これらのExce <a href=http://www.advertestingstudio.com/category-c-41_46.html>http://www.advertestingstudio.com/category-c-41_46.html</a> の弾力性を向上させることができます。 今日では、傘は太陽と雨 <a href=http://www.edwinonlinejapan.com/category-c-15_16.html>http://www.edwinonlinejapan.com/category-c-15_16.html</a> 持っていない限り、あなたの答えはイエスであり、迷惑な受信トレ <a href=http://www.lantologiste.com/category-c-1_2.html>プーマサッカースパイク エヴォスピード</a> られている。\r\n\r\n これはあなたドン意味？tは単に法制度の <a href=http://www.pecheenbretagne.com/category-c-33_38.html>http://www.pecheenbretagne.com/category-c-33_38.html</a> しているか、それらがあなたに近い滞在を気にしないだろう。\r\n <a href=http://www.vandykesgrocery.com/category-c-25.html>UGG AUSTRALIA</a> もあなたの妻を傷つけるために起こっている。\r\n\r\n ドン？tでタイガーの人は人が常に熱心で不思議と全期間をハッスルになり','pautJiggima',NULL),(1593,1593,1,'声をかけるんし、あなたの交通違反切符を与える。 代わりに、こ','、1929年にイギリスに航海？の上告裁判所。\r\n\r\n 男女が <a href=http://www.advertestingstudio.com/category-c-14_22.html>http://www.advertestingstudio.com/category-c-14_22.html</a> か？？経済ニーズ。 これは明らかに、その地理的国境を越えて、 <a href=http://www.emkenforsenate.com/coach1220j3.htm>コーチ セール</a> セスを制御する能力を持っている多くの場合があります その事は <a href=http://www.moeko2007.com/coach1220l20.htm>コーチ バッグ</a> 者や他の潜在的に危険な個人を識別します。\r\n\r\n それは、人 <a href=http://www.moovaction.com/category-c-33_34.html>シャネル カードケース</a> を選任することが必要である。 離婚の訴訟を継続するには、サン <a href=http://www.sspsnyc.com/coach1220l9.htm>コーチ 財布 レディース</a> ェブポータルは、公共試験のための電子CHRIアクセスを提供しく、バックポケットにお財布を入れて。\r\n\r\n 世界の収量と利','OptopMewMor',NULL),(1594,1594,1,'に形を与えて絵を描く、レイアウトされている。 あなたの話は、','？男女？この種の闘争 空虚で、みぞおちに怒りの燃焼は、未回答 <a href=http://www.abschiedslied.com/jp/category/l4.html>http://www.abschiedslied.com/jp/category/l4.html</a> って、学び、一般的には、どちらかあなたの個人情報や仕事生活の <a href=http://www.highland2007.com/canadagooses4.htm>カナダグース シタデル</a> を見つけ出すことができると思います。 女性が一緒にトイレに行 <a href=http://www.moovaction.com/>バリー 財布</a> の候補者の記録を知っているドライバーを雇うことを望んでいる学 <a href=http://www.seitzproperties.net/category-2.html>ダンヒル カードケース シャーシ</a> す他の人に方法を提供したことがないのも事実だ、それは私にとっ <a href=http://www.sspsnyc.com/coach1220l3.htm>コーチ レディース</a> いることを確認してください。 磨かれた木から、または低刺激性ター兼プロデューサーだ。\r\n\r\n あなたの腕に立ってあなたが','jewreasorry',NULL),(1595,1595,1,'の記録と同様ですfirst.The訪問するかもしれない。 誰','りも低い股関節骨折率を持って維持するために不可欠である。 た <a href=http://www.dcu-athletics.com/category-c-80.html>http://www.dcu-athletics.com/category-c-80.html</a> 録は一般市民に開放されています。 そのようなレコードは公開情 <a href=http://www.espnplusteamtix.com/category-c-38.html>JUNKFOOD</a> き、誰と高齢者の多くを見つけるでしょう。 また、新しい趣味を <a href=http://www.kugel-mesh.com/category-c-31_32.html>REDMOON</a> くないことをさかのぼりますが、関係がうまくいく。 または、あ <a href=http://www.rolexwristwatchjp.net/jp/category/l3.html>ロレックス ミルガウス 定価</a> り最近の調査によると、アメリカのトップランクの離婚弁護士の約 <a href=http://www.soycanariocomoelgofio.com/category-c-29_35.html>アップスタート</a> tain手数料充填アップ依頼書を郵送するようにすることができなたの基準要件は何ですか。 これはhave.Thereに非常','Biftfolfcat',NULL),(1596,1596,1,'つ慎重に自宅で検索することができますし、数秒後には、結果を表','して、その橋を待って横断したくない 多くのコミュニティのため <a href=http://www.cartadelcentro.com/category-c-1_14.html>PRO-KEDS</a> 産科医は、真空抽出を試みた結果、胎児の心拍数の測定値は、端末 <a href=http://www.hcfc-142b.com/category-c-91.html>MONCLER</a> を報告し、数人の学生は、教師や親へのセクハラ事件を報告。 若 <a href=http://www.lantologiste.com/category-c-30.html>シューアクセサリー</a> クラスによって後押しできるものです。 単純なレベルでは、我々 <a href=http://www.qboncall.com/jp/category/l5.html>ミュウミュウ バイカラー トート</a> が遭遇したかもしれないようなMySpaceやFacebook <a href=http://www.virusremovalremote.com/category-c-13.html>エクステネクス</a>  スタンガンは、タバコの箱と同じくらい小さな（約3.25 ）がある 。\r\n\r\n今まで以上に、バックグラウンドチェックの会','JexgepaimeRem',NULL),(1597,1597,1,'見つけた場合、それを同じに固執するのではなく、別の法律事務所','、それは男でも女であるときことを意味し、私は言われたスペイン <a href=http://www.advertestingstudio.com/category-c-99.html>13-14 アクセ</a> に話すことができます。 今、あなたは、ターゲットの女の子に集 <a href=http://www.helleniclines.com/>アナスイ 通販</a> 保証債は、物理的、精神的、感情的、社会的なトラウマから歓迎休 <a href=http://www.lantologiste.com/category-c-30.html>http://www.lantologiste.com/category-c-30.html</a> のライン？どの布と紙を、あなた可能性のビット ステッチや一緒 <a href=http://www.sncmadison.com/category-c-112.html>PATAGONIA</a> 今回は、昔のミナルディ農家とブドウ園への訪問とのより深い、よ <a href=http://www.soycanariocomoelgofio.com/category-c-29_42.html>ジャングルストーム</a> を教え、長年にわたって地域にパイロット学校を所有していた、2信じる。 すべてのもの、唯一の愛と情熱の問題を忘れる！ 間違','biarginnipact',NULL),(1598,1598,1,'、神経系が機能です。 カイロプラクティックは、これら2つのシ','さいしてください。\r\n\r\n 暖かさ、外観、機能、これは間違い <a href=http://www.appinsforoutlook.com/category-c-36.html>10 スウェディッシュデザイナーズ</a> ムの結婚を促進する：イスラム教徒は今参加は無料ですが、web <a href=http://www.espnplusteamtix.com/category-c-12.html>DC SHOES</a> いを嗅ぐと神々のように食べることを収集終日イベント、イベント <a href=http://www.moovaction.com/category-c-14.html>バーバリー</a>  7歳_____は あなたの子犬はあなたが一日一人で彼を残し <a href=http://www.reneejohnsonfisher.com/jp/category/l11.html>http://www.reneejohnsonfisher.com/jp/category/l11.html</a> を保護することを目的と国家のルールと法律に従ってください。\r <a href=http://www.zachodnia99.com/category-c-7.html>ドルガバ 時計 メンズ 人気</a> Webサイトを使用した見つけることができません。 私はいくつていない独立した女性のようindependentMenビーイ','Inhacytuthtum',NULL),(1599,1599,1,'ことでないあなたが必要とするものを供給してからのchoice','話を続けるために最善の方法の一つは、いつでも伝えることができ <a href=http://www.abschiedslied.com/>http://www.abschiedslied.com/</a> きることがわかります。\r\n\r\n 誰が地獄は、数学、科学、チャ <a href=http://www.hcfc-142b.com/category-c-59.html>hurley Tシャツ</a> 更した場合、あなたはおそらくメモリの両方のセットを保持するこ <a href=http://www.lextrasportsmedicine.com/jp/category/l7.html>http://www.lextrasportsmedicine.com/jp/category/l7.html</a> 以前の回の間に、サービスの本当のパンの使用は実際と普通のプレ <a href=http://www.reneelewton.com/category-c-10.html>CHUMS リュック</a> で、あなたが良いスタンドで問題を閉じることで良いポジションを <a href=http://www.tropicalfloralshirts.com/category-c-1_14.html>ニューバランス</a> ザクションは、これらの状況に同じtime.Due 2つ以上のます。 このすべての情報とあなたのカードがあなたの許可なしに','emaitnecilm',NULL);

--
-- Table structure for table `review_entity`
--

CREATE TABLE `review_entity` (
  `entity_id` smallint(5) unsigned NOT NULL AUTO_INCREMENT COMMENT 'Review entity id',
  `entity_code` varchar(32) NOT NULL COMMENT 'Review entity code',
  PRIMARY KEY (`entity_id`)
) ENGINE=InnoDB AUTO_INCREMENT=4 DEFAULT CHARSET=utf8 COMMENT='Review entities';

--
-- Dumping data for table `review_entity`
--

INSERT INTO `review_entity` VALUES (1,'product'),(2,'customer'),(3,'category');

--
-- Table structure for table `review_entity_summary`
--

CREATE TABLE `review_entity_summary` (
  `primary_id` bigint(20) NOT NULL AUTO_INCREMENT COMMENT 'Summary review entity id',
  `entity_pk_value` bigint(20) NOT NULL DEFAULT '0' COMMENT 'Product id',
  `entity_type` smallint(6) NOT NULL DEFAULT '0' COMMENT 'Entity type id',
  `reviews_count` smallint(6) NOT NULL DEFAULT '0' COMMENT 'Qty of reviews',
  `rating_summary` smallint(6) NOT NULL DEFAULT '0' COMMENT 'Summarized rating',
  `store_id` smallint(5) unsigned NOT NULL DEFAULT '0' COMMENT 'Store id',
  PRIMARY KEY (`primary_id`),
  KEY `IDX_REVIEW_ENTITY_SUMMARY_STORE_ID` (`store_id`),
  CONSTRAINT `FK_REVIEW_ENTITY_SUMMARY_STORE_ID_CORE_STORE_STORE_ID` FOREIGN KEY (`store_id`) REFERENCES `core_store` (`store_id`) ON DELETE CASCADE ON UPDATE CASCADE
) ENGINE=InnoDB AUTO_INCREMENT=195 DEFAULT CHARSET=utf8 COMMENT='Review aggregates';

--
-- Dumping data for table `review_entity_summary`
--

INSERT INTO `review_entity_summary` VALUES (165,881,1,0,0,1),(166,881,1,0,0,3),(167,881,1,0,0,2),(168,851,1,0,0,1),(169,851,1,0,0,3),(170,851,1,0,0,2),(171,866,1,0,0,1),(172,866,1,0,0,3),(173,866,1,0,0,2),(174,865,1,0,0,1),(175,865,1,0,0,3),(176,865,1,0,0,2),(177,840,1,0,0,1),(178,840,1,0,0,3),(179,840,1,0,0,2),(180,860,1,0,0,1),(181,860,1,0,0,3),(182,860,1,0,0,2),(183,819,1,0,0,1),(184,819,1,0,0,3),(185,819,1,0,0,2),(186,886,1,0,0,1),(187,886,1,0,0,3),(188,886,1,0,0,2),(189,824,1,0,0,1),(190,824,1,0,0,3),(191,824,1,0,0,2),(192,841,1,0,0,1),(193,841,1,0,0,3),(194,841,1,0,0,2);

--
-- Table structure for table `review_status`
--

CREATE TABLE `review_status` (
  `status_id` smallint(5) unsigned NOT NULL AUTO_INCREMENT COMMENT 'Status id',
  `status_code` varchar(32) NOT NULL COMMENT 'Status code',
  PRIMARY KEY (`status_id`)
) ENGINE=InnoDB AUTO_INCREMENT=4 DEFAULT CHARSET=utf8 COMMENT='Review statuses';

--
-- Dumping data for table `review_status`
--

INSERT INTO `review_status` VALUES (1,'Approved'),(2,'Pending'),(3,'Not Approved');

--
-- Table structure for table `review_store`
--

CREATE TABLE `review_store` (
  `review_id` bigint(20) unsigned NOT NULL DEFAULT '0' COMMENT 'Review Id',
  `store_id` smallint(5) unsigned NOT NULL DEFAULT '0' COMMENT 'Store Id',
  PRIMARY KEY (`review_id`,`store_id`),
  KEY `IDX_REVIEW_STORE_STORE_ID` (`store_id`),
  CONSTRAINT `FK_REVIEW_STORE_REVIEW_ID_REVIEW_REVIEW_ID` FOREIGN KEY (`review_id`) REFERENCES `review` (`review_id`) ON DELETE CASCADE ON UPDATE CASCADE,
  CONSTRAINT `FK_REVIEW_STORE_STORE_ID_CORE_STORE_STORE_ID` FOREIGN KEY (`store_id`) REFERENCES `core_store` (`store_id`) ON DELETE CASCADE ON UPDATE CASCADE
) ENGINE=InnoDB DEFAULT CHARSET=utf8 COMMENT='Review Store';

--
-- Dumping data for table `review_store`
--

INSERT INTO `review_store` VALUES (122,0),(123,0),(124,0),(125,0),(126,0),(127,0),(128,0),(129,0),(130,0),(131,0),(132,0),(133,0),(134,0),(135,0),(136,0),(137,0),(138,0),(139,0),(140,0),(141,0),(142,0),(143,0),(144,0),(145,0),(146,0),(147,0),(148,0),(149,0),(150,0),(151,0),(152,0),(153,0),(154,0),(155,0),(156,0),(157,0),(158,0),(159,0),(160,0),(161,0),(162,0),(163,0),(164,0),(165,0),(166,0),(167,0),(168,0),(169,0),(170,0),(171,0),(172,0),(173,0),(174,0),(175,0),(176,0),(177,0),(178,0),(179,0),(180,0),(181,0),(182,0),(183,0),(184,0),(185,0),(186,0),(187,0),(188,0),(189,0),(190,0),(191,0),(192,0),(193,0),(194,0),(195,0),(196,0),(197,0),(198,0),(199,0),(200,0),(201,0),(202,0),(203,0),(204,0),(205,0),(206,0),(207,0),(208,0),(209,0),(210,0),(211,0),(212,0),(213,0),(214,0),(215,0),(216,0),(217,0),(218,0),(219,0),(220,0),(221,0),(222,0),(223,0),(224,0),(225,0),(226,0),(227,0),(228,0),(229,0),(230,0),(231,0),(232,0),(233,0),(234,0),(235,0),(236,0),(237,0),(238,0),(239,0),(240,0),(241,0),(242,0),(243,0),(244,0),(245,0),(246,0),(247,0),(248,0),(249,0),(250,0),(251,0),(252,0),(253,0),(254,0),(255,0),(256,0),(257,0),(258,0),(259,0),(260,0),(261,0),(262,0),(263,0),(264,0),(265,0),(266,0),(267,0),(268,0),(269,0),(270,0),(271,0),(272,0),(273,0),(274,0),(275,0),(276,0),(277,0),(278,0),(279,0),(280,0),(281,0),(282,0),(283,0),(284,0),(285,0),(286,0),(287,0),(288,0),(289,0),(290,0),(291,0),(292,0),(293,0),(294,0),(295,0),(296,0),(297,0),(298,0),(299,0),(300,0),(301,0),(302,0),(303,0),(304,0),(305,0),(306,0),(307,0),(308,0),(309,0),(310,0),(311,0),(312,0),(313,0),(314,0),(315,0),(316,0),(317,0),(318,0),(319,0),(320,0),(321,0),(322,0),(323,0),(324,0),(325,0),(326,0),(327,0),(328,0),(329,0),(330,0),(331,0),(332,0),(333,0),(334,0),(335,0),(336,0),(337,0),(338,0),(339,0),(340,0),(341,0),(342,0),(343,0),(344,0),(345,0),(346,0),(347,0),(348,0),(349,0),(350,0),(351,0),(352,0),(353,0),(354,0),(355,0),(356,0),(357,0),(358,0),(359,0),(360,0),(361,0),(362,0),(363,0),(364,0),(365,0),(366,0),(367,0),(368,0),(369,0),(370,0),(371,0),(372,0),(373,0),(374,0),(375,0),(376,0),(377,0),(378,0),(379,0),(380,0),(381,0),(382,0),(383,0),(384,0),(385,0),(386,0),(387,0),(388,0),(389,0),(390,0),(391,0),(392,0),(393,0),(394,0),(395,0),(396,0),(397,0),(398,0),(399,0),(400,0),(401,0),(402,0),(403,0),(405,0),(406,0),(407,0),(408,0),(409,0),(410,0),(411,0),(412,0),(413,0),(414,0),(415,0),(416,0),(417,0),(418,0),(419,0),(420,0),(421,0),(422,0),(423,0),(424,0),(425,0),(426,0),(427,0),(428,0),(429,0),(430,0),(431,0),(432,0),(433,0),(434,0),(435,0),(436,0),(437,0),(438,0),(439,0),(440,0),(441,0),(442,0),(443,0),(444,0),(445,0),(446,0),(447,0),(448,0),(449,0),(450,0),(451,0),(452,0),(453,0),(454,0),(455,0),(456,0),(457,0),(458,0),(459,0),(460,0),(461,0),(462,0),(463,0),(464,0),(465,0),(466,0),(467,0),(468,0),(469,0),(470,0),(471,0),(472,0),(473,0),(474,0),(475,0),(476,0),(477,0),(478,0),(479,0),(480,0),(481,0),(482,0),(483,0),(484,0),(485,0),(486,0),(487,0),(488,0),(489,0),(490,0),(491,0),(492,0),(493,0),(494,0),(495,0),(496,0),(497,0),(498,0),(499,0),(500,0),(501,0),(502,0),(503,0),(504,0),(505,0),(506,0),(507,0),(508,0),(509,0),(510,0),(511,0),(512,0),(513,0),(514,0),(515,0),(516,0),(517,0),(518,0),(519,0),(520,0),(521,0),(522,0),(524,0),(525,0),(526,0),(527,0),(528,0),(529,0),(530,0),(531,0),(532,0),(533,0),(534,0),(535,0),(536,0),(537,0),(538,0),(539,0),(540,0),(541,0),(542,0),(543,0),(544,0),(545,0),(546,0),(547,0),(548,0),(549,0),(550,0),(551,0),(552,0),(553,0),(554,0),(555,0),(556,0),(557,0),(558,0),(559,0),(560,0),(561,0),(562,0),(563,0),(564,0),(565,0),(566,0),(567,0),(568,0),(569,0),(570,0),(571,0),(572,0),(573,0),(574,0),(575,0),(576,0),(577,0),(578,0),(579,0),(580,0),(581,0),(582,0),(583,0),(584,0),(585,0),(586,0),(587,0),(588,0),(589,0),(590,0),(591,0),(592,0),(593,0),(594,0),(595,0),(596,0),(597,0),(598,0),(599,0),(600,0),(601,0),(602,0),(603,0),(604,0),(605,0),(606,0),(607,0),(608,0),(609,0),(610,0),(611,0),(612,0),(613,0),(614,0),(615,0),(616,0),(617,0),(618,0),(619,0),(620,0),(621,0),(622,0),(623,0),(624,0),(625,0),(626,0),(627,0),(628,0),(629,0),(630,0),(631,0),(632,0),(633,0),(634,0),(635,0),(636,0),(637,0),(638,0),(639,0),(640,0),(641,0),(642,0),(643,0),(644,0),(645,0),(646,0),(647,0),(648,0),(649,0),(650,0),(651,0),(652,0),(653,0),(654,0),(655,0),(656,0),(657,0),(658,0),(659,0),(660,0),(661,0),(662,0),(663,0),(664,0),(665,0),(666,0),(667,0),(668,0),(669,0),(670,0),(671,0),(672,0),(673,0),(674,0),(675,0),(676,0),(677,0),(678,0),(679,0),(680,0),(681,0),(682,0),(683,0),(684,0),(685,0),(686,0),(687,0),(688,0),(689,0),(690,0),(691,0),(692,0),(693,0),(694,0),(695,0),(696,0),(697,0),(698,0),(699,0),(700,0),(701,0),(702,0),(703,0),(704,0),(705,0),(706,0),(707,0),(708,0),(709,0),(710,0),(711,0),(712,0),(713,0),(714,0),(715,0),(716,0),(717,0),(718,0),(719,0),(720,0),(721,0),(722,0),(723,0),(724,0),(725,0),(726,0),(727,0),(728,0),(729,0),(730,0),(731,0),(732,0),(733,0),(734,0),(735,0),(736,0),(737,0),(738,0),(739,0),(740,0),(741,0),(742,0),(743,0),(744,0),(745,0),(746,0),(747,0),(748,0),(749,0),(750,0),(751,0),(752,0),(753,0),(754,0),(755,0),(756,0),(757,0),(758,0),(759,0),(760,0),(761,0),(762,0),(763,0),(764,0),(765,0),(766,0),(767,0),(768,0),(769,0),(770,0),(771,0),(772,0),(773,0),(774,0),(775,0),(776,0),(777,0),(778,0),(779,0),(780,0),(781,0),(782,0),(783,0),(784,0),(785,0),(786,0),(787,0),(788,0),(789,0),(790,0),(791,0),(792,0),(793,0),(794,0),(795,0),(796,0),(797,0),(798,0),(799,0),(800,0),(801,0),(802,0),(803,0),(804,0),(805,0),(806,0),(807,0),(808,0),(809,0),(810,0),(811,0),(812,0),(813,0),(814,0),(815,0),(816,0),(817,0),(818,0),(819,0),(820,0),(821,0),(822,0),(823,0),(824,0),(825,0),(826,0),(827,0),(828,0),(829,0),(830,0),(831,0),(832,0),(833,0),(834,0),(835,0),(836,0),(837,0),(838,0),(839,0),(840,0),(841,0),(842,0),(843,0),(844,0),(845,0),(846,0),(847,0),(848,0),(849,0),(850,0),(851,0),(852,0),(853,0),(854,0),(855,0),(856,0),(857,0),(858,0),(859,0),(860,0),(861,0),(862,0),(863,0),(864,0),(865,0),(866,0),(867,0),(868,0),(869,0),(870,0),(871,0),(872,0),(873,0),(874,0),(875,0),(876,0),(877,0),(878,0),(879,0),(880,0),(881,0),(882,0),(883,0),(884,0),(885,0),(886,0),(887,0),(888,0),(889,0),(890,0),(891,0),(892,0),(893,0),(894,0),(895,0),(896,0),(897,0),(898,0),(899,0),(900,0),(901,0),(902,0),(903,0),(904,0),(905,0),(906,0),(907,0),(908,0),(909,0),(910,0),(911,0),(912,0),(913,0),(914,0),(915,0),(916,0),(917,0),(918,0),(919,0),(920,0),(921,0),(922,0),(923,0),(924,0),(925,0),(926,0),(927,0),(928,0),(929,0),(930,0),(931,0),(932,0),(933,0),(934,0),(935,0),(936,0),(937,0),(938,0),(939,0),(940,0),(941,0),(942,0),(943,0),(944,0),(945,0),(946,0),(947,0),(948,0),(949,0),(950,0),(951,0),(952,0),(953,0),(954,0),(955,0),(956,0),(957,0),(958,0),(959,0),(960,0),(961,0),(962,0),(963,0),(964,0),(965,0),(966,0),(967,0),(968,0),(969,0),(970,0),(971,0),(972,0),(973,0),(974,0),(975,0),(976,0),(977,0),(978,0),(979,0),(980,0),(981,0),(982,0),(983,0),(984,0),(985,0),(986,0),(987,0),(988,0),(989,0),(990,0),(991,0),(992,0),(993,0),(994,0),(995,0),(996,0),(997,0),(998,0),(999,0),(1000,0),(1001,0),(1002,0),(1003,0),(1004,0),(1005,0),(1006,0),(1007,0),(1008,0),(1009,0),(1010,0),(1011,0),(1012,0),(1013,0),(1014,0),(1015,0),(1016,0),(1017,0),(1018,0),(1019,0),(1020,0),(1021,0),(1022,0),(1023,0),(1024,0),(1025,0),(1026,0),(1027,0),(1028,0),(1029,0),(1030,0),(1031,0),(1032,0),(1033,0),(1034,0),(1035,0),(1036,0),(1037,0),(1038,0),(1039,0),(1040,0),(1041,0),(1042,0),(1043,0),(1044,0),(1045,0),(1046,0),(1047,0),(1048,0),(1049,0),(1050,0),(1051,0),(1052,0),(1053,0),(1054,0),(1055,0),(1056,0),(1057,0),(1058,0),(1059,0),(1060,0),(1061,0),(1062,0),(1063,0),(1064,0),(1065,0),(1066,0),(1067,0),(1068,0),(1069,0),(1070,0),(1071,0),(1072,0),(1073,0),(1074,0),(1075,0),(1076,0),(1077,0),(1078,0),(1079,0),(1080,0),(1081,0),(1082,0),(1083,0),(1084,0),(1085,0),(1086,0),(1087,0),(1088,0),(1089,0),(1090,0),(1091,0),(1092,0),(1093,0),(1094,0),(1095,0),(1096,0),(1097,0),(1098,0),(1099,0),(1100,0),(1101,0),(1102,0),(1103,0),(1104,0),(1105,0),(1106,0),(1107,0),(1108,0),(1109,0),(1110,0),(1111,0),(1112,0),(1113,0),(1114,0),(1115,0),(1116,0),(1117,0),(1118,0),(1119,0),(1120,0),(1121,0),(1122,0),(1123,0),(1124,0),(1125,0),(1126,0),(1127,0),(1128,0),(1129,0),(1130,0),(1131,0),(1132,0),(1133,0),(1134,0),(1135,0),(1136,0),(1137,0),(1138,0),(1139,0),(1140,0),(1141,0),(1142,0),(1143,0),(1144,0),(1145,0),(1146,0),(1147,0),(1148,0),(1149,0),(1150,0),(1151,0),(1152,0),(1153,0),(1154,0),(1155,0),(1156,0),(1157,0),(1158,0),(1159,0),(1160,0),(1161,0),(1162,0),(1163,0),(1164,0),(1165,0),(1166,0),(1167,0),(1168,0),(1169,0),(1170,0),(1171,0),(1172,0),(1173,0),(1174,0),(1175,0),(1176,0),(1177,0),(1178,0),(1179,0),(1180,0),(1181,0),(1182,0),(1183,0),(1184,0),(1185,0),(1186,0),(1187,0),(1188,0),(1189,0),(1190,0),(1191,0),(1192,0),(1193,0),(1194,0),(1195,0),(1196,0),(1197,0),(1198,0),(1199,0),(1200,0),(1201,0),(1202,0),(1203,0),(1204,0),(1205,0),(1206,0),(1207,0),(1208,0),(1209,0),(1210,0),(1211,0),(1212,0),(1213,0),(1214,0),(1215,0),(1216,0),(1217,0),(1218,0),(1219,0),(1220,0),(1221,0),(1222,0),(1223,0),(1224,0),(1225,0),(1226,0),(1227,0),(1228,0),(1229,0),(1230,0),(1231,0),(1232,0),(1233,0),(1234,0),(1235,0),(1236,0),(1237,0),(1238,0),(1239,0),(1240,0),(1241,0),(1242,0),(1243,0),(1244,0),(1245,0),(1246,0),(1247,0),(1248,0),(1249,0),(1250,0),(1251,0),(1252,0),(1253,0),(1254,0),(1255,0),(1256,0),(1257,0),(1258,0),(1259,0),(1260,0),(1261,0),(1262,0),(1263,0),(1264,0),(1265,0),(1266,0),(1267,0),(1268,0),(1269,0),(1270,0),(1271,0),(1272,0),(1273,0),(1274,0),(1275,0),(1276,0),(1277,0),(1278,0),(1279,0),(1280,0),(1281,0),(1282,0),(1283,0),(1284,0),(1285,0),(1286,0),(1287,0),(1288,0),(1289,0),(1290,0),(1291,0),(1292,0),(1293,0),(1294,0),(1296,0),(1297,0),(1298,0),(1299,0),(1300,0),(1301,0),(1302,0),(1303,0),(1304,0),(1305,0),(1306,0),(1307,0),(1308,0),(1309,0),(1310,0),(1311,0),(1312,0),(1313,0),(1314,0),(1315,0),(1316,0),(1317,0),(1318,0),(1319,0),(1320,0),(1321,0),(1322,0),(1323,0),(1324,0),(1325,0),(1326,0),(1327,0),(1328,0),(1329,0),(1330,0),(1331,0),(1332,0),(1333,0),(1334,0),(1335,0),(1336,0),(1337,0),(1338,0),(1339,0),(1340,0),(1341,0),(1342,0),(1343,0),(1344,0),(1345,0),(1346,0),(1347,0),(1348,0),(1349,0),(1350,0),(1351,0),(1352,0),(1353,0),(1354,0),(1355,0),(1356,0),(1357,0),(1358,0),(1359,0),(1360,0),(1361,0),(1362,0),(1363,0),(1364,0),(1365,0),(1366,0),(1367,0),(1368,0),(1369,0),(1370,0),(1371,0),(1372,0),(1373,0),(1374,0),(1375,0),(1376,0),(1377,0),(1378,0),(1379,0),(1380,0),(1381,0),(1382,0),(1383,0),(1384,0),(1385,0),(1386,0),(1387,0),(1388,0),(1389,0),(1390,0),(1391,0),(1392,0),(1393,0),(1394,0),(1395,0),(1396,0),(1397,0),(1398,0),(1399,0),(1400,0),(1401,0),(1402,0),(1403,0),(1404,0),(1405,0),(1406,0),(1407,0),(1408,0),(1409,0),(1410,0),(1411,0),(1412,0),(1413,0),(1414,0),(1415,0),(1416,0),(1417,0),(1418,0),(1419,0),(1420,0),(1421,0),(1422,0),(1423,0),(1424,0),(1425,0),(1426,0),(1427,0),(1428,0),(1429,0),(1430,0),(1431,0),(1432,0),(1433,0),(1434,0),(1435,0),(1436,0),(1437,0),(1438,0),(1439,0),(1440,0),(1441,0),(1442,0),(1443,0),(1444,0),(1445,0),(1446,0),(1447,0),(1448,0),(1449,0),(1450,0),(1451,0),(1452,0),(1453,0),(1454,0),(1455,0),(1456,0),(1457,0),(1458,0),(1459,0),(1460,0),(1461,0),(1462,0),(1463,0),(1464,0),(1465,0),(1466,0),(1467,0),(1468,0),(1469,0),(1470,0),(1471,0),(1472,0),(1473,0),(1474,0),(1475,0),(1476,0),(1477,0),(1478,0),(1479,0),(1480,0),(1481,0),(1482,0),(1483,0),(1484,0),(1485,0),(1486,0),(1487,0),(1488,0),(1489,0),(1490,0),(1491,0),(1492,0),(1493,0),(1494,0),(1495,0),(1496,0),(1497,0),(1498,0),(1499,0),(1500,0),(1501,0),(1502,0),(1503,0),(1504,0),(1505,0),(1506,0),(1507,0),(1508,0),(1509,0),(1510,0),(1511,0),(1512,0),(1513,0),(1514,0),(1515,0),(1516,0),(1517,0),(1518,0),(1519,0),(1520,0),(1521,0),(1522,0),(1523,0),(1524,0),(1525,0),(1526,0),(1527,0),(1528,0),(1529,0),(1530,0),(1531,0),(1532,0),(1533,0),(1534,0),(1535,0),(1536,0),(1537,0),(1538,0),(1539,0),(1540,0),(1541,0),(1542,0),(1543,0),(1544,0),(1545,0),(1546,0),(1547,0),(1548,0),(1549,0),(1550,0),(1551,0),(1552,0),(1553,0),(1554,0),(1555,0),(1556,0),(1557,0),(1558,0),(1559,0),(1560,0),(1561,0),(1562,0),(1563,0),(1564,0),(1565,0),(1566,0),(1567,0),(1568,0),(1569,0),(1570,0),(1571,0),(1572,0),(1573,0),(1574,0),(1575,0),(1576,0),(1577,0),(1578,0),(1579,0),(1580,0),(1581,0),(1582,0),(1583,0),(1584,0),(1585,0),(1586,0),(1587,0),(1588,0),(1589,0),(1590,0),(1591,0),(1592,0),(1593,0),(1594,0),(1595,0),(1596,0),(1597,0),(1598,0),(1599,0),(122,1),(123,1),(124,1),(125,1),(126,1),(127,1),(128,1),(129,1),(130,1),(131,1),(132,1),(133,1),(134,1),(135,1),(136,1),(137,1),(138,1),(139,1),(140,1),(141,1),(142,1),(143,1),(144,1),(145,1),(146,1),(147,1),(148,1),(149,1),(150,1),(151,1),(152,1),(153,1),(154,1),(155,1),(156,1),(157,1),(158,1),(159,1),(160,1),(161,1),(162,1),(163,1),(164,1),(165,1),(166,1),(167,1),(168,1),(169,1),(170,1),(171,1),(172,1),(173,1),(174,1),(175,1),(176,1),(177,1),(178,1),(179,1),(180,1),(181,1),(182,1),(183,1),(184,1),(185,1),(186,1),(187,1),(188,1),(189,1),(190,1),(191,1),(192,1),(193,1),(194,1),(195,1),(196,1),(197,1),(198,1),(199,1),(200,1),(201,1),(202,1),(203,1),(204,1),(205,1),(206,1),(207,1),(208,1),(209,1),(210,1),(211,1),(212,1),(213,1),(214,1),(215,1),(216,1),(217,1),(218,1),(219,1),(220,1),(221,1),(222,1),(223,1),(224,1),(225,1),(226,1),(227,1),(228,1),(229,1),(230,1),(231,1),(232,1),(233,1),(234,1),(235,1),(236,1),(237,1),(238,1),(239,1),(240,1),(241,1),(242,1),(243,1),(244,1),(245,1),(246,1),(247,1),(248,1),(249,1),(250,1),(251,1),(252,1),(253,1),(254,1),(255,1),(256,1),(257,1),(258,1),(259,1),(260,1),(261,1),(262,1),(263,1),(264,1),(265,1),(266,1),(267,1),(268,1),(269,1),(270,1),(271,1),(272,1),(273,1),(274,1),(275,1),(276,1),(277,1),(278,1),(279,1),(280,1),(281,1),(282,1),(283,1),(284,1),(285,1),(286,1),(287,1),(288,1),(289,1),(290,1),(291,1),(292,1),(293,1),(294,1),(295,1),(296,1),(297,1),(298,1),(299,1),(300,1),(301,1),(302,1),(303,1),(304,1),(305,1),(306,1),(307,1),(308,1),(309,1),(310,1),(311,1),(312,1),(313,1),(314,1),(315,1),(316,1),(317,1),(318,1),(319,1),(320,1),(321,1),(322,1),(323,1),(324,1),(325,1),(326,1),(327,1),(328,1),(329,1),(330,1),(331,1),(332,1),(333,1),(334,1),(335,1),(336,1),(337,1),(338,1),(339,1),(340,1),(341,1),(342,1),(343,1),(344,1),(345,1),(346,1),(347,1),(348,1),(349,1),(350,1),(351,1),(352,1),(353,1),(354,1),(355,1),(356,1),(357,1),(358,1),(359,1),(360,1),(361,1),(362,1),(363,1),(364,1),(365,1),(366,1),(367,1),(368,1),(369,1),(370,1),(371,1),(372,1),(373,1),(374,1),(375,1),(376,1),(377,1),(378,1),(379,1),(380,1),(381,1),(382,1),(383,1),(384,1),(385,1),(386,1),(387,1),(388,1),(389,1),(390,1),(391,1),(392,1),(393,1),(394,1),(395,1),(396,1),(397,1),(398,1),(399,1),(400,1),(401,1),(402,1),(403,1),(405,1),(406,1),(407,1),(408,1),(409,1),(410,1),(411,1),(412,1),(413,1),(414,1),(415,1),(416,1),(417,1),(418,1),(419,1),(420,1),(421,1),(422,1),(423,1),(424,1),(425,1),(426,1),(427,1),(428,1),(429,1),(430,1),(431,1),(432,1),(433,1),(434,1),(435,1),(436,1),(437,1),(438,1),(439,1),(440,1),(441,1),(442,1),(443,1),(444,1),(445,1),(446,1),(447,1),(448,1),(449,1),(450,1),(451,1),(452,1),(453,1),(454,1),(455,1),(456,1),(457,1),(458,1),(459,1),(460,1),(461,1),(462,1),(463,1),(464,1),(465,1),(466,1),(467,1),(468,1),(469,1),(470,1),(471,1),(472,1),(473,1),(474,1),(475,1),(476,1),(477,1),(478,1),(479,1),(480,1),(481,1),(482,1),(483,1),(484,1),(485,1),(486,1),(487,1),(488,1),(489,1),(490,1),(491,1),(492,1),(493,1),(494,1),(495,1),(496,1),(497,1),(498,1),(499,1),(500,1),(501,1),(502,1),(503,1),(504,1),(505,1),(506,1),(507,1),(508,1),(509,1),(510,1),(511,1),(512,1),(513,1),(514,1),(515,1),(516,1),(517,1),(518,1),(519,1),(520,1),(521,1),(522,1),(524,1),(525,1),(526,1),(527,1),(528,1),(529,1),(530,1),(531,1),(532,1),(533,1),(534,1),(535,1),(536,1),(537,1),(538,1),(539,1),(540,1),(541,1),(542,1),(543,1),(544,1),(545,1),(546,1),(547,1),(548,1),(549,1),(550,1),(551,1),(552,1),(553,1),(554,1),(555,1),(556,1),(557,1),(558,1),(559,1),(560,1),(561,1),(562,1),(563,1),(564,1),(565,1),(566,1),(567,1),(568,1),(569,1),(570,1),(571,1),(572,1),(573,1),(574,1),(575,1),(576,1),(577,1),(578,1),(579,1),(580,1),(581,1),(582,1),(583,1),(584,1),(585,1),(586,1),(587,1),(588,1),(589,1),(590,1),(591,1),(592,1),(593,1),(594,1),(595,1),(596,1),(597,1),(598,1),(599,1),(600,1),(601,1),(602,1),(603,1),(604,1),(605,1),(606,1),(607,1),(608,1),(609,1),(610,1),(611,1),(612,1),(613,1),(614,1),(615,1),(616,1),(617,1),(618,1),(619,1),(620,1),(621,1),(622,1),(623,1),(624,1),(625,1),(626,1),(627,1),(628,1),(629,1),(630,1),(631,1),(632,1),(633,1),(634,1),(635,1),(636,1),(637,1),(638,1),(639,1),(640,1),(641,1),(642,1),(643,1),(644,1),(645,1),(646,1),(647,1),(648,1),(649,1),(650,1),(651,1),(652,1),(653,1),(654,1),(655,1),(656,1),(657,1),(658,1),(659,1),(660,1),(661,1),(662,1),(663,1),(664,1),(665,1),(666,1),(667,1),(668,1),(669,1),(670,1),(671,1),(672,1),(673,1),(674,1),(675,1),(676,1),(677,1),(678,1),(679,1),(680,1),(681,1),(682,1),(683,1),(684,1),(685,1),(686,1),(687,1),(688,1),(689,1),(690,1),(691,1),(692,1),(693,1),(694,1),(695,1),(696,1),(697,1),(698,1),(699,1),(700,1),(701,1),(702,1),(703,1),(704,1),(705,1),(706,1),(707,1),(708,1),(709,1),(710,1),(711,1),(712,1),(713,1),(714,1),(715,1),(716,1),(717,1),(718,1),(719,1),(720,1),(721,1),(722,1),(723,1),(724,1),(725,1),(726,1),(727,1),(728,1),(729,1),(730,1),(731,1),(732,1),(733,1),(734,1),(735,1),(736,1),(737,1),(738,1),(739,1),(740,1),(741,1),(742,1),(743,1),(744,1),(745,1),(746,1),(747,1),(748,1),(749,1),(750,1),(751,1),(752,1),(753,1),(754,1),(755,1),(756,1),(757,1),(758,1),(759,1),(760,1),(761,1),(762,1),(763,1),(764,1),(765,1),(766,1),(767,1),(768,1),(769,1),(770,1),(771,1),(772,1),(773,1),(774,1),(775,1),(776,1),(777,1),(778,1),(779,1),(780,1),(781,1),(782,1),(783,1),(784,1),(785,1),(786,1),(787,1),(788,1),(789,1),(790,1),(791,1),(792,1),(793,1),(794,1),(795,1),(796,1),(797,1),(798,1),(799,1),(800,1),(801,1),(802,1),(803,1),(804,1),(805,1),(806,1),(807,1),(808,1),(809,1),(810,1),(811,1),(812,1),(813,1),(814,1),(815,1),(816,1),(817,1),(818,1),(819,1),(820,1),(821,1),(822,1),(823,1),(824,1),(825,1),(826,1),(827,1),(828,1),(829,1),(830,1),(831,1),(832,1),(833,1),(834,1),(835,1),(836,1),(837,1),(838,1),(839,1),(840,1),(841,1),(842,1),(843,1),(844,1),(845,1),(846,1),(847,1),(848,1),(849,1),(850,1),(851,1),(852,1),(853,1),(854,1),(855,1),(856,1),(857,1),(858,1),(859,1),(860,1),(861,1),(862,1),(863,1),(864,1),(865,1),(866,1),(867,1),(868,1),(869,1),(870,1),(871,1),(872,1),(873,1),(874,1),(875,1),(876,1),(877,1),(878,1),(879,1),(880,1),(881,1),(882,1),(883,1),(884,1),(885,1),(886,1),(887,1),(888,1),(889,1),(890,1),(891,1),(892,1),(893,1),(894,1),(895,1),(896,1),(897,1),(898,1),(899,1),(900,1),(901,1),(902,1),(903,1),(904,1),(905,1),(906,1),(907,1),(908,1),(909,1),(910,1),(911,1),(912,1),(913,1),(914,1),(915,1),(916,1),(917,1),(918,1),(919,1),(920,1),(921,1),(922,1),(923,1),(924,1),(925,1),(926,1),(927,1),(928,1),(929,1),(930,1),(931,1),(932,1),(933,1),(934,1),(935,1),(936,1),(937,1),(938,1),(939,1),(940,1),(941,1),(942,1),(943,1),(944,1),(945,1),(946,1),(947,1),(948,1),(949,1),(950,1),(951,1),(952,1),(953,1),(954,1),(955,1),(956,1),(957,1),(958,1),(959,1),(960,1),(961,1),(962,1),(963,1),(964,1),(965,1),(966,1),(967,1),(968,1),(969,1),(970,1),(971,1),(972,1),(973,1),(974,1),(975,1),(976,1),(977,1),(978,1),(979,1),(980,1),(981,1),(982,1),(983,1),(984,1),(985,1),(986,1),(987,1),(988,1),(989,1),(990,1),(991,1),(992,1),(993,1),(994,1),(995,1),(996,1),(997,1),(998,1),(999,1),(1000,1),(1001,1),(1002,1),(1003,1),(1004,1),(1005,1),(1006,1),(1007,1),(1008,1),(1009,1),(1010,1),(1011,1),(1012,1),(1013,1),(1014,1),(1015,1),(1016,1),(1017,1),(1018,1),(1019,1),(1020,1),(1021,1),(1022,1),(1023,1),(1024,1),(1025,1),(1026,1),(1027,1),(1028,1),(1029,1),(1030,1),(1031,1),(1032,1),(1033,1),(1034,1),(1035,1),(1036,1),(1037,1),(1038,1),(1039,1),(1040,1),(1041,1),(1042,1),(1043,1),(1044,1),(1045,1),(1046,1),(1047,1),(1048,1),(1049,1),(1050,1),(1051,1),(1052,1),(1053,1),(1054,1),(1055,1),(1056,1),(1057,1),(1058,1),(1059,1),(1060,1),(1061,1),(1062,1),(1063,1),(1064,1),(1065,1),(1066,1),(1067,1),(1068,1),(1069,1),(1070,1),(1071,1),(1072,1),(1073,1),(1074,1),(1075,1),(1076,1),(1077,1),(1078,1),(1079,1),(1080,1),(1081,1),(1082,1),(1083,1),(1084,1),(1085,1),(1086,1),(1087,1),(1088,1),(1089,1),(1090,1),(1091,1),(1092,1),(1093,1),(1094,1),(1095,1),(1096,1),(1097,1),(1098,1),(1099,1),(1100,1),(1101,1),(1102,1),(1103,1),(1104,1),(1105,1),(1106,1),(1107,1),(1108,1),(1109,1),(1110,1),(1111,1),(1112,1),(1113,1),(1114,1),(1115,1),(1116,1),(1117,1),(1118,1),(1119,1),(1120,1),(1121,1),(1122,1),(1123,1),(1124,1),(1125,1),(1126,1),(1127,1),(1128,1),(1129,1),(1130,1),(1131,1),(1132,1),(1133,1),(1134,1),(1135,1),(1136,1),(1137,1),(1138,1),(1139,1),(1140,1),(1141,1),(1142,1),(1143,1),(1144,1),(1145,1),(1146,1),(1147,1),(1148,1),(1149,1),(1150,1),(1151,1),(1152,1),(1153,1),(1154,1),(1155,1),(1156,1),(1157,1),(1158,1),(1159,1),(1160,1),(1161,1),(1162,1),(1163,1),(1164,1),(1165,1),(1166,1),(1167,1),(1168,1),(1169,1),(1170,1),(1171,1),(1172,1),(1173,1),(1174,1),(1175,1),(1176,1),(1177,1),(1178,1),(1179,1),(1180,1),(1181,1),(1182,1),(1183,1),(1184,1),(1185,1),(1186,1),(1187,1),(1188,1),(1189,1),(1190,1),(1191,1),(1192,1),(1193,1),(1194,1),(1195,1),(1196,1),(1197,1),(1198,1),(1199,1),(1200,1),(1201,1),(1202,1),(1203,1),(1204,1),(1205,1),(1206,1),(1207,1),(1208,1),(1209,1),(1210,1),(1211,1),(1212,1),(1213,1),(1214,1),(1215,1),(1216,1),(1217,1),(1218,1),(1219,1),(1220,1),(1221,1),(1222,1),(1223,1),(1224,1),(1225,1),(1226,1),(1227,1),(1228,1),(1229,1),(1230,1),(1231,1),(1232,1),(1233,1),(1234,1),(1235,1),(1236,1),(1237,1),(1238,1),(1239,1),(1240,1),(1241,1),(1242,1),(1243,1),(1244,1),(1245,1),(1246,1),(1247,1),(1248,1),(1249,1),(1250,1),(1251,1),(1252,1),(1253,1),(1254,1),(1255,1),(1256,1),(1257,1),(1258,1),(1259,1),(1260,1),(1261,1),(1262,1),(1263,1),(1264,1),(1265,1),(1266,1),(1267,1),(1268,1),(1269,1),(1270,1),(1271,1),(1272,1),(1273,1),(1274,1),(1275,1),(1276,1),(1277,1),(1278,1),(1279,1),(1280,1),(1281,1),(1282,1),(1283,1),(1284,1),(1285,1),(1286,1),(1287,1),(1288,1),(1289,1),(1290,1),(1291,1),(1292,1),(1293,1),(1294,1),(1296,1),(1297,1),(1298,1),(1299,1),(1300,1),(1301,1),(1302,1),(1303,1),(1304,1),(1305,1),(1306,1),(1307,1),(1308,1),(1309,1),(1310,1),(1311,1),(1312,1),(1313,1),(1314,1),(1315,1),(1316,1),(1317,1),(1318,1),(1319,1),(1320,1),(1321,1),(1322,1),(1323,1),(1324,1),(1325,1),(1326,1),(1327,1),(1328,1),(1329,1),(1330,1),(1331,1),(1332,1),(1333,1),(1334,1),(1335,1),(1336,1),(1337,1),(1338,1),(1339,1),(1340,1),(1341,1),(1342,1),(1343,1),(1344,1),(1345,1),(1346,1),(1347,1),(1348,1),(1349,1),(1350,1),(1351,1),(1352,1),(1353,1),(1354,1),(1355,1),(1356,1),(1357,1),(1358,1),(1359,1),(1360,1),(1361,1),(1362,1),(1363,1),(1364,1),(1365,1),(1366,1),(1367,1),(1368,1),(1369,1),(1370,1),(1371,1),(1372,1),(1373,1),(1374,1),(1375,1),(1376,1),(1377,1),(1378,1),(1379,1),(1380,1),(1381,1),(1382,1),(1383,1),(1384,1),(1385,1),(1386,1),(1387,1),(1388,1),(1389,1),(1390,1),(1391,1),(1392,1),(1393,1),(1394,1),(1395,1),(1396,1),(1397,1),(1398,1),(1399,1),(1400,1),(1401,1),(1402,1),(1403,1),(1404,1),(1405,1),(1406,1),(1407,1),(1408,1),(1409,1),(1410,1),(1411,1),(1412,1),(1413,1),(1414,1),(1415,1),(1416,1),(1417,1),(1418,1),(1419,1),(1420,1),(1421,1),(1422,1),(1423,1),(1424,1),(1425,1),(1426,1),(1427,1),(1428,1),(1429,1),(1430,1),(1431,1),(1432,1),(1433,1),(1434,1),(1435,1),(1436,1),(1437,1),(1438,1),(1439,1),(1440,1),(1441,1),(1442,1),(1443,1),(1444,1),(1445,1),(1446,1),(1447,1),(1448,1),(1449,1),(1450,1),(1451,1),(1452,1),(1453,1),(1454,1),(1455,1),(1456,1),(1457,1),(1458,1),(1459,1),(1460,1),(1461,1),(1462,1),(1463,1),(1464,1),(1465,1),(1466,1),(1467,1),(1468,1),(1469,1),(1470,1),(1471,1),(1472,1),(1473,1),(1474,1),(1475,1),(1476,1),(1477,1),(1478,1),(1479,1),(1480,1),(1481,1),(1482,1),(1483,1),(1484,1),(1485,1),(1486,1),(1487,1),(1488,1),(1489,1),(1490,1),(1491,1),(1492,1),(1493,1),(1494,1),(1495,1),(1496,1),(1497,1),(1498,1),(1499,1),(1500,1),(1501,1),(1502,1),(1503,1),(1504,1),(1505,1),(1506,1),(1507,1),(1508,1),(1509,1),(1510,1),(1511,1),(1512,1),(1513,1),(1514,1),(1515,1),(1516,1),(1517,1),(1518,1),(1519,1),(1520,1),(1521,1),(1522,1),(1523,1),(1524,1),(1525,1),(1526,1),(1527,1),(1528,1),(1529,1),(1530,1),(1531,1),(1532,1),(1533,1),(1534,1),(1535,1),(1536,1),(1537,1),(1538,1),(1539,1),(1540,1),(1541,1),(1542,1),(1543,1),(1544,1),(1545,1),(1546,1),(1547,1),(1548,1),(1549,1),(1550,1),(1551,1),(1552,1),(1553,1),(1554,1),(1555,1),(1556,1),(1557,1),(1558,1),(1559,1),(1560,1),(1561,1),(1562,1),(1563,1),(1564,1),(1565,1),(1566,1),(1567,1),(1568,1),(1569,1),(1570,1),(1571,1),(1572,1),(1573,1),(1574,1),(1575,1),(1576,1),(1577,1),(1578,1),(1579,1),(1580,1),(1581,1),(1582,1),(1583,1),(1584,1),(1585,1),(1586,1),(1587,1),(1588,1),(1589,1),(1590,1),(1591,1),(1592,1),(1593,1),(1594,1),(1595,1),(1596,1),(1597,1),(1598,1),(1599,1);

--
-- Table structure for table `sales_bestsellers_aggregated_daily`
--

CREATE TABLE `sales_bestsellers_aggregated_daily` (
  `id` int(10) unsigned NOT NULL AUTO_INCREMENT COMMENT 'Id',
  `period` date DEFAULT NULL COMMENT 'Period',
  `store_id` smallint(5) unsigned DEFAULT NULL COMMENT 'Store Id',
  `product_id` int(10) unsigned DEFAULT NULL COMMENT 'Product Id',
  `product_name` varchar(255) DEFAULT NULL COMMENT 'Product Name',
  `product_price` decimal(12,4) NOT NULL DEFAULT '0.0000' COMMENT 'Product Price',
  `qty_ordered` decimal(12,4) NOT NULL DEFAULT '0.0000' COMMENT 'Qty Ordered',
  `rating_pos` smallint(5) unsigned NOT NULL COMMENT 'Rating Pos',
  PRIMARY KEY (`id`),
  UNIQUE KEY `UNQ_SALES_BESTSELLERS_AGGRED_DAILY_PERIOD_STORE_ID_PRD_ID` (`period`,`store_id`,`product_id`),
  KEY `IDX_SALES_BESTSELLERS_AGGREGATED_DAILY_STORE_ID` (`store_id`),
  KEY `IDX_SALES_BESTSELLERS_AGGREGATED_DAILY_PRODUCT_ID` (`product_id`),
  CONSTRAINT `FK_SALES_BESTSELLERS_AGGRED_DAILY_PRD_ID_CAT_PRD_ENTT_ENTT_ID` FOREIGN KEY (`product_id`) REFERENCES `catalog_product_entity` (`entity_id`) ON DELETE CASCADE ON UPDATE CASCADE,
  CONSTRAINT `FK_SALES_BESTSELLERS_AGGRED_DAILY_STORE_ID_CORE_STORE_STORE_ID` FOREIGN KEY (`store_id`) REFERENCES `core_store` (`store_id`) ON DELETE CASCADE ON UPDATE CASCADE
) ENGINE=InnoDB DEFAULT CHARSET=utf8 COMMENT='Sales Bestsellers Aggregated Daily';

--
-- Dumping data for table `sales_bestsellers_aggregated_daily`
--


--
-- Table structure for table `sales_bestsellers_aggregated_monthly`
--

CREATE TABLE `sales_bestsellers_aggregated_monthly` (
  `id` int(10) unsigned NOT NULL AUTO_INCREMENT COMMENT 'Id',
  `period` date DEFAULT NULL COMMENT 'Period',
  `store_id` smallint(5) unsigned DEFAULT NULL COMMENT 'Store Id',
  `product_id` int(10) unsigned DEFAULT NULL COMMENT 'Product Id',
  `product_name` varchar(255) DEFAULT NULL COMMENT 'Product Name',
  `product_price` decimal(12,4) NOT NULL DEFAULT '0.0000' COMMENT 'Product Price',
  `qty_ordered` decimal(12,4) NOT NULL DEFAULT '0.0000' COMMENT 'Qty Ordered',
  `rating_pos` smallint(5) unsigned NOT NULL COMMENT 'Rating Pos',
  PRIMARY KEY (`id`),
  UNIQUE KEY `UNQ_SALES_BESTSELLERS_AGGRED_MONTHLY_PERIOD_STORE_ID_PRD_ID` (`period`,`store_id`,`product_id`),
  KEY `IDX_SALES_BESTSELLERS_AGGREGATED_MONTHLY_STORE_ID` (`store_id`),
  KEY `IDX_SALES_BESTSELLERS_AGGREGATED_MONTHLY_PRODUCT_ID` (`product_id`),
  CONSTRAINT `FK_SALES_BESTSELLERS_AGGRED_MONTHLY_PRD_ID_CAT_PRD_ENTT_ENTT_ID` FOREIGN KEY (`product_id`) REFERENCES `catalog_product_entity` (`entity_id`) ON DELETE CASCADE ON UPDATE CASCADE,
  CONSTRAINT `FK_SALES_BESTSELLERS_AGGRED_MONTHLY_STORE_ID_CORE_STORE_STORE_ID` FOREIGN KEY (`store_id`) REFERENCES `core_store` (`store_id`) ON DELETE CASCADE ON UPDATE CASCADE
) ENGINE=InnoDB DEFAULT CHARSET=utf8 COMMENT='Sales Bestsellers Aggregated Monthly';

--
-- Dumping data for table `sales_bestsellers_aggregated_monthly`
--


--
-- Table structure for table `sales_bestsellers_aggregated_yearly`
--

CREATE TABLE `sales_bestsellers_aggregated_yearly` (
  `id` int(10) unsigned NOT NULL AUTO_INCREMENT COMMENT 'Id',
  `period` date DEFAULT NULL COMMENT 'Period',
  `store_id` smallint(5) unsigned DEFAULT NULL COMMENT 'Store Id',
  `product_id` int(10) unsigned DEFAULT NULL COMMENT 'Product Id',
  `product_name` varchar(255) DEFAULT NULL COMMENT 'Product Name',
  `product_price` decimal(12,4) NOT NULL DEFAULT '0.0000' COMMENT 'Product Price',
  `qty_ordered` decimal(12,4) NOT NULL DEFAULT '0.0000' COMMENT 'Qty Ordered',
  `rating_pos` smallint(5) unsigned NOT NULL COMMENT 'Rating Pos',
  PRIMARY KEY (`id`),
  UNIQUE KEY `UNQ_SALES_BESTSELLERS_AGGRED_YEARLY_PERIOD_STORE_ID_PRD_ID` (`period`,`store_id`,`product_id`),
  KEY `IDX_SALES_BESTSELLERS_AGGREGATED_YEARLY_STORE_ID` (`store_id`),
  KEY `IDX_SALES_BESTSELLERS_AGGREGATED_YEARLY_PRODUCT_ID` (`product_id`),
  CONSTRAINT `FK_SALES_BESTSELLERS_AGGRED_YEARLY_PRD_ID_CAT_PRD_ENTT_ENTT_ID` FOREIGN KEY (`product_id`) REFERENCES `catalog_product_entity` (`entity_id`) ON DELETE CASCADE ON UPDATE CASCADE,
  CONSTRAINT `FK_SALES_BESTSELLERS_AGGRED_YEARLY_STORE_ID_CORE_STORE_STORE_ID` FOREIGN KEY (`store_id`) REFERENCES `core_store` (`store_id`) ON DELETE CASCADE ON UPDATE CASCADE
) ENGINE=InnoDB DEFAULT CHARSET=utf8 COMMENT='Sales Bestsellers Aggregated Yearly';

--
-- Dumping data for table `sales_bestsellers_aggregated_yearly`
--


--
-- Table structure for table `sales_billing_agreement`
--

CREATE TABLE `sales_billing_agreement` (
  `agreement_id` int(10) unsigned NOT NULL AUTO_INCREMENT COMMENT 'Agreement Id',
  `customer_id` int(10) unsigned NOT NULL COMMENT 'Customer Id',
  `method_code` varchar(32) NOT NULL COMMENT 'Method Code',
  `reference_id` varchar(32) NOT NULL COMMENT 'Reference Id',
  `status` varchar(20) NOT NULL COMMENT 'Status',
  `created_at` timestamp NOT NULL DEFAULT CURRENT_TIMESTAMP ON UPDATE CURRENT_TIMESTAMP COMMENT 'Created At',
  `updated_at` timestamp NULL DEFAULT NULL COMMENT 'Updated At',
  `store_id` smallint(5) unsigned DEFAULT NULL COMMENT 'Store Id',
  `agreement_label` varchar(255) DEFAULT NULL COMMENT 'Agreement Label',
  PRIMARY KEY (`agreement_id`),
  KEY `IDX_SALES_BILLING_AGREEMENT_CUSTOMER_ID` (`customer_id`),
  KEY `IDX_SALES_BILLING_AGREEMENT_STORE_ID` (`store_id`),
  CONSTRAINT `FK_SALES_BILLING_AGREEMENT_CUSTOMER_ID_CUSTOMER_ENTITY_ENTITY_ID` FOREIGN KEY (`customer_id`) REFERENCES `customer_entity` (`entity_id`) ON DELETE CASCADE ON UPDATE CASCADE,
  CONSTRAINT `FK_SALES_BILLING_AGREEMENT_STORE_ID_CORE_STORE_STORE_ID` FOREIGN KEY (`store_id`) REFERENCES `core_store` (`store_id`) ON DELETE SET NULL ON UPDATE CASCADE
) ENGINE=InnoDB DEFAULT CHARSET=utf8 COMMENT='Sales Billing Agreement';

--
-- Dumping data for table `sales_billing_agreement`
--


--
-- Table structure for table `sales_billing_agreement_order`
--

CREATE TABLE `sales_billing_agreement_order` (
  `agreement_id` int(10) unsigned NOT NULL COMMENT 'Agreement Id',
  `order_id` int(10) unsigned NOT NULL COMMENT 'Order Id',
  PRIMARY KEY (`agreement_id`,`order_id`),
  KEY `IDX_SALES_BILLING_AGREEMENT_ORDER_ORDER_ID` (`order_id`),
  CONSTRAINT `FK_SALES_BILLING_AGRT_ORDER_AGRT_ID_SALES_BILLING_AGRT_AGRT_ID` FOREIGN KEY (`agreement_id`) REFERENCES `sales_billing_agreement` (`agreement_id`) ON DELETE CASCADE ON UPDATE CASCADE,
  CONSTRAINT `FK_SALES_BILLING_AGRT_ORDER_ORDER_ID_SALES_FLAT_ORDER_ENTT_ID` FOREIGN KEY (`order_id`) REFERENCES `sales_flat_order` (`entity_id`) ON DELETE CASCADE ON UPDATE CASCADE
) ENGINE=InnoDB DEFAULT CHARSET=utf8 COMMENT='Sales Billing Agreement Order';

--
-- Dumping data for table `sales_billing_agreement_order`
--


--
-- Table structure for table `sales_flat_creditmemo`
--

CREATE TABLE `sales_flat_creditmemo` (
  `entity_id` int(10) unsigned NOT NULL AUTO_INCREMENT COMMENT 'Entity Id',
  `store_id` smallint(5) unsigned DEFAULT NULL COMMENT 'Store Id',
  `adjustment_positive` decimal(12,4) DEFAULT NULL COMMENT 'Adjustment Positive',
  `base_shipping_tax_amount` decimal(12,4) DEFAULT NULL COMMENT 'Base Shipping Tax Amount',
  `store_to_order_rate` decimal(12,4) DEFAULT NULL COMMENT 'Store To Order Rate',
  `base_discount_amount` decimal(12,4) DEFAULT NULL COMMENT 'Base Discount Amount',
  `base_to_order_rate` decimal(12,4) DEFAULT NULL COMMENT 'Base To Order Rate',
  `grand_total` decimal(12,4) DEFAULT NULL COMMENT 'Grand Total',
  `base_adjustment_negative` decimal(12,4) DEFAULT NULL COMMENT 'Base Adjustment Negative',
  `base_subtotal_incl_tax` decimal(12,4) DEFAULT NULL COMMENT 'Base Subtotal Incl Tax',
  `shipping_amount` decimal(12,4) DEFAULT NULL COMMENT 'Shipping Amount',
  `subtotal_incl_tax` decimal(12,4) DEFAULT NULL COMMENT 'Subtotal Incl Tax',
  `adjustment_negative` decimal(12,4) DEFAULT NULL COMMENT 'Adjustment Negative',
  `base_shipping_amount` decimal(12,4) DEFAULT NULL COMMENT 'Base Shipping Amount',
  `store_to_base_rate` decimal(12,4) DEFAULT NULL COMMENT 'Store To Base Rate',
  `base_to_global_rate` decimal(12,4) DEFAULT NULL COMMENT 'Base To Global Rate',
  `base_adjustment` decimal(12,4) DEFAULT NULL COMMENT 'Base Adjustment',
  `base_subtotal` decimal(12,4) DEFAULT NULL COMMENT 'Base Subtotal',
  `discount_amount` decimal(12,4) DEFAULT NULL COMMENT 'Discount Amount',
  `subtotal` decimal(12,4) DEFAULT NULL COMMENT 'Subtotal',
  `adjustment` decimal(12,4) DEFAULT NULL COMMENT 'Adjustment',
  `base_grand_total` decimal(12,4) DEFAULT NULL COMMENT 'Base Grand Total',
  `base_adjustment_positive` decimal(12,4) DEFAULT NULL COMMENT 'Base Adjustment Positive',
  `base_tax_amount` decimal(12,4) DEFAULT NULL COMMENT 'Base Tax Amount',
  `shipping_tax_amount` decimal(12,4) DEFAULT NULL COMMENT 'Shipping Tax Amount',
  `tax_amount` decimal(12,4) DEFAULT NULL COMMENT 'Tax Amount',
  `order_id` int(10) unsigned NOT NULL COMMENT 'Order Id',
  `email_sent` smallint(5) unsigned DEFAULT NULL COMMENT 'Email Sent',
  `creditmemo_status` int(11) DEFAULT NULL COMMENT 'Creditmemo Status',
  `state` int(11) DEFAULT NULL COMMENT 'State',
  `shipping_address_id` int(11) DEFAULT NULL COMMENT 'Shipping Address Id',
  `billing_address_id` int(11) DEFAULT NULL COMMENT 'Billing Address Id',
  `invoice_id` int(11) DEFAULT NULL COMMENT 'Invoice Id',
  `cybersource_token` varchar(255) DEFAULT NULL,
  `store_currency_code` varchar(3) DEFAULT NULL COMMENT 'Store Currency Code',
  `order_currency_code` varchar(3) DEFAULT NULL COMMENT 'Order Currency Code',
  `base_currency_code` varchar(3) DEFAULT NULL COMMENT 'Base Currency Code',
  `global_currency_code` varchar(3) DEFAULT NULL COMMENT 'Global Currency Code',
  `transaction_id` varchar(255) DEFAULT NULL COMMENT 'Transaction Id',
  `increment_id` varchar(50) DEFAULT NULL COMMENT 'Increment Id',
  `created_at` timestamp NULL DEFAULT NULL COMMENT 'Created At',
  `updated_at` timestamp NULL DEFAULT NULL COMMENT 'Updated At',
  `hidden_tax_amount` decimal(12,4) DEFAULT NULL COMMENT 'Hidden Tax Amount',
  `base_hidden_tax_amount` decimal(12,4) DEFAULT NULL COMMENT 'Base Hidden Tax Amount',
  `shipping_hidden_tax_amount` decimal(12,4) DEFAULT NULL COMMENT 'Shipping Hidden Tax Amount',
  `base_shipping_hidden_tax_amnt` decimal(12,4) DEFAULT NULL COMMENT 'Base Shipping Hidden Tax Amount',
  `shipping_incl_tax` decimal(12,4) DEFAULT NULL COMMENT 'Shipping Incl Tax',
  `base_shipping_incl_tax` decimal(12,4) DEFAULT NULL COMMENT 'Base Shipping Incl Tax',
  PRIMARY KEY (`entity_id`),
  UNIQUE KEY `UNQ_SALES_FLAT_CREDITMEMO_INCREMENT_ID` (`increment_id`),
  KEY `IDX_SALES_FLAT_CREDITMEMO_STORE_ID` (`store_id`),
  KEY `IDX_SALES_FLAT_CREDITMEMO_ORDER_ID` (`order_id`),
  KEY `IDX_SALES_FLAT_CREDITMEMO_CREDITMEMO_STATUS` (`creditmemo_status`),
  KEY `IDX_SALES_FLAT_CREDITMEMO_STATE` (`state`),
  KEY `IDX_SALES_FLAT_CREDITMEMO_CREATED_AT` (`created_at`),
  CONSTRAINT `FK_SALES_FLAT_CREDITMEMO_ORDER_ID_SALES_FLAT_ORDER_ENTITY_ID` FOREIGN KEY (`order_id`) REFERENCES `sales_flat_order` (`entity_id`) ON DELETE CASCADE ON UPDATE CASCADE,
  CONSTRAINT `FK_SALES_FLAT_CREDITMEMO_STORE_ID_CORE_STORE_STORE_ID` FOREIGN KEY (`store_id`) REFERENCES `core_store` (`store_id`) ON DELETE SET NULL ON UPDATE CASCADE
) ENGINE=InnoDB DEFAULT CHARSET=utf8 COMMENT='Sales Flat Creditmemo';

--
-- Dumping data for table `sales_flat_creditmemo`
--


--
-- Table structure for table `sales_flat_creditmemo_comment`
--

CREATE TABLE `sales_flat_creditmemo_comment` (
  `entity_id` int(10) unsigned NOT NULL AUTO_INCREMENT COMMENT 'Entity Id',
  `parent_id` int(10) unsigned NOT NULL COMMENT 'Parent Id',
  `is_customer_notified` int(11) DEFAULT NULL COMMENT 'Is Customer Notified',
  `is_visible_on_front` smallint(5) unsigned NOT NULL COMMENT 'Is Visible On Front',
  `comment` text COMMENT 'Comment',
  `created_at` timestamp NULL DEFAULT NULL COMMENT 'Created At',
  PRIMARY KEY (`entity_id`),
  KEY `IDX_SALES_FLAT_CREDITMEMO_COMMENT_CREATED_AT` (`created_at`),
  KEY `IDX_SALES_FLAT_CREDITMEMO_COMMENT_PARENT_ID` (`parent_id`),
  CONSTRAINT `FK_B0FCB0B5467075BE63D474F2CD5F7804` FOREIGN KEY (`parent_id`) REFERENCES `sales_flat_creditmemo` (`entity_id`) ON DELETE CASCADE ON UPDATE CASCADE
) ENGINE=InnoDB DEFAULT CHARSET=utf8 COMMENT='Sales Flat Creditmemo Comment';

--
-- Dumping data for table `sales_flat_creditmemo_comment`
--


--
-- Table structure for table `sales_flat_creditmemo_grid`
--

CREATE TABLE `sales_flat_creditmemo_grid` (
  `entity_id` int(10) unsigned NOT NULL COMMENT 'Entity Id',
  `store_id` smallint(5) unsigned DEFAULT NULL COMMENT 'Store Id',
  `store_to_order_rate` decimal(12,4) DEFAULT NULL COMMENT 'Store To Order Rate',
  `base_to_order_rate` decimal(12,4) DEFAULT NULL COMMENT 'Base To Order Rate',
  `grand_total` decimal(12,4) DEFAULT NULL COMMENT 'Grand Total',
  `store_to_base_rate` decimal(12,4) DEFAULT NULL COMMENT 'Store To Base Rate',
  `base_to_global_rate` decimal(12,4) DEFAULT NULL COMMENT 'Base To Global Rate',
  `base_grand_total` decimal(12,4) DEFAULT NULL COMMENT 'Base Grand Total',
  `order_id` int(10) unsigned NOT NULL COMMENT 'Order Id',
  `creditmemo_status` int(11) DEFAULT NULL COMMENT 'Creditmemo Status',
  `state` int(11) DEFAULT NULL COMMENT 'State',
  `invoice_id` int(11) DEFAULT NULL COMMENT 'Invoice Id',
  `store_currency_code` varchar(3) DEFAULT NULL COMMENT 'Store Currency Code',
  `order_currency_code` varchar(3) DEFAULT NULL COMMENT 'Order Currency Code',
  `base_currency_code` varchar(3) DEFAULT NULL COMMENT 'Base Currency Code',
  `global_currency_code` varchar(3) DEFAULT NULL COMMENT 'Global Currency Code',
  `increment_id` varchar(50) DEFAULT NULL COMMENT 'Increment Id',
  `order_increment_id` varchar(50) DEFAULT NULL COMMENT 'Order Increment Id',
  `created_at` timestamp NULL DEFAULT NULL COMMENT 'Created At',
  `order_created_at` timestamp NULL DEFAULT NULL COMMENT 'Order Created At',
  `billing_name` varchar(255) DEFAULT NULL COMMENT 'Billing Name',
  PRIMARY KEY (`entity_id`),
  UNIQUE KEY `UNQ_SALES_FLAT_CREDITMEMO_GRID_INCREMENT_ID` (`increment_id`),
  KEY `IDX_SALES_FLAT_CREDITMEMO_GRID_STORE_ID` (`store_id`),
  KEY `IDX_SALES_FLAT_CREDITMEMO_GRID_GRAND_TOTAL` (`grand_total`),
  KEY `IDX_SALES_FLAT_CREDITMEMO_GRID_BASE_GRAND_TOTAL` (`base_grand_total`),
  KEY `IDX_SALES_FLAT_CREDITMEMO_GRID_ORDER_ID` (`order_id`),
  KEY `IDX_SALES_FLAT_CREDITMEMO_GRID_CREDITMEMO_STATUS` (`creditmemo_status`),
  KEY `IDX_SALES_FLAT_CREDITMEMO_GRID_STATE` (`state`),
  KEY `IDX_SALES_FLAT_CREDITMEMO_GRID_ORDER_INCREMENT_ID` (`order_increment_id`),
  KEY `IDX_SALES_FLAT_CREDITMEMO_GRID_CREATED_AT` (`created_at`),
  KEY `IDX_SALES_FLAT_CREDITMEMO_GRID_ORDER_CREATED_AT` (`order_created_at`),
  KEY `IDX_SALES_FLAT_CREDITMEMO_GRID_BILLING_NAME` (`billing_name`),
  CONSTRAINT `FK_78C711B225167A11CC077B03D1C8E1CC` FOREIGN KEY (`entity_id`) REFERENCES `sales_flat_creditmemo` (`entity_id`) ON DELETE CASCADE ON UPDATE CASCADE,
  CONSTRAINT `FK_SALES_FLAT_CREDITMEMO_GRID_STORE_ID_CORE_STORE_STORE_ID` FOREIGN KEY (`store_id`) REFERENCES `core_store` (`store_id`) ON DELETE CASCADE ON UPDATE CASCADE
) ENGINE=InnoDB DEFAULT CHARSET=utf8 COMMENT='Sales Flat Creditmemo Grid';

--
-- Dumping data for table `sales_flat_creditmemo_grid`
--


--
-- Table structure for table `sales_flat_creditmemo_item`
--

CREATE TABLE `sales_flat_creditmemo_item` (
  `entity_id` int(10) unsigned NOT NULL AUTO_INCREMENT COMMENT 'Entity Id',
  `parent_id` int(10) unsigned NOT NULL COMMENT 'Parent Id',
  `weee_tax_applied_row_amount` decimal(12,4) DEFAULT NULL COMMENT 'Weee Tax Applied Row Amount',
  `base_price` decimal(12,4) DEFAULT NULL COMMENT 'Base Price',
  `base_weee_tax_row_disposition` decimal(12,4) DEFAULT NULL COMMENT 'Base Weee Tax Row Disposition',
  `tax_amount` decimal(12,4) DEFAULT NULL COMMENT 'Tax Amount',
  `base_weee_tax_applied_amount` decimal(12,4) DEFAULT NULL COMMENT 'Base Weee Tax Applied Amount',
  `weee_tax_row_disposition` decimal(12,4) DEFAULT NULL COMMENT 'Weee Tax Row Disposition',
  `base_row_total` decimal(12,4) DEFAULT NULL COMMENT 'Base Row Total',
  `discount_amount` decimal(12,4) DEFAULT NULL COMMENT 'Discount Amount',
  `row_total` decimal(12,4) DEFAULT NULL COMMENT 'Row Total',
  `weee_tax_applied_amount` decimal(12,4) DEFAULT NULL COMMENT 'Weee Tax Applied Amount',
  `base_discount_amount` decimal(12,4) DEFAULT NULL COMMENT 'Base Discount Amount',
  `base_weee_tax_disposition` decimal(12,4) DEFAULT NULL COMMENT 'Base Weee Tax Disposition',
  `price_incl_tax` decimal(12,4) DEFAULT NULL COMMENT 'Price Incl Tax',
  `base_tax_amount` decimal(12,4) DEFAULT NULL COMMENT 'Base Tax Amount',
  `weee_tax_disposition` decimal(12,4) DEFAULT NULL COMMENT 'Weee Tax Disposition',
  `base_price_incl_tax` decimal(12,4) DEFAULT NULL COMMENT 'Base Price Incl Tax',
  `qty` decimal(12,4) DEFAULT NULL COMMENT 'Qty',
  `base_cost` decimal(12,4) DEFAULT NULL COMMENT 'Base Cost',
  `base_weee_tax_applied_row_amnt` decimal(12,4) DEFAULT NULL COMMENT 'Base Weee Tax Applied Row Amnt',
  `price` decimal(12,4) DEFAULT NULL COMMENT 'Price',
  `base_row_total_incl_tax` decimal(12,4) DEFAULT NULL COMMENT 'Base Row Total Incl Tax',
  `row_total_incl_tax` decimal(12,4) DEFAULT NULL COMMENT 'Row Total Incl Tax',
  `product_id` int(11) DEFAULT NULL COMMENT 'Product Id',
  `order_item_id` int(11) DEFAULT NULL COMMENT 'Order Item Id',
  `additional_data` text COMMENT 'Additional Data',
  `description` text COMMENT 'Description',
  `weee_tax_applied` text COMMENT 'Weee Tax Applied',
  `sku` varchar(255) DEFAULT NULL COMMENT 'Sku',
  `name` varchar(255) DEFAULT NULL COMMENT 'Name',
  `hidden_tax_amount` decimal(12,4) DEFAULT NULL COMMENT 'Hidden Tax Amount',
  `base_hidden_tax_amount` decimal(12,4) DEFAULT NULL COMMENT 'Base Hidden Tax Amount',
  PRIMARY KEY (`entity_id`),
  KEY `IDX_SALES_FLAT_CREDITMEMO_ITEM_PARENT_ID` (`parent_id`),
  CONSTRAINT `FK_306DAC836C699F0B5E13BE486557AC8A` FOREIGN KEY (`parent_id`) REFERENCES `sales_flat_creditmemo` (`entity_id`) ON DELETE CASCADE ON UPDATE CASCADE
) ENGINE=InnoDB DEFAULT CHARSET=utf8 COMMENT='Sales Flat Creditmemo Item';

--
-- Dumping data for table `sales_flat_creditmemo_item`
--


--
-- Table structure for table `sales_flat_invoice`
--

CREATE TABLE `sales_flat_invoice` (
  `entity_id` int(10) unsigned NOT NULL AUTO_INCREMENT COMMENT 'Entity Id',
  `store_id` smallint(5) unsigned DEFAULT NULL COMMENT 'Store Id',
  `base_grand_total` decimal(12,4) DEFAULT NULL COMMENT 'Base Grand Total',
  `shipping_tax_amount` decimal(12,4) DEFAULT NULL COMMENT 'Shipping Tax Amount',
  `tax_amount` decimal(12,4) DEFAULT NULL COMMENT 'Tax Amount',
  `base_tax_amount` decimal(12,4) DEFAULT NULL COMMENT 'Base Tax Amount',
  `store_to_order_rate` decimal(12,4) DEFAULT NULL COMMENT 'Store To Order Rate',
  `base_shipping_tax_amount` decimal(12,4) DEFAULT NULL COMMENT 'Base Shipping Tax Amount',
  `base_discount_amount` decimal(12,4) DEFAULT NULL COMMENT 'Base Discount Amount',
  `base_to_order_rate` decimal(12,4) DEFAULT NULL COMMENT 'Base To Order Rate',
  `grand_total` decimal(12,4) DEFAULT NULL COMMENT 'Grand Total',
  `shipping_amount` decimal(12,4) DEFAULT NULL COMMENT 'Shipping Amount',
  `subtotal_incl_tax` decimal(12,4) DEFAULT NULL COMMENT 'Subtotal Incl Tax',
  `base_subtotal_incl_tax` decimal(12,4) DEFAULT NULL COMMENT 'Base Subtotal Incl Tax',
  `store_to_base_rate` decimal(12,4) DEFAULT NULL COMMENT 'Store To Base Rate',
  `base_shipping_amount` decimal(12,4) DEFAULT NULL COMMENT 'Base Shipping Amount',
  `total_qty` decimal(12,4) DEFAULT NULL COMMENT 'Total Qty',
  `base_to_global_rate` decimal(12,4) DEFAULT NULL COMMENT 'Base To Global Rate',
  `subtotal` decimal(12,4) DEFAULT NULL COMMENT 'Subtotal',
  `base_subtotal` decimal(12,4) DEFAULT NULL COMMENT 'Base Subtotal',
  `discount_amount` decimal(12,4) DEFAULT NULL COMMENT 'Discount Amount',
  `billing_address_id` int(11) DEFAULT NULL COMMENT 'Billing Address Id',
  `is_used_for_refund` smallint(5) unsigned DEFAULT NULL COMMENT 'Is Used For Refund',
  `order_id` int(10) unsigned NOT NULL COMMENT 'Order Id',
  `email_sent` smallint(5) unsigned DEFAULT NULL COMMENT 'Email Sent',
  `can_void_flag` smallint(5) unsigned DEFAULT NULL COMMENT 'Can Void Flag',
  `state` int(11) DEFAULT NULL COMMENT 'State',
  `shipping_address_id` int(11) DEFAULT NULL COMMENT 'Shipping Address Id',
  `cybersource_token` varchar(255) DEFAULT NULL,
  `store_currency_code` varchar(3) DEFAULT NULL COMMENT 'Store Currency Code',
  `transaction_id` varchar(255) DEFAULT NULL COMMENT 'Transaction Id',
  `order_currency_code` varchar(3) DEFAULT NULL COMMENT 'Order Currency Code',
  `base_currency_code` varchar(3) DEFAULT NULL COMMENT 'Base Currency Code',
  `global_currency_code` varchar(3) DEFAULT NULL COMMENT 'Global Currency Code',
  `increment_id` varchar(50) DEFAULT NULL COMMENT 'Increment Id',
  `created_at` timestamp NULL DEFAULT NULL COMMENT 'Created At',
  `updated_at` timestamp NULL DEFAULT NULL COMMENT 'Updated At',
  `customer_id` int(11) DEFAULT NULL,
  `invoice_status_id` int(11) DEFAULT NULL,
  `invoice_type` int(11) DEFAULT NULL,
  `is_virtual` int(11) DEFAULT NULL,
  `real_order_id` varchar(255) DEFAULT NULL,
  `total_due` decimal(12,4) DEFAULT NULL,
  `total_paid` decimal(12,4) DEFAULT NULL,
  `hidden_tax_amount` decimal(12,4) DEFAULT NULL COMMENT 'Hidden Tax Amount',
  `base_hidden_tax_amount` decimal(12,4) DEFAULT NULL COMMENT 'Base Hidden Tax Amount',
  `shipping_hidden_tax_amount` decimal(12,4) DEFAULT NULL COMMENT 'Shipping Hidden Tax Amount',
  `base_shipping_hidden_tax_amnt` decimal(12,4) DEFAULT NULL COMMENT 'Base Shipping Hidden Tax Amount',
  `shipping_incl_tax` decimal(12,4) DEFAULT NULL COMMENT 'Shipping Incl Tax',
  `base_shipping_incl_tax` decimal(12,4) DEFAULT NULL COMMENT 'Base Shipping Incl Tax',
  `base_total_refunded` decimal(12,4) DEFAULT NULL COMMENT 'Base Total Refunded',
  PRIMARY KEY (`entity_id`),
  UNIQUE KEY `UNQ_SALES_FLAT_INVOICE_INCREMENT_ID` (`increment_id`),
  KEY `IDX_SALES_FLAT_INVOICE_STORE_ID` (`store_id`),
  KEY `IDX_SALES_FLAT_INVOICE_GRAND_TOTAL` (`grand_total`),
  KEY `IDX_SALES_FLAT_INVOICE_ORDER_ID` (`order_id`),
  KEY `IDX_SALES_FLAT_INVOICE_STATE` (`state`),
  KEY `IDX_SALES_FLAT_INVOICE_CREATED_AT` (`created_at`),
  CONSTRAINT `FK_SALES_FLAT_INVOICE_ORDER_ID_SALES_FLAT_ORDER_ENTITY_ID` FOREIGN KEY (`order_id`) REFERENCES `sales_flat_order` (`entity_id`) ON DELETE CASCADE ON UPDATE CASCADE,
  CONSTRAINT `FK_SALES_FLAT_INVOICE_STORE_ID_CORE_STORE_STORE_ID` FOREIGN KEY (`store_id`) REFERENCES `core_store` (`store_id`) ON DELETE SET NULL ON UPDATE CASCADE
) ENGINE=InnoDB DEFAULT CHARSET=utf8 COMMENT='Sales Flat Invoice';

--
-- Dumping data for table `sales_flat_invoice`
--


--
-- Table structure for table `sales_flat_invoice_comment`
--

CREATE TABLE `sales_flat_invoice_comment` (
  `entity_id` int(10) unsigned NOT NULL AUTO_INCREMENT COMMENT 'Entity Id',
  `parent_id` int(10) unsigned NOT NULL COMMENT 'Parent Id',
  `is_customer_notified` smallint(5) unsigned DEFAULT NULL COMMENT 'Is Customer Notified',
  `is_visible_on_front` smallint(5) unsigned NOT NULL COMMENT 'Is Visible On Front',
  `comment` text COMMENT 'Comment',
  `created_at` timestamp NULL DEFAULT NULL COMMENT 'Created At',
  PRIMARY KEY (`entity_id`),
  KEY `IDX_SALES_FLAT_INVOICE_COMMENT_CREATED_AT` (`created_at`),
  KEY `IDX_SALES_FLAT_INVOICE_COMMENT_PARENT_ID` (`parent_id`),
  CONSTRAINT `FK_5C4B36BBE5231A76AB8018B281ED50BC` FOREIGN KEY (`parent_id`) REFERENCES `sales_flat_invoice` (`entity_id`) ON DELETE CASCADE ON UPDATE CASCADE
) ENGINE=InnoDB DEFAULT CHARSET=utf8 COMMENT='Sales Flat Invoice Comment';

--
-- Dumping data for table `sales_flat_invoice_comment`
--


--
-- Table structure for table `sales_flat_invoice_grid`
--

CREATE TABLE `sales_flat_invoice_grid` (
  `entity_id` int(10) unsigned NOT NULL COMMENT 'Entity Id',
  `store_id` smallint(5) unsigned DEFAULT NULL COMMENT 'Store Id',
  `base_grand_total` decimal(12,4) DEFAULT NULL COMMENT 'Base Grand Total',
  `grand_total` decimal(12,4) DEFAULT NULL COMMENT 'Grand Total',
  `order_id` int(10) unsigned NOT NULL COMMENT 'Order Id',
  `state` int(11) DEFAULT NULL COMMENT 'State',
  `store_currency_code` varchar(3) DEFAULT NULL COMMENT 'Store Currency Code',
  `order_currency_code` varchar(3) DEFAULT NULL COMMENT 'Order Currency Code',
  `base_currency_code` varchar(3) DEFAULT NULL COMMENT 'Base Currency Code',
  `global_currency_code` varchar(3) DEFAULT NULL COMMENT 'Global Currency Code',
  `increment_id` varchar(50) DEFAULT NULL COMMENT 'Increment Id',
  `order_increment_id` varchar(50) DEFAULT NULL COMMENT 'Order Increment Id',
  `created_at` timestamp NULL DEFAULT NULL COMMENT 'Created At',
  `order_created_at` timestamp NULL DEFAULT NULL COMMENT 'Order Created At',
  `billing_name` varchar(255) DEFAULT NULL COMMENT 'Billing Name',
  PRIMARY KEY (`entity_id`),
  UNIQUE KEY `UNQ_SALES_FLAT_INVOICE_GRID_INCREMENT_ID` (`increment_id`),
  KEY `IDX_SALES_FLAT_INVOICE_GRID_STORE_ID` (`store_id`),
  KEY `IDX_SALES_FLAT_INVOICE_GRID_GRAND_TOTAL` (`grand_total`),
  KEY `IDX_SALES_FLAT_INVOICE_GRID_ORDER_ID` (`order_id`),
  KEY `IDX_SALES_FLAT_INVOICE_GRID_STATE` (`state`),
  KEY `IDX_SALES_FLAT_INVOICE_GRID_ORDER_INCREMENT_ID` (`order_increment_id`),
  KEY `IDX_SALES_FLAT_INVOICE_GRID_CREATED_AT` (`created_at`),
  KEY `IDX_SALES_FLAT_INVOICE_GRID_ORDER_CREATED_AT` (`order_created_at`),
  KEY `IDX_SALES_FLAT_INVOICE_GRID_BILLING_NAME` (`billing_name`),
  CONSTRAINT `FK_SALES_FLAT_INVOICE_GRID_ENTT_ID_SALES_FLAT_INVOICE_ENTT_ID` FOREIGN KEY (`entity_id`) REFERENCES `sales_flat_invoice` (`entity_id`) ON DELETE CASCADE ON UPDATE CASCADE,
  CONSTRAINT `FK_SALES_FLAT_INVOICE_GRID_STORE_ID_CORE_STORE_STORE_ID` FOREIGN KEY (`store_id`) REFERENCES `core_store` (`store_id`) ON DELETE SET NULL ON UPDATE CASCADE
) ENGINE=InnoDB DEFAULT CHARSET=utf8 COMMENT='Sales Flat Invoice Grid';

--
-- Dumping data for table `sales_flat_invoice_grid`
--


--
-- Table structure for table `sales_flat_invoice_item`
--

CREATE TABLE `sales_flat_invoice_item` (
  `entity_id` int(10) unsigned NOT NULL AUTO_INCREMENT COMMENT 'Entity Id',
  `parent_id` int(10) unsigned NOT NULL COMMENT 'Parent Id',
  `base_price` decimal(12,4) DEFAULT NULL COMMENT 'Base Price',
  `base_weee_tax_row_disposition` decimal(12,4) DEFAULT NULL COMMENT 'Base Weee Tax Row Disposition',
  `weee_tax_applied_row_amount` decimal(12,4) DEFAULT NULL COMMENT 'Weee Tax Applied Row Amount',
  `base_weee_tax_applied_amount` decimal(12,4) DEFAULT NULL COMMENT 'Base Weee Tax Applied Amount',
  `tax_amount` decimal(12,4) DEFAULT NULL COMMENT 'Tax Amount',
  `base_row_total` decimal(12,4) DEFAULT NULL COMMENT 'Base Row Total',
  `discount_amount` decimal(12,4) DEFAULT NULL COMMENT 'Discount Amount',
  `row_total` decimal(12,4) DEFAULT NULL COMMENT 'Row Total',
  `weee_tax_row_disposition` decimal(12,4) DEFAULT NULL COMMENT 'Weee Tax Row Disposition',
  `base_discount_amount` decimal(12,4) DEFAULT NULL COMMENT 'Base Discount Amount',
  `base_weee_tax_disposition` decimal(12,4) DEFAULT NULL COMMENT 'Base Weee Tax Disposition',
  `price_incl_tax` decimal(12,4) DEFAULT NULL COMMENT 'Price Incl Tax',
  `weee_tax_applied_amount` decimal(12,4) DEFAULT NULL COMMENT 'Weee Tax Applied Amount',
  `base_tax_amount` decimal(12,4) DEFAULT NULL COMMENT 'Base Tax Amount',
  `base_price_incl_tax` decimal(12,4) DEFAULT NULL COMMENT 'Base Price Incl Tax',
  `qty` decimal(12,4) DEFAULT NULL COMMENT 'Qty',
  `weee_tax_disposition` decimal(12,4) DEFAULT NULL COMMENT 'Weee Tax Disposition',
  `base_cost` decimal(12,4) DEFAULT NULL COMMENT 'Base Cost',
  `base_weee_tax_applied_row_amnt` decimal(12,4) DEFAULT NULL COMMENT 'Base Weee Tax Applied Row Amnt',
  `price` decimal(12,4) DEFAULT NULL COMMENT 'Price',
  `base_row_total_incl_tax` decimal(12,4) DEFAULT NULL COMMENT 'Base Row Total Incl Tax',
  `row_total_incl_tax` decimal(12,4) DEFAULT NULL COMMENT 'Row Total Incl Tax',
  `product_id` int(11) DEFAULT NULL COMMENT 'Product Id',
  `order_item_id` int(11) DEFAULT NULL COMMENT 'Order Item Id',
  `additional_data` text COMMENT 'Additional Data',
  `description` text COMMENT 'Description',
  `weee_tax_applied` text COMMENT 'Weee Tax Applied',
  `sku` varchar(255) DEFAULT NULL COMMENT 'Sku',
  `name` varchar(255) DEFAULT NULL COMMENT 'Name',
  `shipment_id` int(11) DEFAULT NULL,
  `hidden_tax_amount` decimal(12,4) DEFAULT NULL COMMENT 'Hidden Tax Amount',
  `base_hidden_tax_amount` decimal(12,4) DEFAULT NULL COMMENT 'Base Hidden Tax Amount',
  PRIMARY KEY (`entity_id`),
  KEY `IDX_SALES_FLAT_INVOICE_ITEM_PARENT_ID` (`parent_id`),
  CONSTRAINT `FK_SALES_FLAT_INVOICE_ITEM_PARENT_ID_SALES_FLAT_INVOICE_ENTT_ID` FOREIGN KEY (`parent_id`) REFERENCES `sales_flat_invoice` (`entity_id`) ON DELETE CASCADE ON UPDATE CASCADE
) ENGINE=InnoDB DEFAULT CHARSET=utf8 COMMENT='Sales Flat Invoice Item';

--
-- Dumping data for table `sales_flat_invoice_item`
--


--
-- Table structure for table `sales_flat_order`
--

CREATE TABLE `sales_flat_order` (
  `entity_id` int(10) unsigned NOT NULL AUTO_INCREMENT COMMENT 'Entity Id',
  `state` varchar(32) DEFAULT NULL COMMENT 'State',
  `status` varchar(32) DEFAULT NULL COMMENT 'Status',
  `coupon_code` varchar(255) DEFAULT NULL COMMENT 'Coupon Code',
  `protect_code` varchar(255) DEFAULT NULL COMMENT 'Protect Code',
  `shipping_description` varchar(255) DEFAULT NULL COMMENT 'Shipping Description',
  `is_virtual` smallint(5) unsigned DEFAULT NULL COMMENT 'Is Virtual',
  `store_id` smallint(5) unsigned DEFAULT NULL COMMENT 'Store Id',
  `customer_id` int(10) unsigned DEFAULT NULL COMMENT 'Customer Id',
  `base_discount_amount` decimal(12,4) DEFAULT NULL COMMENT 'Base Discount Amount',
  `base_discount_canceled` decimal(12,4) DEFAULT NULL COMMENT 'Base Discount Canceled',
  `base_discount_invoiced` decimal(12,4) DEFAULT NULL COMMENT 'Base Discount Invoiced',
  `base_discount_refunded` decimal(12,4) DEFAULT NULL COMMENT 'Base Discount Refunded',
  `base_grand_total` decimal(12,4) DEFAULT NULL COMMENT 'Base Grand Total',
  `base_shipping_amount` decimal(12,4) DEFAULT NULL COMMENT 'Base Shipping Amount',
  `base_shipping_canceled` decimal(12,4) DEFAULT NULL COMMENT 'Base Shipping Canceled',
  `base_shipping_invoiced` decimal(12,4) DEFAULT NULL COMMENT 'Base Shipping Invoiced',
  `base_shipping_refunded` decimal(12,4) DEFAULT NULL COMMENT 'Base Shipping Refunded',
  `base_shipping_tax_amount` decimal(12,4) DEFAULT NULL COMMENT 'Base Shipping Tax Amount',
  `base_shipping_tax_refunded` decimal(12,4) DEFAULT NULL COMMENT 'Base Shipping Tax Refunded',
  `base_subtotal` decimal(12,4) DEFAULT NULL COMMENT 'Base Subtotal',
  `base_subtotal_canceled` decimal(12,4) DEFAULT NULL COMMENT 'Base Subtotal Canceled',
  `base_subtotal_invoiced` decimal(12,4) DEFAULT NULL COMMENT 'Base Subtotal Invoiced',
  `base_subtotal_refunded` decimal(12,4) DEFAULT NULL COMMENT 'Base Subtotal Refunded',
  `base_tax_amount` decimal(12,4) DEFAULT NULL COMMENT 'Base Tax Amount',
  `base_tax_canceled` decimal(12,4) DEFAULT NULL COMMENT 'Base Tax Canceled',
  `base_tax_invoiced` decimal(12,4) DEFAULT NULL COMMENT 'Base Tax Invoiced',
  `base_tax_refunded` decimal(12,4) DEFAULT NULL COMMENT 'Base Tax Refunded',
  `base_to_global_rate` decimal(12,4) DEFAULT NULL COMMENT 'Base To Global Rate',
  `base_to_order_rate` decimal(12,4) DEFAULT NULL COMMENT 'Base To Order Rate',
  `base_total_canceled` decimal(12,4) DEFAULT NULL COMMENT 'Base Total Canceled',
  `base_total_invoiced` decimal(12,4) DEFAULT NULL COMMENT 'Base Total Invoiced',
  `base_total_invoiced_cost` decimal(12,4) DEFAULT NULL COMMENT 'Base Total Invoiced Cost',
  `base_total_offline_refunded` decimal(12,4) DEFAULT NULL COMMENT 'Base Total Offline Refunded',
  `base_total_online_refunded` decimal(12,4) DEFAULT NULL COMMENT 'Base Total Online Refunded',
  `base_total_paid` decimal(12,4) DEFAULT NULL COMMENT 'Base Total Paid',
  `base_total_qty_ordered` decimal(12,4) DEFAULT NULL COMMENT 'Base Total Qty Ordered',
  `base_total_refunded` decimal(12,4) DEFAULT NULL COMMENT 'Base Total Refunded',
  `discount_amount` decimal(12,4) DEFAULT NULL COMMENT 'Discount Amount',
  `discount_canceled` decimal(12,4) DEFAULT NULL COMMENT 'Discount Canceled',
  `discount_invoiced` decimal(12,4) DEFAULT NULL COMMENT 'Discount Invoiced',
  `discount_refunded` decimal(12,4) DEFAULT NULL COMMENT 'Discount Refunded',
  `grand_total` decimal(12,4) DEFAULT NULL COMMENT 'Grand Total',
  `shipping_amount` decimal(12,4) DEFAULT NULL COMMENT 'Shipping Amount',
  `shipping_canceled` decimal(12,4) DEFAULT NULL COMMENT 'Shipping Canceled',
  `shipping_invoiced` decimal(12,4) DEFAULT NULL COMMENT 'Shipping Invoiced',
  `shipping_refunded` decimal(12,4) DEFAULT NULL COMMENT 'Shipping Refunded',
  `shipping_tax_amount` decimal(12,4) DEFAULT NULL COMMENT 'Shipping Tax Amount',
  `shipping_tax_refunded` decimal(12,4) DEFAULT NULL COMMENT 'Shipping Tax Refunded',
  `store_to_base_rate` decimal(12,4) DEFAULT NULL COMMENT 'Store To Base Rate',
  `store_to_order_rate` decimal(12,4) DEFAULT NULL COMMENT 'Store To Order Rate',
  `subtotal` decimal(12,4) DEFAULT NULL COMMENT 'Subtotal',
  `subtotal_canceled` decimal(12,4) DEFAULT NULL COMMENT 'Subtotal Canceled',
  `subtotal_invoiced` decimal(12,4) DEFAULT NULL COMMENT 'Subtotal Invoiced',
  `subtotal_refunded` decimal(12,4) DEFAULT NULL COMMENT 'Subtotal Refunded',
  `tax_amount` decimal(12,4) DEFAULT NULL COMMENT 'Tax Amount',
  `tax_canceled` decimal(12,4) DEFAULT NULL COMMENT 'Tax Canceled',
  `tax_invoiced` decimal(12,4) DEFAULT NULL COMMENT 'Tax Invoiced',
  `tax_refunded` decimal(12,4) DEFAULT NULL COMMENT 'Tax Refunded',
  `total_canceled` decimal(12,4) DEFAULT NULL COMMENT 'Total Canceled',
  `total_invoiced` decimal(12,4) DEFAULT NULL COMMENT 'Total Invoiced',
  `total_offline_refunded` decimal(12,4) DEFAULT NULL COMMENT 'Total Offline Refunded',
  `total_online_refunded` decimal(12,4) DEFAULT NULL COMMENT 'Total Online Refunded',
  `total_paid` decimal(12,4) DEFAULT NULL COMMENT 'Total Paid',
  `total_qty_ordered` decimal(12,4) DEFAULT NULL COMMENT 'Total Qty Ordered',
  `total_refunded` decimal(12,4) DEFAULT NULL COMMENT 'Total Refunded',
  `can_ship_partially` smallint(5) unsigned DEFAULT NULL COMMENT 'Can Ship Partially',
  `can_ship_partially_item` smallint(5) unsigned DEFAULT NULL COMMENT 'Can Ship Partially Item',
  `customer_is_guest` smallint(5) unsigned DEFAULT NULL COMMENT 'Customer Is Guest',
  `customer_note_notify` smallint(5) unsigned DEFAULT NULL COMMENT 'Customer Note Notify',
  `billing_address_id` int(11) DEFAULT NULL COMMENT 'Billing Address Id',
  `customer_group_id` smallint(6) DEFAULT NULL COMMENT 'Customer Group Id',
  `edit_increment` int(11) DEFAULT NULL COMMENT 'Edit Increment',
  `email_sent` smallint(5) unsigned DEFAULT NULL COMMENT 'Email Sent',
  `forced_shipment_with_invoice` smallint(5) unsigned DEFAULT NULL COMMENT 'Forced Do Shipment With Invoice',
  `gift_message_id` int(11) DEFAULT NULL COMMENT 'Gift Message Id',
  `payment_auth_expiration` int(11) DEFAULT NULL COMMENT 'Payment Authorization Expiration',
  `paypal_ipn_customer_notified` int(11) DEFAULT NULL COMMENT 'Paypal Ipn Customer Notified',
  `quote_address_id` int(11) DEFAULT NULL COMMENT 'Quote Address Id',
  `quote_id` int(11) DEFAULT NULL COMMENT 'Quote Id',
  `shipping_address_id` int(11) DEFAULT NULL COMMENT 'Shipping Address Id',
  `adjustment_negative` decimal(12,4) DEFAULT NULL COMMENT 'Adjustment Negative',
  `adjustment_positive` decimal(12,4) DEFAULT NULL COMMENT 'Adjustment Positive',
  `base_adjustment_negative` decimal(12,4) DEFAULT NULL COMMENT 'Base Adjustment Negative',
  `base_adjustment_positive` decimal(12,4) DEFAULT NULL COMMENT 'Base Adjustment Positive',
  `base_shipping_discount_amount` decimal(12,4) DEFAULT NULL COMMENT 'Base Shipping Discount Amount',
  `base_subtotal_incl_tax` decimal(12,4) DEFAULT NULL COMMENT 'Base Subtotal Incl Tax',
  `base_total_due` decimal(12,4) DEFAULT NULL COMMENT 'Base Total Due',
  `payment_authorization_amount` decimal(12,4) DEFAULT NULL COMMENT 'Payment Authorization Amount',
  `shipping_discount_amount` decimal(12,4) DEFAULT NULL COMMENT 'Shipping Discount Amount',
  `subtotal_incl_tax` decimal(12,4) DEFAULT NULL COMMENT 'Subtotal Incl Tax',
  `total_due` decimal(12,4) DEFAULT NULL COMMENT 'Total Due',
  `weight` decimal(12,4) DEFAULT NULL COMMENT 'Weight',
  `customer_dob` datetime DEFAULT NULL COMMENT 'Customer Dob',
  `increment_id` varchar(50) DEFAULT NULL COMMENT 'Increment Id',
  `applied_rule_ids` varchar(255) DEFAULT NULL COMMENT 'Applied Rule Ids',
  `base_currency_code` varchar(3) DEFAULT NULL COMMENT 'Base Currency Code',
  `customer_email` varchar(255) DEFAULT NULL COMMENT 'Customer Email',
  `customer_firstname` varchar(255) DEFAULT NULL COMMENT 'Customer Firstname',
  `customer_lastname` varchar(255) DEFAULT NULL COMMENT 'Customer Lastname',
  `customer_middlename` varchar(255) DEFAULT NULL COMMENT 'Customer Middlename',
  `customer_prefix` varchar(255) DEFAULT NULL COMMENT 'Customer Prefix',
  `customer_suffix` varchar(255) DEFAULT NULL COMMENT 'Customer Suffix',
  `customer_taxvat` varchar(255) DEFAULT NULL COMMENT 'Customer Taxvat',
  `discount_description` varchar(255) DEFAULT NULL COMMENT 'Discount Description',
  `ext_customer_id` varchar(255) DEFAULT NULL COMMENT 'Ext Customer Id',
  `ext_order_id` varchar(255) DEFAULT NULL COMMENT 'Ext Order Id',
  `global_currency_code` varchar(3) DEFAULT NULL COMMENT 'Global Currency Code',
  `hold_before_state` varchar(255) DEFAULT NULL COMMENT 'Hold Before State',
  `hold_before_status` varchar(255) DEFAULT NULL COMMENT 'Hold Before Status',
  `order_currency_code` varchar(255) DEFAULT NULL COMMENT 'Order Currency Code',
  `original_increment_id` varchar(50) DEFAULT NULL COMMENT 'Original Increment Id',
  `relation_child_id` varchar(32) DEFAULT NULL COMMENT 'Relation Child Id',
  `relation_child_real_id` varchar(32) DEFAULT NULL COMMENT 'Relation Child Real Id',
  `relation_parent_id` varchar(32) DEFAULT NULL COMMENT 'Relation Parent Id',
  `relation_parent_real_id` varchar(32) DEFAULT NULL COMMENT 'Relation Parent Real Id',
  `remote_ip` varchar(255) DEFAULT NULL COMMENT 'Remote Ip',
  `shipping_method` varchar(255) DEFAULT NULL COMMENT 'Shipping Method',
  `store_currency_code` varchar(3) DEFAULT NULL COMMENT 'Store Currency Code',
  `store_name` varchar(255) DEFAULT NULL COMMENT 'Store Name',
  `x_forwarded_for` varchar(255) DEFAULT NULL COMMENT 'X Forwarded For',
  `customer_note` text COMMENT 'Customer Note',
  `created_at` timestamp NULL DEFAULT NULL COMMENT 'Created At',
  `updated_at` timestamp NULL DEFAULT NULL COMMENT 'Updated At',
  `total_item_count` smallint(5) unsigned NOT NULL COMMENT 'Total Item Count',
  `customer_gender` int(11) DEFAULT NULL COMMENT 'Customer Gender',
  `base_custbalance_amount` decimal(12,4) DEFAULT NULL,
  `currency_base_id` int(11) DEFAULT NULL,
  `currency_code` varchar(255) DEFAULT NULL,
  `currency_rate` decimal(12,4) DEFAULT NULL,
  `custbalance_amount` decimal(12,4) DEFAULT NULL,
  `is_hold` int(11) DEFAULT NULL,
  `is_multi_payment` int(11) DEFAULT NULL,
  `real_order_id` varchar(255) DEFAULT NULL,
  `tax_percent` decimal(12,4) DEFAULT NULL,
  `tracking_numbers` text,
  `hidden_tax_amount` decimal(12,4) DEFAULT NULL COMMENT 'Hidden Tax Amount',
  `base_hidden_tax_amount` decimal(12,4) DEFAULT NULL COMMENT 'Base Hidden Tax Amount',
  `shipping_hidden_tax_amount` decimal(12,4) DEFAULT NULL COMMENT 'Shipping Hidden Tax Amount',
  `base_shipping_hidden_tax_amnt` decimal(12,4) DEFAULT NULL COMMENT 'Base Shipping Hidden Tax Amount',
  `hidden_tax_invoiced` decimal(12,4) DEFAULT NULL COMMENT 'Hidden Tax Invoiced',
  `base_hidden_tax_invoiced` decimal(12,4) DEFAULT NULL COMMENT 'Base Hidden Tax Invoiced',
  `hidden_tax_refunded` decimal(12,4) DEFAULT NULL COMMENT 'Hidden Tax Refunded',
  `base_hidden_tax_refunded` decimal(12,4) DEFAULT NULL COMMENT 'Base Hidden Tax Refunded',
  `shipping_incl_tax` decimal(12,4) DEFAULT NULL COMMENT 'Shipping Incl Tax',
  `base_shipping_incl_tax` decimal(12,4) DEFAULT NULL COMMENT 'Base Shipping Incl Tax',
  `coupon_rule_name` varchar(255) DEFAULT NULL COMMENT 'Coupon Sales Rule Name',
  PRIMARY KEY (`entity_id`),
  UNIQUE KEY `UNQ_SALES_FLAT_ORDER_INCREMENT_ID` (`increment_id`),
  KEY `IDX_SALES_FLAT_ORDER_STATUS` (`status`),
  KEY `IDX_SALES_FLAT_ORDER_STATE` (`state`),
  KEY `IDX_SALES_FLAT_ORDER_STORE_ID` (`store_id`),
  KEY `IDX_SALES_FLAT_ORDER_CREATED_AT` (`created_at`),
  KEY `IDX_SALES_FLAT_ORDER_CUSTOMER_ID` (`customer_id`),
  KEY `IDX_SALES_FLAT_ORDER_EXT_ORDER_ID` (`ext_order_id`),
  KEY `IDX_SALES_FLAT_ORDER_QUOTE_ID` (`quote_id`),
  KEY `IDX_SALES_FLAT_ORDER_UPDATED_AT` (`updated_at`),
  CONSTRAINT `FK_SALES_FLAT_ORDER_CUSTOMER_ID_CUSTOMER_ENTITY_ENTITY_ID` FOREIGN KEY (`customer_id`) REFERENCES `customer_entity` (`entity_id`) ON DELETE SET NULL ON UPDATE CASCADE,
  CONSTRAINT `FK_SALES_FLAT_ORDER_STORE_ID_CORE_STORE_STORE_ID` FOREIGN KEY (`store_id`) REFERENCES `core_store` (`store_id`) ON DELETE SET NULL ON UPDATE CASCADE
) ENGINE=InnoDB AUTO_INCREMENT=3 DEFAULT CHARSET=utf8 COMMENT='Sales Flat Order';

--
-- Dumping data for table `sales_flat_order`
--

INSERT INTO `sales_flat_order` VALUES (1,'new','pending',NULL,'eb8aba','Flat Rate - Fixed',0,1,NULL,0.0000,NULL,NULL,NULL,304.9900,5.0000,NULL,NULL,NULL,0.0000,NULL,299.9900,NULL,NULL,NULL,0.0000,NULL,NULL,NULL,1.0000,1.0000,NULL,NULL,NULL,NULL,NULL,NULL,NULL,NULL,0.0000,NULL,NULL,NULL,304.9900,5.0000,NULL,NULL,NULL,0.0000,NULL,1.0000,1.0000,299.9900,NULL,NULL,NULL,0.0000,NULL,NULL,NULL,NULL,NULL,NULL,NULL,NULL,1.0000,NULL,NULL,NULL,1,1,1,0,NULL,1,NULL,NULL,NULL,NULL,NULL,1,2,NULL,NULL,NULL,NULL,0.0000,299.9900,NULL,NULL,0.0000,299.9900,NULL,20.0000,NULL,'100000001',NULL,'USD','javi@backroompr.com','Javier','Figueroa',NULL,NULL,NULL,NULL,NULL,NULL,NULL,'USD',NULL,NULL,'USD',NULL,NULL,NULL,NULL,NULL,'98.242.188.7','flatrate_flatrate','USD','Main Website\nMain Store\nEnglish',NULL,NULL,'2013-02-13 10:08:13','2013-02-13 10:09:02',1,NULL,NULL,NULL,NULL,NULL,NULL,NULL,NULL,NULL,NULL,NULL,0.0000,0.0000,0.0000,0.0000,NULL,NULL,NULL,NULL,5.0000,5.0000,NULL),(2,'pending_payment','pending_payment',NULL,'744b6a','Flat Rate - Fixed',0,1,NULL,0.0000,NULL,NULL,NULL,35.0000,5.0000,NULL,NULL,NULL,0.0000,NULL,30.0000,NULL,NULL,NULL,0.0000,NULL,NULL,NULL,1.0000,1.0000,NULL,NULL,NULL,NULL,NULL,NULL,NULL,NULL,0.0000,NULL,NULL,NULL,35.0000,5.0000,NULL,NULL,NULL,0.0000,NULL,1.0000,1.0000,30.0000,NULL,NULL,NULL,0.0000,NULL,NULL,NULL,NULL,NULL,NULL,NULL,NULL,1.0000,NULL,NULL,NULL,1,1,3,0,NULL,NULL,NULL,NULL,NULL,NULL,NULL,4,4,NULL,NULL,NULL,NULL,0.0000,30.0000,NULL,NULL,0.0000,30.0000,NULL,2.0000,NULL,'100000002',NULL,'USD','javi@backroompr.com','Javier','Figueroa',NULL,NULL,NULL,NULL,NULL,NULL,NULL,'USD',NULL,NULL,'USD',NULL,NULL,NULL,NULL,NULL,'98.242.188.7','flatrate_flatrate','USD','Silli Shoes\nMain Store\nEnglish',NULL,NULL,'2013-02-16 18:16:48','2013-02-16 18:16:54',1,NULL,NULL,NULL,NULL,NULL,NULL,NULL,NULL,NULL,NULL,NULL,0.0000,0.0000,0.0000,0.0000,NULL,NULL,NULL,NULL,5.0000,5.0000,NULL);

--
-- Table structure for table `sales_flat_order_address`
--

CREATE TABLE `sales_flat_order_address` (
  `entity_id` int(10) unsigned NOT NULL AUTO_INCREMENT COMMENT 'Entity Id',
  `parent_id` int(10) unsigned DEFAULT NULL COMMENT 'Parent Id',
  `customer_address_id` int(11) DEFAULT NULL COMMENT 'Customer Address Id',
  `quote_address_id` int(11) DEFAULT NULL COMMENT 'Quote Address Id',
  `region_id` int(11) DEFAULT NULL COMMENT 'Region Id',
  `customer_id` int(11) DEFAULT NULL COMMENT 'Customer Id',
  `fax` varchar(255) DEFAULT NULL COMMENT 'Fax',
  `region` varchar(255) DEFAULT NULL COMMENT 'Region',
  `postcode` varchar(255) DEFAULT NULL COMMENT 'Postcode',
  `lastname` varchar(255) DEFAULT NULL COMMENT 'Lastname',
  `street` varchar(255) DEFAULT NULL COMMENT 'Street',
  `city` varchar(255) DEFAULT NULL COMMENT 'City',
  `email` varchar(255) DEFAULT NULL COMMENT 'Email',
  `telephone` varchar(255) DEFAULT NULL COMMENT 'Telephone',
  `country_id` varchar(2) DEFAULT NULL COMMENT 'Country Id',
  `firstname` varchar(255) DEFAULT NULL COMMENT 'Firstname',
  `address_type` varchar(255) DEFAULT NULL COMMENT 'Address Type',
  `prefix` varchar(255) DEFAULT NULL COMMENT 'Prefix',
  `middlename` varchar(255) DEFAULT NULL COMMENT 'Middlename',
  `suffix` varchar(255) DEFAULT NULL COMMENT 'Suffix',
  `company` varchar(255) DEFAULT NULL COMMENT 'Company',
  `address_id` int(11) DEFAULT NULL,
  `gift_message_id` int(11) DEFAULT NULL,
  `tax_id` varchar(255) DEFAULT NULL,
  `vat_id` text COMMENT 'Vat Id',
  `vat_is_valid` smallint(6) DEFAULT NULL COMMENT 'Vat Is Valid',
  `vat_request_id` text COMMENT 'Vat Request Id',
  `vat_request_date` text COMMENT 'Vat Request Date',
  `vat_request_success` smallint(6) DEFAULT NULL COMMENT 'Vat Request Success',
  PRIMARY KEY (`entity_id`),
  KEY `IDX_SALES_FLAT_ORDER_ADDRESS_PARENT_ID` (`parent_id`),
  CONSTRAINT `FK_SALES_FLAT_ORDER_ADDRESS_PARENT_ID_SALES_FLAT_ORDER_ENTITY_ID` FOREIGN KEY (`parent_id`) REFERENCES `sales_flat_order` (`entity_id`) ON DELETE CASCADE ON UPDATE CASCADE
) ENGINE=InnoDB AUTO_INCREMENT=5 DEFAULT CHARSET=utf8 COMMENT='Sales Flat Order Address';

--
-- Dumping data for table `sales_flat_order_address`
--

INSERT INTO `sales_flat_order_address` VALUES (1,1,NULL,NULL,18,NULL,NULL,'Florida','33134','Figueroa','821 Granada Groves Ct','Coral Gables','javi@backroompr.com','305-461-2710','US','Javier','billing',NULL,NULL,NULL,NULL,NULL,NULL,NULL,NULL,NULL,NULL,NULL,NULL),(2,1,NULL,NULL,18,NULL,NULL,'Florida','33134','Figueroa','821 Granada Groves Ct','Coral Gables','javi@backroompr.com','305-461-2710','US','Javier','shipping',NULL,NULL,NULL,NULL,NULL,NULL,NULL,NULL,NULL,NULL,NULL,NULL),(3,2,NULL,NULL,18,NULL,'figue8','Florida','33134','Figueroa','821 Granada Groves Ct','Coral Gables','javi@backroompr.com','232323','US','Javier','billing',NULL,NULL,NULL,NULL,NULL,NULL,NULL,NULL,NULL,NULL,NULL,NULL),(4,2,NULL,NULL,18,NULL,'figue8','Florida','33134','Figueroa','821 Granada Groves Ct','Coral Gables','javi@backroompr.com','232323','US','Javier','shipping',NULL,NULL,NULL,NULL,NULL,NULL,NULL,NULL,NULL,NULL,NULL,NULL);

--
-- Table structure for table `sales_flat_order_grid`
--

CREATE TABLE `sales_flat_order_grid` (
  `entity_id` int(10) unsigned NOT NULL COMMENT 'Entity Id',
  `status` varchar(32) DEFAULT NULL COMMENT 'Status',
  `store_id` smallint(5) unsigned DEFAULT NULL COMMENT 'Store Id',
  `store_name` varchar(255) DEFAULT NULL COMMENT 'Store Name',
  `customer_id` int(10) unsigned DEFAULT NULL COMMENT 'Customer Id',
  `base_grand_total` decimal(12,4) DEFAULT NULL COMMENT 'Base Grand Total',
  `base_total_paid` decimal(12,4) DEFAULT NULL COMMENT 'Base Total Paid',
  `grand_total` decimal(12,4) DEFAULT NULL COMMENT 'Grand Total',
  `total_paid` decimal(12,4) DEFAULT NULL COMMENT 'Total Paid',
  `increment_id` varchar(50) DEFAULT NULL COMMENT 'Increment Id',
  `base_currency_code` varchar(3) DEFAULT NULL COMMENT 'Base Currency Code',
  `order_currency_code` varchar(255) DEFAULT NULL COMMENT 'Order Currency Code',
  `shipping_name` varchar(255) DEFAULT NULL COMMENT 'Shipping Name',
  `billing_name` varchar(255) DEFAULT NULL COMMENT 'Billing Name',
  `created_at` timestamp NULL DEFAULT NULL COMMENT 'Created At',
  `updated_at` timestamp NULL DEFAULT NULL COMMENT 'Updated At',
  PRIMARY KEY (`entity_id`),
  UNIQUE KEY `UNQ_SALES_FLAT_ORDER_GRID_INCREMENT_ID` (`increment_id`),
  KEY `IDX_SALES_FLAT_ORDER_GRID_STATUS` (`status`),
  KEY `IDX_SALES_FLAT_ORDER_GRID_STORE_ID` (`store_id`),
  KEY `IDX_SALES_FLAT_ORDER_GRID_BASE_GRAND_TOTAL` (`base_grand_total`),
  KEY `IDX_SALES_FLAT_ORDER_GRID_BASE_TOTAL_PAID` (`base_total_paid`),
  KEY `IDX_SALES_FLAT_ORDER_GRID_GRAND_TOTAL` (`grand_total`),
  KEY `IDX_SALES_FLAT_ORDER_GRID_TOTAL_PAID` (`total_paid`),
  KEY `IDX_SALES_FLAT_ORDER_GRID_SHIPPING_NAME` (`shipping_name`),
  KEY `IDX_SALES_FLAT_ORDER_GRID_BILLING_NAME` (`billing_name`),
  KEY `IDX_SALES_FLAT_ORDER_GRID_CREATED_AT` (`created_at`),
  KEY `IDX_SALES_FLAT_ORDER_GRID_CUSTOMER_ID` (`customer_id`),
  KEY `IDX_SALES_FLAT_ORDER_GRID_UPDATED_AT` (`updated_at`),
  CONSTRAINT `FK_SALES_FLAT_ORDER_GRID_CUSTOMER_ID_CUSTOMER_ENTITY_ENTITY_ID` FOREIGN KEY (`customer_id`) REFERENCES `customer_entity` (`entity_id`) ON DELETE SET NULL ON UPDATE CASCADE,
  CONSTRAINT `FK_SALES_FLAT_ORDER_GRID_ENTITY_ID_SALES_FLAT_ORDER_ENTITY_ID` FOREIGN KEY (`entity_id`) REFERENCES `sales_flat_order` (`entity_id`) ON DELETE CASCADE ON UPDATE CASCADE,
  CONSTRAINT `FK_SALES_FLAT_ORDER_GRID_STORE_ID_CORE_STORE_STORE_ID` FOREIGN KEY (`store_id`) REFERENCES `core_store` (`store_id`) ON DELETE SET NULL ON UPDATE CASCADE
) ENGINE=InnoDB DEFAULT CHARSET=utf8 COMMENT='Sales Flat Order Grid';

--
-- Dumping data for table `sales_flat_order_grid`
--

INSERT INTO `sales_flat_order_grid` VALUES (1,'pending',1,'Main Website\nMain Store\nEnglish',NULL,304.9900,NULL,304.9900,NULL,'100000001','USD','USD','Javier Figueroa','Javier Figueroa','2013-02-13 10:08:13','2013-02-13 10:09:02'),(2,'pending_payment',1,'Silli Shoes\nMain Store\nEnglish',NULL,35.0000,NULL,35.0000,NULL,'100000002','USD','USD','Javier Figueroa','Javier Figueroa','2013-02-16 18:16:48','2013-02-16 18:16:54');

--
-- Table structure for table `sales_flat_order_item`
--

CREATE TABLE `sales_flat_order_item` (
  `item_id` int(10) unsigned NOT NULL AUTO_INCREMENT COMMENT 'Item Id',
  `order_id` int(10) unsigned NOT NULL COMMENT 'Order Id',
  `parent_item_id` int(10) unsigned DEFAULT NULL COMMENT 'Parent Item Id',
  `quote_item_id` int(10) unsigned DEFAULT NULL COMMENT 'Quote Item Id',
  `store_id` smallint(5) unsigned DEFAULT NULL COMMENT 'Store Id',
  `created_at` timestamp NOT NULL DEFAULT CURRENT_TIMESTAMP ON UPDATE CURRENT_TIMESTAMP COMMENT 'Created At',
  `updated_at` timestamp NOT NULL DEFAULT '0000-00-00 00:00:00' COMMENT 'Updated At',
  `product_id` int(10) unsigned DEFAULT NULL COMMENT 'Product Id',
  `product_type` varchar(255) DEFAULT NULL COMMENT 'Product Type',
  `product_options` text COMMENT 'Product Options',
  `weight` decimal(12,4) DEFAULT '0.0000' COMMENT 'Weight',
  `is_virtual` smallint(5) unsigned DEFAULT NULL COMMENT 'Is Virtual',
  `sku` varchar(255) DEFAULT NULL COMMENT 'Sku',
  `name` varchar(255) DEFAULT NULL COMMENT 'Name',
  `description` text COMMENT 'Description',
  `applied_rule_ids` text COMMENT 'Applied Rule Ids',
  `additional_data` text COMMENT 'Additional Data',
  `free_shipping` smallint(5) unsigned NOT NULL COMMENT 'Free Shipping',
  `is_qty_decimal` smallint(5) unsigned DEFAULT NULL COMMENT 'Is Qty Decimal',
  `no_discount` smallint(5) unsigned NOT NULL COMMENT 'No Discount',
  `qty_backordered` decimal(12,4) DEFAULT '0.0000' COMMENT 'Qty Backordered',
  `qty_canceled` decimal(12,4) DEFAULT '0.0000' COMMENT 'Qty Canceled',
  `qty_invoiced` decimal(12,4) DEFAULT '0.0000' COMMENT 'Qty Invoiced',
  `qty_ordered` decimal(12,4) DEFAULT '0.0000' COMMENT 'Qty Ordered',
  `qty_refunded` decimal(12,4) DEFAULT '0.0000' COMMENT 'Qty Refunded',
  `qty_shipped` decimal(12,4) DEFAULT '0.0000' COMMENT 'Qty Shipped',
  `base_cost` decimal(12,4) DEFAULT '0.0000' COMMENT 'Base Cost',
  `price` decimal(12,4) NOT NULL DEFAULT '0.0000' COMMENT 'Price',
  `base_price` decimal(12,4) NOT NULL DEFAULT '0.0000' COMMENT 'Base Price',
  `original_price` decimal(12,4) DEFAULT NULL COMMENT 'Original Price',
  `base_original_price` decimal(12,4) DEFAULT NULL COMMENT 'Base Original Price',
  `tax_percent` decimal(12,4) DEFAULT '0.0000' COMMENT 'Tax Percent',
  `tax_amount` decimal(12,4) DEFAULT '0.0000' COMMENT 'Tax Amount',
  `base_tax_amount` decimal(12,4) DEFAULT '0.0000' COMMENT 'Base Tax Amount',
  `tax_invoiced` decimal(12,4) DEFAULT '0.0000' COMMENT 'Tax Invoiced',
  `base_tax_invoiced` decimal(12,4) DEFAULT '0.0000' COMMENT 'Base Tax Invoiced',
  `discount_percent` decimal(12,4) DEFAULT '0.0000' COMMENT 'Discount Percent',
  `discount_amount` decimal(12,4) DEFAULT '0.0000' COMMENT 'Discount Amount',
  `base_discount_amount` decimal(12,4) DEFAULT '0.0000' COMMENT 'Base Discount Amount',
  `discount_invoiced` decimal(12,4) DEFAULT '0.0000' COMMENT 'Discount Invoiced',
  `base_discount_invoiced` decimal(12,4) DEFAULT '0.0000' COMMENT 'Base Discount Invoiced',
  `amount_refunded` decimal(12,4) DEFAULT '0.0000' COMMENT 'Amount Refunded',
  `base_amount_refunded` decimal(12,4) DEFAULT '0.0000' COMMENT 'Base Amount Refunded',
  `row_total` decimal(12,4) NOT NULL DEFAULT '0.0000' COMMENT 'Row Total',
  `base_row_total` decimal(12,4) NOT NULL DEFAULT '0.0000' COMMENT 'Base Row Total',
  `row_invoiced` decimal(12,4) NOT NULL DEFAULT '0.0000' COMMENT 'Row Invoiced',
  `base_row_invoiced` decimal(12,4) NOT NULL DEFAULT '0.0000' COMMENT 'Base Row Invoiced',
  `row_weight` decimal(12,4) DEFAULT '0.0000' COMMENT 'Row Weight',
  `gift_message_id` int(11) DEFAULT NULL COMMENT 'Gift Message Id',
  `gift_message_available` int(11) DEFAULT NULL COMMENT 'Gift Message Available',
  `base_tax_before_discount` decimal(12,4) DEFAULT NULL COMMENT 'Base Tax Before Discount',
  `tax_before_discount` decimal(12,4) DEFAULT NULL COMMENT 'Tax Before Discount',
  `weee_tax_applied` text COMMENT 'Weee Tax Applied',
  `weee_tax_applied_amount` decimal(12,4) DEFAULT NULL COMMENT 'Weee Tax Applied Amount',
  `weee_tax_applied_row_amount` decimal(12,4) DEFAULT NULL COMMENT 'Weee Tax Applied Row Amount',
  `base_weee_tax_applied_amount` decimal(12,4) DEFAULT NULL COMMENT 'Base Weee Tax Applied Amount',
  `base_weee_tax_applied_row_amnt` decimal(12,4) DEFAULT NULL COMMENT 'Base Weee Tax Applied Row Amnt',
  `weee_tax_disposition` decimal(12,4) DEFAULT NULL COMMENT 'Weee Tax Disposition',
  `weee_tax_row_disposition` decimal(12,4) DEFAULT NULL COMMENT 'Weee Tax Row Disposition',
  `base_weee_tax_disposition` decimal(12,4) DEFAULT NULL COMMENT 'Base Weee Tax Disposition',
  `base_weee_tax_row_disposition` decimal(12,4) DEFAULT NULL COMMENT 'Base Weee Tax Row Disposition',
  `ext_order_item_id` varchar(255) DEFAULT NULL COMMENT 'Ext Order Item Id',
  `locked_do_invoice` smallint(5) unsigned DEFAULT NULL COMMENT 'Locked Do Invoice',
  `locked_do_ship` smallint(5) unsigned DEFAULT NULL COMMENT 'Locked Do Ship',
  `price_incl_tax` decimal(12,4) DEFAULT NULL COMMENT 'Price Incl Tax',
  `base_price_incl_tax` decimal(12,4) DEFAULT NULL COMMENT 'Base Price Incl Tax',
  `row_total_incl_tax` decimal(12,4) DEFAULT NULL COMMENT 'Row Total Incl Tax',
  `base_row_total_incl_tax` decimal(12,4) DEFAULT NULL COMMENT 'Base Row Total Incl Tax',
  `hidden_tax_amount` decimal(12,4) DEFAULT NULL COMMENT 'Hidden Tax Amount',
  `base_hidden_tax_amount` decimal(12,4) DEFAULT NULL COMMENT 'Base Hidden Tax Amount',
  `hidden_tax_invoiced` decimal(12,4) DEFAULT NULL COMMENT 'Hidden Tax Invoiced',
  `base_hidden_tax_invoiced` decimal(12,4) DEFAULT NULL COMMENT 'Base Hidden Tax Invoiced',
  `hidden_tax_refunded` decimal(12,4) DEFAULT NULL COMMENT 'Hidden Tax Refunded',
  `base_hidden_tax_refunded` decimal(12,4) DEFAULT NULL COMMENT 'Base Hidden Tax Refunded',
  `is_nominal` int(11) NOT NULL COMMENT 'Is Nominal',
  `tax_canceled` decimal(12,4) DEFAULT NULL COMMENT 'Tax Canceled',
  `hidden_tax_canceled` decimal(12,4) DEFAULT NULL COMMENT 'Hidden Tax Canceled',
  `tax_refunded` decimal(12,4) DEFAULT NULL COMMENT 'Tax Refunded',
  `base_tax_refunded` decimal(12,4) DEFAULT NULL COMMENT 'Base Tax Refunded',
  `discount_refunded` decimal(12,4) DEFAULT NULL COMMENT 'Discount Refunded',
  `base_discount_refunded` decimal(12,4) DEFAULT NULL COMMENT 'Base Discount Refunded',
  PRIMARY KEY (`item_id`),
  KEY `IDX_SALES_FLAT_ORDER_ITEM_ORDER_ID` (`order_id`),
  KEY `IDX_SALES_FLAT_ORDER_ITEM_STORE_ID` (`store_id`),
  CONSTRAINT `FK_SALES_FLAT_ORDER_ITEM_ORDER_ID_SALES_FLAT_ORDER_ENTITY_ID` FOREIGN KEY (`order_id`) REFERENCES `sales_flat_order` (`entity_id`) ON DELETE CASCADE ON UPDATE CASCADE,
  CONSTRAINT `FK_SALES_FLAT_ORDER_ITEM_STORE_ID_CORE_STORE_STORE_ID` FOREIGN KEY (`store_id`) REFERENCES `core_store` (`store_id`) ON DELETE SET NULL ON UPDATE CASCADE
) ENGINE=InnoDB AUTO_INCREMENT=3 DEFAULT CHARSET=utf8 COMMENT='Sales Flat Order Item';

--
-- Dumping data for table `sales_flat_order_item`
--

INSERT INTO `sales_flat_order_item` VALUES (1,1,NULL,1,1,'2013-02-13 10:08:14','2013-02-13 10:08:14',51,'simple','a:1:{s:15:\"info_buyRequest\";a:4:{s:4:\"uenc\";s:112:\"aHR0cDovL3d3dy5hc2hmb3JkbWVkaWNhbC5jb20vaW5kZXgucGhwL2Z1cm5pdHVyZS9saXZpbmctcm9vbS9vdHRvbWFuLmh0bWw_X19fU0lEPVU,\";s:7:\"product\";s:2:\"51\";s:15:\"related_product\";s:0:\"\";s:3:\"qty\";s:1:\"1\";}}',20.0000,0,'1111','Ottoman',NULL,NULL,NULL,0,0,0,NULL,0.0000,0.0000,1.0000,0.0000,0.0000,50.0000,299.9900,299.9900,299.9900,299.9900,0.0000,0.0000,0.0000,0.0000,0.0000,0.0000,0.0000,0.0000,0.0000,0.0000,0.0000,0.0000,299.9900,299.9900,0.0000,0.0000,20.0000,NULL,NULL,NULL,NULL,'a:0:{}',0.0000,0.0000,0.0000,0.0000,0.0000,0.0000,0.0000,0.0000,NULL,NULL,NULL,299.9900,299.9900,299.9900,299.9900,NULL,NULL,NULL,NULL,NULL,NULL,0,NULL,NULL,NULL,NULL,NULL,NULL),(2,2,NULL,3,1,'2013-02-16 18:16:49','2013-02-16 18:16:49',167,'simple','a:1:{s:15:\"info_buyRequest\";a:4:{s:4:\"uenc\";s:116:\"aHR0cDovL3d3dy5zaWxsaXNob2UuY29tL2luZGV4LnBocC9zaG9lcy1mb3ItZ2lybHMvaW5qZWN0aW9uLWNhbnZhcy1zaG9lLmh0bWw_X19fU0lEPVU,\";s:7:\"product\";s:3:\"167\";s:15:\"related_product\";s:0:\"\";s:3:\"qty\";s:1:\"1\";}}',2.0000,0,'2342','Injection Canvas Shoe',NULL,NULL,NULL,0,0,0,NULL,0.0000,0.0000,1.0000,0.0000,0.0000,NULL,30.0000,30.0000,30.0000,30.0000,0.0000,0.0000,0.0000,0.0000,0.0000,0.0000,0.0000,0.0000,0.0000,0.0000,0.0000,0.0000,30.0000,30.0000,0.0000,0.0000,2.0000,NULL,NULL,NULL,NULL,'a:0:{}',0.0000,0.0000,0.0000,0.0000,0.0000,0.0000,0.0000,0.0000,NULL,NULL,NULL,30.0000,30.0000,30.0000,30.0000,NULL,NULL,NULL,NULL,NULL,NULL,0,NULL,NULL,NULL,NULL,NULL,NULL);

--
-- Table structure for table `sales_flat_order_payment`
--

CREATE TABLE `sales_flat_order_payment` (
  `entity_id` int(10) unsigned NOT NULL AUTO_INCREMENT COMMENT 'Entity Id',
  `parent_id` int(10) unsigned NOT NULL COMMENT 'Parent Id',
  `base_shipping_captured` decimal(12,4) DEFAULT NULL COMMENT 'Base Shipping Captured',
  `shipping_captured` decimal(12,4) DEFAULT NULL COMMENT 'Shipping Captured',
  `amount_refunded` decimal(12,4) DEFAULT NULL COMMENT 'Amount Refunded',
  `base_amount_paid` decimal(12,4) DEFAULT NULL COMMENT 'Base Amount Paid',
  `amount_canceled` decimal(12,4) DEFAULT NULL COMMENT 'Amount Canceled',
  `base_amount_authorized` decimal(12,4) DEFAULT NULL COMMENT 'Base Amount Authorized',
  `base_amount_paid_online` decimal(12,4) DEFAULT NULL COMMENT 'Base Amount Paid Online',
  `base_amount_refunded_online` decimal(12,4) DEFAULT NULL COMMENT 'Base Amount Refunded Online',
  `base_shipping_amount` decimal(12,4) DEFAULT NULL COMMENT 'Base Shipping Amount',
  `shipping_amount` decimal(12,4) DEFAULT NULL COMMENT 'Shipping Amount',
  `amount_paid` decimal(12,4) DEFAULT NULL COMMENT 'Amount Paid',
  `amount_authorized` decimal(12,4) DEFAULT NULL COMMENT 'Amount Authorized',
  `base_amount_ordered` decimal(12,4) DEFAULT NULL COMMENT 'Base Amount Ordered',
  `base_shipping_refunded` decimal(12,4) DEFAULT NULL COMMENT 'Base Shipping Refunded',
  `shipping_refunded` decimal(12,4) DEFAULT NULL COMMENT 'Shipping Refunded',
  `base_amount_refunded` decimal(12,4) DEFAULT NULL COMMENT 'Base Amount Refunded',
  `amount_ordered` decimal(12,4) DEFAULT NULL COMMENT 'Amount Ordered',
  `base_amount_canceled` decimal(12,4) DEFAULT NULL COMMENT 'Base Amount Canceled',
  `ideal_transaction_checked` tinyint(1) unsigned DEFAULT NULL,
  `quote_payment_id` int(11) DEFAULT NULL COMMENT 'Quote Payment Id',
  `additional_data` text COMMENT 'Additional Data',
  `cc_exp_month` varchar(255) DEFAULT NULL COMMENT 'Cc Exp Month',
  `cc_ss_start_year` varchar(255) DEFAULT NULL COMMENT 'Cc Ss Start Year',
  `echeck_bank_name` varchar(255) DEFAULT NULL COMMENT 'Echeck Bank Name',
  `method` varchar(255) DEFAULT NULL COMMENT 'Method',
  `cc_debug_request_body` varchar(255) DEFAULT NULL COMMENT 'Cc Debug Request Body',
  `cc_secure_verify` varchar(255) DEFAULT NULL COMMENT 'Cc Secure Verify',
  `cybersource_token` varchar(255) DEFAULT NULL,
  `ideal_issuer_title` varchar(255) DEFAULT NULL,
  `protection_eligibility` varchar(255) DEFAULT NULL COMMENT 'Protection Eligibility',
  `cc_approval` varchar(255) DEFAULT NULL COMMENT 'Cc Approval',
  `cc_last4` varchar(255) DEFAULT NULL COMMENT 'Cc Last4',
  `cc_status_description` varchar(255) DEFAULT NULL COMMENT 'Cc Status Description',
  `echeck_type` varchar(255) DEFAULT NULL COMMENT 'Echeck Type',
  `paybox_question_number` varchar(255) DEFAULT NULL,
  `cc_debug_response_serialized` varchar(255) DEFAULT NULL COMMENT 'Cc Debug Response Serialized',
  `cc_ss_start_month` varchar(255) DEFAULT NULL COMMENT 'Cc Ss Start Month',
  `echeck_account_type` varchar(255) DEFAULT NULL COMMENT 'Echeck Account Type',
  `last_trans_id` varchar(255) DEFAULT NULL COMMENT 'Last Trans Id',
  `cc_cid_status` varchar(255) DEFAULT NULL COMMENT 'Cc Cid Status',
  `cc_owner` varchar(255) DEFAULT NULL COMMENT 'Cc Owner',
  `cc_type` varchar(255) DEFAULT NULL COMMENT 'Cc Type',
  `ideal_issuer_id` varchar(255) DEFAULT NULL,
  `po_number` varchar(255) DEFAULT NULL COMMENT 'Po Number',
  `cc_exp_year` varchar(255) DEFAULT NULL COMMENT 'Cc Exp Year',
  `cc_status` varchar(255) DEFAULT NULL COMMENT 'Cc Status',
  `echeck_routing_number` varchar(255) DEFAULT NULL COMMENT 'Echeck Routing Number',
  `account_status` varchar(255) DEFAULT NULL COMMENT 'Account Status',
  `anet_trans_method` varchar(255) DEFAULT NULL COMMENT 'Anet Trans Method',
  `cc_debug_response_body` varchar(255) DEFAULT NULL COMMENT 'Cc Debug Response Body',
  `cc_ss_issue` varchar(255) DEFAULT NULL COMMENT 'Cc Ss Issue',
  `echeck_account_name` varchar(255) DEFAULT NULL COMMENT 'Echeck Account Name',
  `cc_avs_status` varchar(255) DEFAULT NULL COMMENT 'Cc Avs Status',
  `cc_number_enc` varchar(255) DEFAULT NULL COMMENT 'Cc Number Enc',
  `cc_trans_id` varchar(255) DEFAULT NULL COMMENT 'Cc Trans Id',
  `flo2cash_account_id` varchar(255) DEFAULT NULL,
  `paybox_request_number` varchar(255) DEFAULT NULL COMMENT 'Paybox Request Number',
  `address_status` varchar(255) DEFAULT NULL COMMENT 'Address Status',
  `additional_information` text COMMENT 'Additional Information',
  `amount` decimal(12,4) DEFAULT NULL,
  `cc_raw_request` text,
  `cc_raw_response` text,
  `customer_payment_id` int(11) DEFAULT NULL,
  PRIMARY KEY (`entity_id`),
  KEY `IDX_SALES_FLAT_ORDER_PAYMENT_PARENT_ID` (`parent_id`),
  CONSTRAINT `FK_SALES_FLAT_ORDER_PAYMENT_PARENT_ID_SALES_FLAT_ORDER_ENTITY_ID` FOREIGN KEY (`parent_id`) REFERENCES `sales_flat_order` (`entity_id`) ON DELETE CASCADE ON UPDATE CASCADE
) ENGINE=InnoDB AUTO_INCREMENT=3 DEFAULT CHARSET=utf8 COMMENT='Sales Flat Order Payment';

--
-- Dumping data for table `sales_flat_order_payment`
--

INSERT INTO `sales_flat_order_payment` VALUES (1,1,NULL,NULL,NULL,NULL,NULL,NULL,NULL,NULL,5.0000,5.0000,NULL,NULL,304.9900,NULL,NULL,NULL,304.9900,NULL,NULL,NULL,NULL,'4',NULL,NULL,'ccsave',NULL,NULL,NULL,NULL,NULL,NULL,'9875',NULL,NULL,NULL,NULL,NULL,NULL,NULL,NULL,'J F','MC',NULL,NULL,'2018',NULL,NULL,NULL,NULL,NULL,NULL,NULL,NULL,'D9yP77bV1ZotULvfBmQBgg==',NULL,NULL,NULL,NULL,NULL,NULL,NULL,NULL,NULL),(2,2,NULL,NULL,NULL,NULL,NULL,NULL,NULL,NULL,5.0000,5.0000,NULL,NULL,35.0000,NULL,NULL,NULL,35.0000,NULL,NULL,NULL,NULL,'0','0',NULL,'paypal_standard',NULL,NULL,NULL,NULL,NULL,NULL,NULL,NULL,NULL,NULL,NULL,'0',NULL,NULL,NULL,NULL,NULL,NULL,NULL,'0',NULL,NULL,NULL,NULL,NULL,NULL,NULL,NULL,NULL,NULL,NULL,NULL,NULL,NULL,NULL,NULL,NULL,NULL);

--
-- Table structure for table `sales_flat_order_status_history`
--

CREATE TABLE `sales_flat_order_status_history` (
  `entity_id` int(10) unsigned NOT NULL AUTO_INCREMENT COMMENT 'Entity Id',
  `parent_id` int(10) unsigned NOT NULL COMMENT 'Parent Id',
  `is_customer_notified` int(11) DEFAULT NULL COMMENT 'Is Customer Notified',
  `is_visible_on_front` smallint(5) unsigned NOT NULL COMMENT 'Is Visible On Front',
  `comment` text COMMENT 'Comment',
  `status` varchar(32) DEFAULT NULL COMMENT 'Status',
  `created_at` timestamp NULL DEFAULT NULL COMMENT 'Created At',
  `entity_name` varchar(32) DEFAULT NULL COMMENT 'Shows what entity history is bind to.',
  PRIMARY KEY (`entity_id`),
  KEY `IDX_SALES_FLAT_ORDER_STATUS_HISTORY_PARENT_ID` (`parent_id`),
  KEY `IDX_SALES_FLAT_ORDER_STATUS_HISTORY_CREATED_AT` (`created_at`),
  CONSTRAINT `FK_CE7C71E74CB74DDACED337CEE6753D5E` FOREIGN KEY (`parent_id`) REFERENCES `sales_flat_order` (`entity_id`) ON DELETE CASCADE ON UPDATE CASCADE
) ENGINE=InnoDB AUTO_INCREMENT=3 DEFAULT CHARSET=utf8 COMMENT='Sales Flat Order Status History';

--
-- Dumping data for table `sales_flat_order_status_history`
--

INSERT INTO `sales_flat_order_status_history` VALUES (1,1,1,0,NULL,'pending','2013-02-13 10:09:02','order'),(2,2,0,0,NULL,'pending_payment','2013-02-16 18:16:54','order');

--
-- Table structure for table `sales_flat_quote`
--

CREATE TABLE `sales_flat_quote` (
  `entity_id` int(10) unsigned NOT NULL AUTO_INCREMENT COMMENT 'Entity Id',
  `store_id` smallint(5) unsigned NOT NULL COMMENT 'Store Id',
  `created_at` timestamp NOT NULL DEFAULT CURRENT_TIMESTAMP ON UPDATE CURRENT_TIMESTAMP COMMENT 'Created At',
  `updated_at` timestamp NOT NULL DEFAULT '0000-00-00 00:00:00' COMMENT 'Updated At',
  `converted_at` timestamp NULL DEFAULT NULL COMMENT 'Converted At',
  `is_active` smallint(5) unsigned DEFAULT '1' COMMENT 'Is Active',
  `is_virtual` smallint(5) unsigned DEFAULT '0' COMMENT 'Is Virtual',
  `is_multi_shipping` smallint(5) unsigned DEFAULT '0' COMMENT 'Is Multi Shipping',
  `items_count` int(10) unsigned DEFAULT '0' COMMENT 'Items Count',
  `items_qty` decimal(12,4) DEFAULT '0.0000' COMMENT 'Items Qty',
  `orig_order_id` int(10) unsigned DEFAULT '0' COMMENT 'Orig Order Id',
  `store_to_base_rate` decimal(12,4) DEFAULT '0.0000' COMMENT 'Store To Base Rate',
  `store_to_quote_rate` decimal(12,4) DEFAULT '0.0000' COMMENT 'Store To Quote Rate',
  `base_to_global_rate` decimal(12,4) DEFAULT NULL COMMENT 'Base To Global Rate',
  `base_to_quote_rate` decimal(12,4) DEFAULT NULL COMMENT 'Base To Quote Rate',
  `global_currency_code` varchar(255) DEFAULT NULL COMMENT 'Global Currency Code',
  `base_currency_code` varchar(255) DEFAULT NULL COMMENT 'Base Currency Code',
  `store_currency_code` varchar(255) DEFAULT NULL COMMENT 'Store Currency Code',
  `quote_currency_code` varchar(255) DEFAULT NULL COMMENT 'Quote Currency Code',
  `grand_total` decimal(12,4) DEFAULT '0.0000' COMMENT 'Grand Total',
  `base_grand_total` decimal(12,4) DEFAULT '0.0000' COMMENT 'Base Grand Total',
  `checkout_method` varchar(255) DEFAULT NULL COMMENT 'Checkout Method',
  `customer_id` int(10) unsigned DEFAULT '0' COMMENT 'Customer Id',
  `customer_tax_class_id` int(10) unsigned DEFAULT '0' COMMENT 'Customer Tax Class Id',
  `customer_group_id` int(10) unsigned DEFAULT '0' COMMENT 'Customer Group Id',
  `customer_email` varchar(255) DEFAULT NULL COMMENT 'Customer Email',
  `customer_prefix` varchar(40) DEFAULT NULL COMMENT 'Customer Prefix',
  `customer_firstname` varchar(255) DEFAULT NULL COMMENT 'Customer Firstname',
  `customer_middlename` varchar(40) DEFAULT NULL COMMENT 'Customer Middlename',
  `customer_lastname` varchar(255) DEFAULT NULL COMMENT 'Customer Lastname',
  `customer_suffix` varchar(40) DEFAULT NULL COMMENT 'Customer Suffix',
  `customer_dob` datetime DEFAULT NULL COMMENT 'Customer Dob',
  `customer_note` varchar(255) DEFAULT NULL COMMENT 'Customer Note',
  `customer_note_notify` smallint(5) unsigned DEFAULT '1' COMMENT 'Customer Note Notify',
  `customer_is_guest` smallint(5) unsigned DEFAULT '0' COMMENT 'Customer Is Guest',
  `customer_taxvat` varchar(255) DEFAULT NULL COMMENT 'Customer Taxvat',
  `remote_ip` varchar(32) DEFAULT NULL COMMENT 'Remote Ip',
  `applied_rule_ids` varchar(255) DEFAULT NULL COMMENT 'Applied Rule Ids',
  `reserved_order_id` varchar(64) DEFAULT NULL COMMENT 'Reserved Order Id',
  `password_hash` varchar(255) DEFAULT NULL COMMENT 'Password Hash',
  `coupon_code` varchar(255) DEFAULT NULL COMMENT 'Coupon Code',
  `subtotal` decimal(12,4) DEFAULT NULL COMMENT 'Subtotal',
  `base_subtotal` decimal(12,4) DEFAULT NULL COMMENT 'Base Subtotal',
  `subtotal_with_discount` decimal(12,4) DEFAULT NULL COMMENT 'Subtotal With Discount',
  `base_subtotal_with_discount` decimal(12,4) DEFAULT NULL COMMENT 'Base Subtotal With Discount',
  `gift_message_id` int(11) DEFAULT NULL COMMENT 'Gift Message Id',
  `is_changed` int(10) unsigned DEFAULT NULL COMMENT 'Is Changed',
  `trigger_recollect` smallint(6) NOT NULL COMMENT 'Trigger Recollect',
  `ext_shipping_info` text COMMENT 'Ext Shipping Info',
  `customer_gender` varchar(255) DEFAULT NULL COMMENT 'Customer Gender',
  `is_persistent` smallint(5) unsigned DEFAULT '0' COMMENT 'Is Quote Persistent',
  PRIMARY KEY (`entity_id`),
  KEY `IDX_SALES_FLAT_QUOTE_CUSTOMER_ID_STORE_ID_IS_ACTIVE` (`customer_id`,`store_id`,`is_active`),
  KEY `IDX_SALES_FLAT_QUOTE_STORE_ID` (`store_id`),
  CONSTRAINT `FK_SALES_FLAT_QUOTE_STORE_ID_CORE_STORE_STORE_ID` FOREIGN KEY (`store_id`) REFERENCES `core_store` (`store_id`) ON DELETE CASCADE ON UPDATE CASCADE
) ENGINE=InnoDB AUTO_INCREMENT=32 DEFAULT CHARSET=utf8 COMMENT='Sales Flat Quote';

--
-- Dumping data for table `sales_flat_quote`
--

INSERT INTO `sales_flat_quote` VALUES (1,1,'2013-02-14 01:48:50','2013-02-13 10:09:14',NULL,0,0,0,0,0.0000,0,1.0000,1.0000,1.0000,1.0000,'USD','USD','USD','USD',304.9900,304.9900,'guest',NULL,3,0,'javi@backroompr.com',NULL,'Javier',NULL,'Figueroa',NULL,NULL,NULL,1,1,NULL,'98.242.188.7',NULL,'100000001',NULL,NULL,299.9900,299.9900,299.9900,299.9900,NULL,1,0,NULL,NULL,0),(2,1,'2013-02-14 05:16:44','2013-02-14 06:08:57',NULL,1,0,0,0,0.0000,0,1.0000,1.0000,1.0000,1.0000,'USD','USD','USD','USD',0.0000,0.0000,'guest',NULL,3,0,'javi@backroompr.com',NULL,'Javier',NULL,'Figueroa',NULL,NULL,NULL,1,0,NULL,'98.242.188.7',NULL,NULL,NULL,NULL,0.0000,0.0000,0.0000,0.0000,NULL,1,0,NULL,NULL,0),(3,1,'2013-02-14 09:04:43','2013-02-14 09:04:43',NULL,1,0,0,0,0.0000,0,1.0000,1.0000,1.0000,1.0000,'USD','USD','USD','USD',0.0000,0.0000,NULL,2,3,1,'javi@backroompr.com',NULL,'Javier',NULL,'Figueroa',NULL,NULL,NULL,1,0,NULL,'98.242.188.7',NULL,NULL,NULL,NULL,0.0000,0.0000,0.0000,0.0000,NULL,1,0,NULL,NULL,0),(4,1,'2013-05-09 22:08:20','2013-02-16 18:16:55',NULL,0,0,0,0,0.0000,0,1.0000,1.0000,1.0000,1.0000,'USD','USD','USD','USD',35.0000,35.0000,'guest',NULL,3,0,'javi@backroompr.com',NULL,'Javier',NULL,'Figueroa',NULL,NULL,NULL,1,1,NULL,'98.242.188.7',NULL,'100000002',NULL,NULL,30.0000,30.0000,30.0000,30.0000,NULL,1,0,NULL,NULL,0),(5,1,'2013-05-09 22:08:23','2013-02-17 05:01:02',NULL,1,0,0,0,0.0000,0,1.0000,1.0000,1.0000,1.0000,'USD','USD','USD','USD',7.9900,7.9900,NULL,NULL,3,0,NULL,NULL,NULL,NULL,NULL,NULL,NULL,NULL,1,0,NULL,'98.242.188.7',NULL,'100000003',NULL,NULL,7.9900,7.9900,7.9900,7.9900,NULL,1,0,NULL,NULL,0),(6,1,'2013-05-09 22:08:20','2013-02-17 00:19:48',NULL,1,0,0,0,0.0000,0,1.0000,1.0000,1.0000,1.0000,'USD','USD','USD','USD',30.0000,30.0000,NULL,NULL,3,0,NULL,NULL,NULL,NULL,NULL,NULL,NULL,NULL,1,0,NULL,'98.242.188.7',NULL,NULL,NULL,NULL,30.0000,30.0000,30.0000,30.0000,NULL,1,0,NULL,NULL,0),(7,1,'2013-05-09 22:08:22','2013-04-09 06:50:45',NULL,1,0,0,0,0.0000,0,1.0000,1.0000,1.0000,1.0000,'USD','USD','USD','USD',11.9900,11.9900,NULL,NULL,3,0,NULL,NULL,NULL,NULL,NULL,NULL,NULL,NULL,1,0,NULL,'69.84.207.246',NULL,NULL,NULL,NULL,11.9900,11.9900,11.9900,11.9900,NULL,1,0,NULL,NULL,0),(8,1,'2013-05-11 03:58:10','2013-05-11 03:58:25',NULL,1,0,0,1,1.0000,0,1.0000,1.0000,1.0000,1.0000,'USD','USD','USD','USD',467.7700,467.7700,NULL,NULL,3,0,NULL,NULL,NULL,NULL,NULL,NULL,NULL,NULL,1,0,NULL,'98.242.188.7',NULL,NULL,NULL,NULL,467.7700,467.7700,467.7700,467.7700,NULL,1,0,NULL,NULL,0),(9,1,'2013-10-09 09:15:12','2013-10-09 09:15:13',NULL,1,0,0,1,1.0000,0,1.0000,1.0000,1.0000,1.0000,'USD','USD','USD','USD',455.6200,455.6200,NULL,NULL,3,0,NULL,NULL,NULL,NULL,NULL,NULL,NULL,NULL,1,0,NULL,'54.234.120.108',NULL,NULL,NULL,NULL,455.6200,455.6200,455.6200,455.6200,NULL,1,0,NULL,NULL,0),(10,1,'2013-10-16 08:22:49','2013-10-16 08:22:49',NULL,1,0,0,1,1.0000,0,1.0000,1.0000,1.0000,1.0000,'USD','USD','USD','USD',1974.0000,1974.0000,NULL,NULL,3,0,NULL,NULL,NULL,NULL,NULL,NULL,NULL,NULL,1,0,NULL,'184.73.8.132',NULL,NULL,NULL,NULL,1974.0000,1974.0000,1974.0000,1974.0000,NULL,1,0,NULL,NULL,0),(11,1,'2013-10-20 07:14:32','2013-10-20 07:19:16',NULL,1,0,0,11,11.0000,0,1.0000,1.0000,1.0000,1.0000,'USD','USD','USD','USD',7178.9900,7178.9900,NULL,NULL,3,0,NULL,NULL,NULL,NULL,NULL,NULL,NULL,NULL,1,0,NULL,'204.236.226.210',NULL,NULL,NULL,NULL,7178.9900,7178.9900,7178.9900,7178.9900,NULL,1,0,NULL,NULL,0),(12,1,'2013-10-20 07:23:20','2013-10-20 07:25:27',NULL,1,0,0,7,7.0000,0,1.0000,1.0000,1.0000,1.0000,'USD','USD','USD','USD',4614.6500,4614.6500,NULL,NULL,3,0,NULL,NULL,NULL,NULL,NULL,NULL,NULL,NULL,1,0,NULL,'204.236.226.210',NULL,NULL,NULL,NULL,4614.6500,4614.6500,4614.6500,4614.6500,NULL,1,0,NULL,NULL,0),(13,1,'2013-10-23 08:14:33','2013-10-23 08:14:33',NULL,1,0,0,1,1.0000,0,1.0000,1.0000,1.0000,1.0000,'USD','USD','USD','USD',1974.0000,1974.0000,NULL,NULL,3,0,NULL,NULL,NULL,NULL,NULL,NULL,NULL,NULL,1,0,NULL,'54.226.93.121',NULL,NULL,NULL,NULL,1974.0000,1974.0000,1974.0000,1974.0000,NULL,1,0,NULL,NULL,0),(14,1,'2013-10-30 09:16:10','2013-10-30 09:16:10',NULL,1,0,0,1,1.0000,0,1.0000,1.0000,1.0000,1.0000,'USD','USD','USD','USD',1974.0000,1974.0000,NULL,NULL,3,0,NULL,NULL,NULL,NULL,NULL,NULL,NULL,NULL,1,0,NULL,'54.221.61.10',NULL,NULL,NULL,NULL,1974.0000,1974.0000,1974.0000,1974.0000,NULL,1,0,NULL,NULL,0),(15,1,'2013-11-06 10:07:05','2013-11-06 10:07:05',NULL,1,0,0,1,1.0000,0,1.0000,1.0000,1.0000,1.0000,'USD','USD','USD','USD',1974.0000,1974.0000,NULL,NULL,3,0,NULL,NULL,NULL,NULL,NULL,NULL,NULL,NULL,1,0,NULL,'50.16.123.117',NULL,NULL,NULL,NULL,1974.0000,1974.0000,1974.0000,1974.0000,NULL,1,0,NULL,NULL,0),(16,1,'2013-11-13 10:09:23','2013-11-13 10:09:24',NULL,1,0,0,1,1.0000,0,1.0000,1.0000,1.0000,1.0000,'USD','USD','USD','USD',1974.0000,1974.0000,NULL,NULL,3,0,NULL,NULL,NULL,NULL,NULL,NULL,NULL,NULL,1,0,NULL,'54.226.147.223',NULL,NULL,NULL,NULL,1974.0000,1974.0000,1974.0000,1974.0000,NULL,1,0,NULL,NULL,0),(17,1,'2013-11-20 10:06:34','2013-11-20 10:06:35',NULL,1,0,0,1,1.0000,0,1.0000,1.0000,1.0000,1.0000,'USD','USD','USD','USD',1974.0000,1974.0000,NULL,NULL,3,0,NULL,NULL,NULL,NULL,NULL,NULL,NULL,NULL,1,0,NULL,'54.204.79.136',NULL,NULL,NULL,NULL,1974.0000,1974.0000,1974.0000,1974.0000,NULL,1,0,NULL,NULL,0),(18,1,'2013-11-27 10:41:34','2013-11-27 10:41:35',NULL,1,0,0,1,1.0000,0,1.0000,1.0000,1.0000,1.0000,'USD','USD','USD','USD',455.6200,455.6200,NULL,NULL,3,0,NULL,NULL,NULL,NULL,NULL,NULL,NULL,NULL,1,0,NULL,'107.22.51.115',NULL,NULL,NULL,NULL,455.6200,455.6200,455.6200,455.6200,NULL,1,0,NULL,NULL,0),(19,1,'2013-12-04 10:18:06','2013-12-04 10:18:06',NULL,1,0,0,1,1.0000,0,1.0000,1.0000,1.0000,1.0000,'USD','USD','USD','USD',1974.0000,1974.0000,NULL,NULL,3,0,NULL,NULL,NULL,NULL,NULL,NULL,NULL,NULL,1,0,NULL,'54.205.86.208',NULL,NULL,NULL,NULL,1974.0000,1974.0000,1974.0000,1974.0000,NULL,1,0,NULL,NULL,0),(20,1,'2013-12-11 15:08:58','2013-12-11 15:08:59',NULL,1,0,0,1,1.0000,0,1.0000,1.0000,1.0000,1.0000,'USD','USD','USD','USD',1974.0000,1974.0000,NULL,NULL,3,0,NULL,NULL,NULL,NULL,NULL,NULL,NULL,NULL,1,0,NULL,'54.196.91.91',NULL,NULL,NULL,NULL,1974.0000,1974.0000,1974.0000,1974.0000,NULL,1,0,NULL,NULL,0),(21,1,'2013-12-15 06:28:58','2013-12-15 06:28:59',NULL,1,0,0,1,1.0000,0,1.0000,1.0000,1.0000,1.0000,'USD','USD','USD','USD',455.6200,455.6200,NULL,NULL,3,0,NULL,NULL,NULL,NULL,NULL,NULL,NULL,NULL,1,0,NULL,'76.122.72.219',NULL,NULL,NULL,NULL,455.6200,455.6200,455.6200,455.6200,NULL,1,0,NULL,NULL,0),(22,1,'2013-12-18 12:13:11','2013-12-18 12:13:12',NULL,1,0,0,1,1.0000,0,1.0000,1.0000,1.0000,1.0000,'USD','USD','USD','USD',1974.0000,1974.0000,NULL,NULL,3,0,NULL,NULL,NULL,NULL,NULL,NULL,NULL,NULL,1,0,NULL,'54.197.6.156',NULL,NULL,NULL,NULL,1974.0000,1974.0000,1974.0000,1974.0000,NULL,1,0,NULL,NULL,0),(23,1,'2013-12-25 10:09:29','2013-12-25 10:09:30',NULL,1,0,0,1,1.0000,0,1.0000,1.0000,1.0000,1.0000,'USD','USD','USD','USD',1974.0000,1974.0000,NULL,NULL,3,0,NULL,NULL,NULL,NULL,NULL,NULL,NULL,NULL,1,0,NULL,'54.205.173.14',NULL,NULL,NULL,NULL,1974.0000,1974.0000,1974.0000,1974.0000,NULL,1,0,NULL,NULL,0),(24,1,'2014-01-01 10:24:22','2014-01-01 10:24:23',NULL,1,0,0,1,1.0000,0,1.0000,1.0000,1.0000,1.0000,'USD','USD','USD','USD',1974.0000,1974.0000,NULL,NULL,3,0,NULL,NULL,NULL,NULL,NULL,NULL,NULL,NULL,1,0,NULL,'107.22.58.82',NULL,NULL,NULL,NULL,1974.0000,1974.0000,1974.0000,1974.0000,NULL,1,0,NULL,NULL,0),(25,1,'2014-01-08 10:27:08','2014-01-08 10:27:09',NULL,1,0,0,1,1.0000,0,1.0000,1.0000,1.0000,1.0000,'USD','USD','USD','USD',1974.0000,1974.0000,NULL,NULL,3,0,NULL,NULL,NULL,NULL,NULL,NULL,NULL,NULL,1,0,NULL,'54.205.113.35',NULL,NULL,NULL,NULL,1974.0000,1974.0000,1974.0000,1974.0000,NULL,1,0,NULL,NULL,0),(26,1,'2014-01-15 10:13:09','2014-01-15 10:13:10',NULL,1,0,0,1,1.0000,0,1.0000,1.0000,1.0000,1.0000,'USD','USD','USD','USD',1974.0000,1974.0000,NULL,NULL,3,0,NULL,NULL,NULL,NULL,NULL,NULL,NULL,NULL,1,0,NULL,'54.227.150.13',NULL,NULL,NULL,NULL,1974.0000,1974.0000,1974.0000,1974.0000,NULL,1,0,NULL,NULL,0),(27,1,'2014-01-22 10:23:32','2014-01-22 10:23:33',NULL,1,0,0,1,1.0000,0,1.0000,1.0000,1.0000,1.0000,'USD','USD','USD','USD',1974.0000,1974.0000,NULL,NULL,3,0,NULL,NULL,NULL,NULL,NULL,NULL,NULL,NULL,1,0,NULL,'54.197.148.68',NULL,NULL,NULL,NULL,1974.0000,1974.0000,1974.0000,1974.0000,NULL,1,0,NULL,NULL,0),(28,1,'2014-01-29 10:09:02','2014-01-29 10:09:03',NULL,1,0,0,1,1.0000,0,1.0000,1.0000,1.0000,1.0000,'USD','USD','USD','USD',1974.0000,1974.0000,NULL,NULL,3,0,NULL,NULL,NULL,NULL,NULL,NULL,NULL,NULL,1,0,NULL,'54.226.98.49',NULL,NULL,NULL,NULL,1974.0000,1974.0000,1974.0000,1974.0000,NULL,1,0,NULL,NULL,0),(29,1,'2014-02-05 10:22:34','2014-02-05 10:22:35',NULL,1,0,0,1,1.0000,0,1.0000,1.0000,1.0000,1.0000,'USD','USD','USD','USD',1974.0000,1974.0000,NULL,NULL,3,0,NULL,NULL,NULL,NULL,NULL,NULL,NULL,NULL,1,0,NULL,'54.221.65.93',NULL,NULL,NULL,NULL,1974.0000,1974.0000,1974.0000,1974.0000,NULL,1,0,NULL,NULL,0),(30,1,'2014-02-12 10:38:31','2014-02-12 10:38:32',NULL,1,0,0,1,1.0000,0,1.0000,1.0000,1.0000,1.0000,'USD','USD','USD','USD',1974.0000,1974.0000,NULL,NULL,3,0,NULL,NULL,NULL,NULL,NULL,NULL,NULL,NULL,1,0,NULL,'54.81.3.177',NULL,NULL,NULL,NULL,1974.0000,1974.0000,1974.0000,1974.0000,NULL,1,0,NULL,NULL,0),(31,1,'2014-02-12 12:49:27','2014-02-12 12:49:28',NULL,1,0,0,1,1.0000,0,1.0000,1.0000,1.0000,1.0000,'USD','USD','USD','USD',1974.0000,1974.0000,NULL,NULL,3,0,NULL,NULL,NULL,NULL,NULL,NULL,NULL,NULL,1,0,NULL,'54.80.236.145',NULL,NULL,NULL,NULL,1974.0000,1974.0000,1974.0000,1974.0000,NULL,1,0,NULL,NULL,0);

--
-- Table structure for table `sales_flat_quote_address`
--

CREATE TABLE `sales_flat_quote_address` (
  `address_id` int(10) unsigned NOT NULL AUTO_INCREMENT COMMENT 'Address Id',
  `quote_id` int(10) unsigned NOT NULL COMMENT 'Quote Id',
  `created_at` timestamp NOT NULL DEFAULT CURRENT_TIMESTAMP ON UPDATE CURRENT_TIMESTAMP COMMENT 'Created At',
  `updated_at` timestamp NOT NULL DEFAULT '0000-00-00 00:00:00' COMMENT 'Updated At',
  `customer_id` int(10) unsigned DEFAULT NULL COMMENT 'Customer Id',
  `save_in_address_book` smallint(6) DEFAULT '0' COMMENT 'Save In Address Book',
  `customer_address_id` int(10) unsigned DEFAULT NULL COMMENT 'Customer Address Id',
  `address_type` varchar(255) DEFAULT NULL COMMENT 'Address Type',
  `email` varchar(255) DEFAULT NULL COMMENT 'Email',
  `prefix` varchar(40) DEFAULT NULL COMMENT 'Prefix',
  `firstname` varchar(255) DEFAULT NULL COMMENT 'Firstname',
  `middlename` varchar(40) DEFAULT NULL COMMENT 'Middlename',
  `lastname` varchar(255) DEFAULT NULL COMMENT 'Lastname',
  `suffix` varchar(40) DEFAULT NULL COMMENT 'Suffix',
  `company` varchar(255) DEFAULT NULL COMMENT 'Company',
  `street` varchar(255) DEFAULT NULL COMMENT 'Street',
  `city` varchar(255) DEFAULT NULL COMMENT 'City',
  `region` varchar(255) DEFAULT NULL COMMENT 'Region',
  `region_id` int(10) unsigned DEFAULT NULL COMMENT 'Region Id',
  `postcode` varchar(255) DEFAULT NULL COMMENT 'Postcode',
  `country_id` varchar(255) DEFAULT NULL COMMENT 'Country Id',
  `telephone` varchar(255) DEFAULT NULL COMMENT 'Telephone',
  `fax` varchar(255) DEFAULT NULL COMMENT 'Fax',
  `same_as_billing` smallint(5) unsigned NOT NULL COMMENT 'Same As Billing',
  `free_shipping` smallint(5) unsigned NOT NULL COMMENT 'Free Shipping',
  `collect_shipping_rates` smallint(5) unsigned NOT NULL COMMENT 'Collect Shipping Rates',
  `shipping_method` varchar(255) DEFAULT NULL COMMENT 'Shipping Method',
  `shipping_description` varchar(255) DEFAULT NULL COMMENT 'Shipping Description',
  `weight` decimal(12,4) NOT NULL DEFAULT '0.0000' COMMENT 'Weight',
  `subtotal` decimal(12,4) NOT NULL DEFAULT '0.0000' COMMENT 'Subtotal',
  `base_subtotal` decimal(12,4) NOT NULL DEFAULT '0.0000' COMMENT 'Base Subtotal',
  `subtotal_with_discount` decimal(12,4) NOT NULL DEFAULT '0.0000' COMMENT 'Subtotal With Discount',
  `base_subtotal_with_discount` decimal(12,4) NOT NULL DEFAULT '0.0000' COMMENT 'Base Subtotal With Discount',
  `tax_amount` decimal(12,4) NOT NULL DEFAULT '0.0000' COMMENT 'Tax Amount',
  `base_tax_amount` decimal(12,4) NOT NULL DEFAULT '0.0000' COMMENT 'Base Tax Amount',
  `shipping_amount` decimal(12,4) NOT NULL DEFAULT '0.0000' COMMENT 'Shipping Amount',
  `base_shipping_amount` decimal(12,4) NOT NULL DEFAULT '0.0000' COMMENT 'Base Shipping Amount',
  `shipping_tax_amount` decimal(12,4) DEFAULT NULL COMMENT 'Shipping Tax Amount',
  `base_shipping_tax_amount` decimal(12,4) DEFAULT NULL COMMENT 'Base Shipping Tax Amount',
  `discount_amount` decimal(12,4) NOT NULL DEFAULT '0.0000' COMMENT 'Discount Amount',
  `base_discount_amount` decimal(12,4) NOT NULL DEFAULT '0.0000' COMMENT 'Base Discount Amount',
  `grand_total` decimal(12,4) NOT NULL DEFAULT '0.0000' COMMENT 'Grand Total',
  `base_grand_total` decimal(12,4) NOT NULL DEFAULT '0.0000' COMMENT 'Base Grand Total',
  `customer_notes` text COMMENT 'Customer Notes',
  `applied_taxes` text COMMENT 'Applied Taxes',
  `gift_message_id` int(11) DEFAULT NULL COMMENT 'Gift Message Id',
  `shipping_discount_amount` decimal(12,4) DEFAULT NULL COMMENT 'Shipping Discount Amount',
  `base_shipping_discount_amount` decimal(12,4) DEFAULT NULL COMMENT 'Base Shipping Discount Amount',
  `subtotal_incl_tax` decimal(12,4) DEFAULT NULL COMMENT 'Subtotal Incl Tax',
  `base_subtotal_total_incl_tax` decimal(12,4) DEFAULT NULL COMMENT 'Base Subtotal Total Incl Tax',
  `discount_description` varchar(255) DEFAULT NULL COMMENT 'Discount Description',
  `hidden_tax_amount` decimal(12,4) DEFAULT NULL COMMENT 'Hidden Tax Amount',
  `base_hidden_tax_amount` decimal(12,4) DEFAULT NULL COMMENT 'Base Hidden Tax Amount',
  `shipping_hidden_tax_amount` decimal(12,4) DEFAULT NULL COMMENT 'Shipping Hidden Tax Amount',
  `base_shipping_hidden_tax_amnt` decimal(12,4) DEFAULT NULL COMMENT 'Base Shipping Hidden Tax Amount',
  `shipping_incl_tax` decimal(12,4) DEFAULT NULL COMMENT 'Shipping Incl Tax',
  `base_shipping_incl_tax` decimal(12,4) DEFAULT NULL COMMENT 'Base Shipping Incl Tax',
  `vat_id` text COMMENT 'Vat Id',
  `vat_is_valid` smallint(6) DEFAULT NULL COMMENT 'Vat Is Valid',
  `vat_request_id` text COMMENT 'Vat Request Id',
  `vat_request_date` text COMMENT 'Vat Request Date',
  `vat_request_success` smallint(6) DEFAULT NULL COMMENT 'Vat Request Success',
  PRIMARY KEY (`address_id`),
  KEY `IDX_SALES_FLAT_QUOTE_ADDRESS_QUOTE_ID` (`quote_id`),
  CONSTRAINT `FK_SALES_FLAT_QUOTE_ADDRESS_QUOTE_ID_SALES_FLAT_QUOTE_ENTITY_ID` FOREIGN KEY (`quote_id`) REFERENCES `sales_flat_quote` (`entity_id`) ON DELETE CASCADE ON UPDATE CASCADE
) ENGINE=InnoDB AUTO_INCREMENT=121 DEFAULT CHARSET=utf8 COMMENT='Sales Flat Quote Address';

--
-- Dumping data for table `sales_flat_quote_address`
--

INSERT INTO `sales_flat_quote_address` VALUES (3,1,'2013-02-13 09:59:29','2013-02-13 10:08:11',NULL,1,NULL,'billing','javi@backroompr.com',NULL,'Javier',NULL,'Figueroa',NULL,NULL,'821 Granada Groves Ct','Coral Gables','Florida',18,'33134','US','305-461-2710',NULL,0,0,0,NULL,NULL,0.0000,0.0000,0.0000,0.0000,0.0000,0.0000,0.0000,0.0000,0.0000,0.0000,0.0000,0.0000,0.0000,0.0000,0.0000,NULL,'a:0:{}',NULL,NULL,NULL,0.0000,NULL,NULL,NULL,NULL,NULL,NULL,0.0000,0.0000,NULL,NULL,NULL,NULL,NULL),(4,1,'2013-02-13 09:59:29','2013-02-13 10:08:11',NULL,0,NULL,'shipping','javi@backroompr.com',NULL,'Javier',NULL,'Figueroa',NULL,NULL,'821 Granada Groves Ct','Coral Gables','Florida',18,'33134','US','305-461-2710',NULL,1,0,0,'flatrate_flatrate','Flat Rate - Fixed',20.0000,299.9900,299.9900,0.0000,0.0000,0.0000,0.0000,5.0000,5.0000,0.0000,0.0000,0.0000,0.0000,304.9900,304.9900,NULL,'a:0:{}',NULL,0.0000,0.0000,299.9900,NULL,NULL,0.0000,0.0000,0.0000,NULL,5.0000,5.0000,NULL,NULL,NULL,NULL,NULL),(7,2,'2013-02-14 05:16:45','2013-02-14 06:08:57',NULL,1,NULL,'billing','javi@backroompr.com',NULL,'Javier',NULL,'Figueroa',NULL,NULL,'821 Granada Groves ct','Coral gables','Florida',18,'33134','US','3054612710',NULL,0,0,0,NULL,NULL,0.0000,0.0000,0.0000,0.0000,0.0000,0.0000,0.0000,0.0000,0.0000,0.0000,0.0000,0.0000,0.0000,0.0000,0.0000,NULL,'a:0:{}',NULL,NULL,NULL,0.0000,NULL,NULL,NULL,NULL,NULL,NULL,0.0000,0.0000,NULL,NULL,NULL,NULL,NULL),(8,2,'2013-02-14 05:16:45','2013-02-14 06:08:57',NULL,0,NULL,'shipping','javi@backroompr.com',NULL,'Javier',NULL,'Figueroa',NULL,NULL,'821 Granada Groves ct','Coral gables','Florida',18,'33134','US','3054612710',NULL,1,0,1,'flatrate_flatrate','Flat Rate - Fixed',0.0000,0.0000,0.0000,0.0000,0.0000,0.0000,0.0000,0.0000,0.0000,0.0000,0.0000,0.0000,0.0000,0.0000,0.0000,NULL,'a:0:{}',NULL,0.0000,0.0000,0.0000,NULL,NULL,0.0000,0.0000,0.0000,NULL,0.0000,0.0000,NULL,NULL,NULL,NULL,NULL),(9,3,'2013-02-14 09:04:43','2013-02-14 09:04:43',2,0,NULL,'billing',NULL,NULL,NULL,NULL,NULL,NULL,NULL,NULL,NULL,NULL,NULL,NULL,NULL,NULL,NULL,0,0,0,NULL,NULL,0.0000,0.0000,0.0000,0.0000,0.0000,0.0000,0.0000,0.0000,0.0000,0.0000,0.0000,0.0000,0.0000,0.0000,0.0000,NULL,'a:0:{}',NULL,NULL,NULL,0.0000,NULL,NULL,NULL,NULL,NULL,NULL,0.0000,0.0000,NULL,NULL,NULL,NULL,NULL),(10,3,'2013-02-14 09:04:43','2013-02-14 09:04:43',2,0,NULL,'shipping',NULL,NULL,NULL,NULL,NULL,NULL,NULL,NULL,NULL,NULL,NULL,NULL,NULL,NULL,NULL,1,0,0,NULL,NULL,0.0000,0.0000,0.0000,0.0000,0.0000,0.0000,0.0000,0.0000,0.0000,0.0000,0.0000,0.0000,0.0000,0.0000,0.0000,NULL,'a:0:{}',NULL,NULL,NULL,0.0000,NULL,NULL,NULL,NULL,NULL,NULL,0.0000,0.0000,NULL,NULL,NULL,NULL,NULL),(13,4,'2013-02-16 18:14:55','2013-02-16 18:16:48',NULL,1,NULL,'billing','javi@backroompr.com',NULL,'Javier',NULL,'Figueroa',NULL,NULL,'821 Granada Groves Ct','Coral Gables','Florida',18,'33134','US','232323','figue8',0,0,0,NULL,NULL,0.0000,0.0000,0.0000,0.0000,0.0000,0.0000,0.0000,0.0000,0.0000,0.0000,0.0000,0.0000,0.0000,0.0000,0.0000,NULL,'a:0:{}',NULL,NULL,NULL,0.0000,NULL,NULL,NULL,NULL,NULL,NULL,0.0000,0.0000,NULL,NULL,NULL,NULL,NULL),(14,4,'2013-02-16 18:14:55','2013-02-16 18:16:48',NULL,0,NULL,'shipping','javi@backroompr.com',NULL,'Javier',NULL,'Figueroa',NULL,NULL,'821 Granada Groves Ct','Coral Gables','Florida',18,'33134','US','232323','figue8',1,0,0,'flatrate_flatrate','Flat Rate - Fixed',2.0000,30.0000,30.0000,0.0000,0.0000,0.0000,0.0000,5.0000,5.0000,0.0000,0.0000,0.0000,0.0000,35.0000,35.0000,NULL,'a:0:{}',NULL,0.0000,0.0000,30.0000,NULL,NULL,0.0000,0.0000,0.0000,NULL,5.0000,5.0000,NULL,NULL,NULL,NULL,NULL),(17,5,'2013-02-16 22:45:10','2013-02-17 05:01:02',NULL,0,NULL,'billing',NULL,NULL,NULL,NULL,NULL,NULL,NULL,NULL,NULL,NULL,NULL,NULL,NULL,NULL,NULL,0,0,0,NULL,NULL,0.0000,0.0000,0.0000,0.0000,0.0000,0.0000,0.0000,0.0000,0.0000,0.0000,0.0000,0.0000,0.0000,0.0000,0.0000,NULL,'a:0:{}',NULL,NULL,NULL,0.0000,NULL,NULL,NULL,NULL,NULL,NULL,0.0000,0.0000,NULL,NULL,NULL,NULL,NULL),(18,5,'2013-02-16 22:45:10','2013-02-17 05:01:02',NULL,0,NULL,'shipping',NULL,NULL,NULL,NULL,NULL,NULL,NULL,NULL,NULL,NULL,NULL,NULL,NULL,NULL,NULL,1,0,0,NULL,NULL,5.0000,7.9900,7.9900,0.0000,0.0000,0.0000,0.0000,0.0000,0.0000,0.0000,0.0000,0.0000,0.0000,7.9900,7.9900,NULL,'a:0:{}',NULL,0.0000,0.0000,7.9900,NULL,NULL,0.0000,0.0000,0.0000,NULL,0.0000,0.0000,NULL,NULL,NULL,NULL,NULL),(21,6,'2013-02-17 00:19:48','2013-02-17 00:19:48',NULL,0,NULL,'billing',NULL,NULL,NULL,NULL,NULL,NULL,NULL,NULL,NULL,NULL,NULL,NULL,NULL,NULL,NULL,0,0,0,NULL,NULL,0.0000,0.0000,0.0000,0.0000,0.0000,0.0000,0.0000,0.0000,0.0000,0.0000,0.0000,0.0000,0.0000,0.0000,0.0000,NULL,'a:0:{}',NULL,NULL,NULL,0.0000,NULL,NULL,NULL,NULL,NULL,NULL,0.0000,0.0000,NULL,NULL,NULL,NULL,NULL),(22,6,'2013-02-17 00:19:48','2013-02-17 00:19:48',NULL,0,NULL,'shipping',NULL,NULL,NULL,NULL,NULL,NULL,NULL,NULL,NULL,NULL,NULL,NULL,NULL,NULL,NULL,1,0,0,NULL,NULL,2.0000,30.0000,30.0000,0.0000,0.0000,0.0000,0.0000,0.0000,0.0000,0.0000,0.0000,0.0000,0.0000,30.0000,30.0000,NULL,'a:0:{}',NULL,0.0000,0.0000,30.0000,NULL,NULL,0.0000,0.0000,0.0000,NULL,0.0000,0.0000,NULL,NULL,NULL,NULL,NULL),(25,7,'2013-04-09 06:50:46','2013-04-09 06:50:46',NULL,0,NULL,'billing',NULL,NULL,NULL,NULL,NULL,NULL,NULL,NULL,NULL,NULL,NULL,NULL,NULL,NULL,NULL,0,0,0,NULL,NULL,0.0000,0.0000,0.0000,0.0000,0.0000,0.0000,0.0000,0.0000,0.0000,0.0000,0.0000,0.0000,0.0000,0.0000,0.0000,NULL,'a:0:{}',NULL,NULL,NULL,0.0000,NULL,NULL,NULL,NULL,NULL,NULL,0.0000,0.0000,NULL,NULL,NULL,NULL,NULL),(26,7,'2013-04-09 06:50:46','2013-04-09 06:50:46',NULL,0,NULL,'shipping',NULL,NULL,NULL,NULL,NULL,NULL,NULL,NULL,NULL,NULL,NULL,NULL,NULL,NULL,NULL,1,0,0,NULL,NULL,10.0000,11.9900,11.9900,0.0000,0.0000,0.0000,0.0000,0.0000,0.0000,0.0000,0.0000,0.0000,0.0000,11.9900,11.9900,NULL,'a:0:{}',NULL,0.0000,0.0000,11.9900,NULL,NULL,0.0000,0.0000,0.0000,NULL,0.0000,0.0000,NULL,NULL,NULL,NULL,NULL),(29,8,'2013-05-11 03:58:12','2013-05-11 03:58:25',NULL,0,NULL,'billing',NULL,NULL,NULL,NULL,NULL,NULL,NULL,NULL,NULL,NULL,NULL,NULL,NULL,NULL,NULL,0,0,0,NULL,NULL,0.0000,0.0000,0.0000,0.0000,0.0000,0.0000,0.0000,0.0000,0.0000,0.0000,0.0000,0.0000,0.0000,0.0000,0.0000,NULL,'a:0:{}',NULL,NULL,NULL,0.0000,NULL,NULL,NULL,NULL,NULL,NULL,0.0000,0.0000,NULL,NULL,NULL,NULL,NULL),(30,8,'2013-05-11 03:58:12','2013-05-11 03:58:25',NULL,0,NULL,'shipping',NULL,NULL,NULL,NULL,NULL,NULL,NULL,NULL,NULL,NULL,NULL,NULL,NULL,NULL,NULL,1,0,0,NULL,NULL,130.0000,467.7700,467.7700,0.0000,0.0000,0.0000,0.0000,0.0000,0.0000,0.0000,0.0000,0.0000,0.0000,467.7700,467.7700,NULL,'a:0:{}',NULL,0.0000,0.0000,467.7700,NULL,NULL,0.0000,0.0000,0.0000,NULL,0.0000,0.0000,NULL,NULL,NULL,NULL,NULL),(33,9,'2013-10-09 09:15:13','2013-10-09 09:15:13',NULL,0,NULL,'billing',NULL,NULL,NULL,NULL,NULL,NULL,NULL,NULL,NULL,NULL,NULL,NULL,NULL,NULL,NULL,0,0,0,NULL,NULL,0.0000,0.0000,0.0000,0.0000,0.0000,0.0000,0.0000,0.0000,0.0000,0.0000,0.0000,0.0000,0.0000,0.0000,0.0000,NULL,'a:0:{}',NULL,NULL,NULL,0.0000,NULL,NULL,NULL,NULL,NULL,NULL,0.0000,0.0000,NULL,NULL,NULL,NULL,NULL),(34,9,'2013-10-09 09:15:13','2013-10-09 09:15:13',NULL,0,NULL,'shipping',NULL,NULL,NULL,NULL,NULL,NULL,NULL,NULL,NULL,NULL,NULL,NULL,NULL,NULL,NULL,1,0,0,NULL,NULL,160.0000,455.6200,455.6200,0.0000,0.0000,0.0000,0.0000,0.0000,0.0000,0.0000,0.0000,0.0000,0.0000,455.6200,455.6200,NULL,'a:0:{}',NULL,0.0000,0.0000,455.6200,NULL,NULL,0.0000,0.0000,0.0000,NULL,0.0000,0.0000,NULL,NULL,NULL,NULL,NULL),(37,10,'2013-10-16 08:22:49','2013-10-16 08:22:49',NULL,0,NULL,'billing',NULL,NULL,NULL,NULL,NULL,NULL,NULL,NULL,NULL,NULL,NULL,NULL,NULL,NULL,NULL,0,0,0,NULL,NULL,0.0000,0.0000,0.0000,0.0000,0.0000,0.0000,0.0000,0.0000,0.0000,0.0000,0.0000,0.0000,0.0000,0.0000,0.0000,NULL,'a:0:{}',NULL,NULL,NULL,0.0000,NULL,NULL,NULL,NULL,NULL,NULL,0.0000,0.0000,NULL,NULL,NULL,NULL,NULL),(38,10,'2013-10-16 08:22:49','2013-10-16 08:22:49',NULL,0,NULL,'shipping',NULL,NULL,NULL,NULL,NULL,NULL,NULL,NULL,NULL,NULL,NULL,NULL,NULL,NULL,NULL,1,0,0,NULL,NULL,175.0000,1974.0000,1974.0000,0.0000,0.0000,0.0000,0.0000,0.0000,0.0000,0.0000,0.0000,0.0000,0.0000,1974.0000,1974.0000,NULL,'a:0:{}',NULL,0.0000,0.0000,1974.0000,NULL,NULL,0.0000,0.0000,0.0000,NULL,0.0000,0.0000,NULL,NULL,NULL,NULL,NULL),(41,11,'2013-10-20 07:14:33','2013-10-20 07:19:16',NULL,0,NULL,'billing',NULL,NULL,NULL,NULL,NULL,NULL,NULL,NULL,NULL,NULL,NULL,NULL,NULL,NULL,NULL,0,0,0,NULL,NULL,0.0000,0.0000,0.0000,0.0000,0.0000,0.0000,0.0000,0.0000,0.0000,0.0000,0.0000,0.0000,0.0000,0.0000,0.0000,NULL,'a:0:{}',NULL,NULL,NULL,0.0000,NULL,NULL,NULL,NULL,NULL,NULL,0.0000,0.0000,NULL,NULL,NULL,NULL,NULL),(42,11,'2013-10-20 07:14:33','2013-10-20 07:19:16',NULL,0,NULL,'shipping',NULL,NULL,NULL,NULL,NULL,NULL,NULL,NULL,NULL,NULL,NULL,NULL,NULL,NULL,NULL,1,0,0,NULL,NULL,1458.0000,7178.9900,7178.9900,0.0000,0.0000,0.0000,0.0000,0.0000,0.0000,0.0000,0.0000,0.0000,0.0000,7178.9900,7178.9900,NULL,'a:0:{}',NULL,0.0000,0.0000,7178.9900,NULL,NULL,0.0000,0.0000,0.0000,NULL,0.0000,0.0000,NULL,NULL,NULL,NULL,NULL),(43,12,'2013-10-20 07:23:20','2013-10-20 07:25:27',NULL,0,NULL,'billing',NULL,NULL,NULL,NULL,NULL,NULL,NULL,NULL,NULL,NULL,NULL,NULL,NULL,NULL,NULL,0,0,0,NULL,NULL,0.0000,0.0000,0.0000,0.0000,0.0000,0.0000,0.0000,0.0000,0.0000,0.0000,0.0000,0.0000,0.0000,0.0000,0.0000,NULL,'a:0:{}',NULL,NULL,NULL,0.0000,NULL,NULL,NULL,NULL,NULL,NULL,0.0000,0.0000,NULL,NULL,NULL,NULL,NULL),(44,12,'2013-10-20 07:23:20','2013-10-20 07:25:27',NULL,0,NULL,'shipping',NULL,NULL,NULL,NULL,NULL,NULL,NULL,NULL,NULL,NULL,NULL,NULL,NULL,NULL,NULL,1,0,0,NULL,NULL,960.0000,4614.6500,4614.6500,0.0000,0.0000,0.0000,0.0000,0.0000,0.0000,0.0000,0.0000,0.0000,0.0000,4614.6500,4614.6500,NULL,'a:0:{}',NULL,0.0000,0.0000,4614.6500,NULL,NULL,0.0000,0.0000,0.0000,NULL,0.0000,0.0000,NULL,NULL,NULL,NULL,NULL),(47,13,'2013-10-23 08:14:33','2013-10-23 08:14:33',NULL,0,NULL,'billing',NULL,NULL,NULL,NULL,NULL,NULL,NULL,NULL,NULL,NULL,NULL,NULL,NULL,NULL,NULL,0,0,0,NULL,NULL,0.0000,0.0000,0.0000,0.0000,0.0000,0.0000,0.0000,0.0000,0.0000,0.0000,0.0000,0.0000,0.0000,0.0000,0.0000,NULL,'a:0:{}',NULL,NULL,NULL,0.0000,NULL,NULL,NULL,NULL,NULL,NULL,0.0000,0.0000,NULL,NULL,NULL,NULL,NULL),(48,13,'2013-10-23 08:14:33','2013-10-23 08:14:33',NULL,0,NULL,'shipping',NULL,NULL,NULL,NULL,NULL,NULL,NULL,NULL,NULL,NULL,NULL,NULL,NULL,NULL,NULL,1,0,0,NULL,NULL,175.0000,1974.0000,1974.0000,0.0000,0.0000,0.0000,0.0000,0.0000,0.0000,0.0000,0.0000,0.0000,0.0000,1974.0000,1974.0000,NULL,'a:0:{}',NULL,0.0000,0.0000,1974.0000,NULL,NULL,0.0000,0.0000,0.0000,NULL,0.0000,0.0000,NULL,NULL,NULL,NULL,NULL),(51,14,'2013-10-30 09:16:10','2013-10-30 09:16:10',NULL,0,NULL,'billing',NULL,NULL,NULL,NULL,NULL,NULL,NULL,NULL,NULL,NULL,NULL,NULL,NULL,NULL,NULL,0,0,0,NULL,NULL,0.0000,0.0000,0.0000,0.0000,0.0000,0.0000,0.0000,0.0000,0.0000,0.0000,0.0000,0.0000,0.0000,0.0000,0.0000,NULL,'a:0:{}',NULL,NULL,NULL,0.0000,NULL,NULL,NULL,NULL,NULL,NULL,0.0000,0.0000,NULL,NULL,NULL,NULL,NULL),(52,14,'2013-10-30 09:16:10','2013-10-30 09:16:10',NULL,0,NULL,'shipping',NULL,NULL,NULL,NULL,NULL,NULL,NULL,NULL,NULL,NULL,NULL,NULL,NULL,NULL,NULL,1,0,0,NULL,NULL,175.0000,1974.0000,1974.0000,0.0000,0.0000,0.0000,0.0000,0.0000,0.0000,0.0000,0.0000,0.0000,0.0000,1974.0000,1974.0000,NULL,'a:0:{}',NULL,0.0000,0.0000,1974.0000,NULL,NULL,0.0000,0.0000,0.0000,NULL,0.0000,0.0000,NULL,NULL,NULL,NULL,NULL),(55,15,'2013-11-06 10:07:05','2013-11-06 10:07:05',NULL,0,NULL,'billing',NULL,NULL,NULL,NULL,NULL,NULL,NULL,NULL,NULL,NULL,NULL,NULL,NULL,NULL,NULL,0,0,0,NULL,NULL,0.0000,0.0000,0.0000,0.0000,0.0000,0.0000,0.0000,0.0000,0.0000,0.0000,0.0000,0.0000,0.0000,0.0000,0.0000,NULL,'a:0:{}',NULL,NULL,NULL,0.0000,NULL,NULL,NULL,NULL,NULL,NULL,0.0000,0.0000,NULL,NULL,NULL,NULL,NULL),(56,15,'2013-11-06 10:07:05','2013-11-06 10:07:05',NULL,0,NULL,'shipping',NULL,NULL,NULL,NULL,NULL,NULL,NULL,NULL,NULL,NULL,NULL,NULL,NULL,NULL,NULL,1,0,0,NULL,NULL,175.0000,1974.0000,1974.0000,0.0000,0.0000,0.0000,0.0000,0.0000,0.0000,0.0000,0.0000,0.0000,0.0000,1974.0000,1974.0000,NULL,'a:0:{}',NULL,0.0000,0.0000,1974.0000,NULL,NULL,0.0000,0.0000,0.0000,NULL,0.0000,0.0000,NULL,NULL,NULL,NULL,NULL),(59,16,'2013-11-13 10:09:24','2013-11-13 10:09:24',NULL,0,NULL,'billing',NULL,NULL,NULL,NULL,NULL,NULL,NULL,NULL,NULL,NULL,NULL,NULL,NULL,NULL,NULL,0,0,0,NULL,NULL,0.0000,0.0000,0.0000,0.0000,0.0000,0.0000,0.0000,0.0000,0.0000,0.0000,0.0000,0.0000,0.0000,0.0000,0.0000,NULL,'a:0:{}',NULL,NULL,NULL,0.0000,NULL,NULL,NULL,NULL,NULL,NULL,0.0000,0.0000,NULL,NULL,NULL,NULL,NULL),(60,16,'2013-11-13 10:09:24','2013-11-13 10:09:24',NULL,0,NULL,'shipping',NULL,NULL,NULL,NULL,NULL,NULL,NULL,NULL,NULL,NULL,NULL,NULL,NULL,NULL,NULL,1,0,0,NULL,NULL,175.0000,1974.0000,1974.0000,0.0000,0.0000,0.0000,0.0000,0.0000,0.0000,0.0000,0.0000,0.0000,0.0000,1974.0000,1974.0000,NULL,'a:0:{}',NULL,0.0000,0.0000,1974.0000,NULL,NULL,0.0000,0.0000,0.0000,NULL,0.0000,0.0000,NULL,NULL,NULL,NULL,NULL),(63,17,'2013-11-20 10:06:35','2013-11-20 10:06:35',NULL,0,NULL,'billing',NULL,NULL,NULL,NULL,NULL,NULL,NULL,NULL,NULL,NULL,NULL,NULL,NULL,NULL,NULL,0,0,0,NULL,NULL,0.0000,0.0000,0.0000,0.0000,0.0000,0.0000,0.0000,0.0000,0.0000,0.0000,0.0000,0.0000,0.0000,0.0000,0.0000,NULL,'a:0:{}',NULL,NULL,NULL,0.0000,NULL,NULL,NULL,NULL,NULL,NULL,0.0000,0.0000,NULL,NULL,NULL,NULL,NULL),(64,17,'2013-11-20 10:06:35','2013-11-20 10:06:35',NULL,0,NULL,'shipping',NULL,NULL,NULL,NULL,NULL,NULL,NULL,NULL,NULL,NULL,NULL,NULL,NULL,NULL,NULL,1,0,0,NULL,NULL,175.0000,1974.0000,1974.0000,0.0000,0.0000,0.0000,0.0000,0.0000,0.0000,0.0000,0.0000,0.0000,0.0000,1974.0000,1974.0000,NULL,'a:0:{}',NULL,0.0000,0.0000,1974.0000,NULL,NULL,0.0000,0.0000,0.0000,NULL,0.0000,0.0000,NULL,NULL,NULL,NULL,NULL),(67,18,'2013-11-27 10:41:35','2013-11-27 10:41:35',NULL,0,NULL,'billing',NULL,NULL,NULL,NULL,NULL,NULL,NULL,NULL,NULL,NULL,NULL,NULL,NULL,NULL,NULL,0,0,0,NULL,NULL,0.0000,0.0000,0.0000,0.0000,0.0000,0.0000,0.0000,0.0000,0.0000,0.0000,0.0000,0.0000,0.0000,0.0000,0.0000,NULL,'a:0:{}',NULL,NULL,NULL,0.0000,NULL,NULL,NULL,NULL,NULL,NULL,0.0000,0.0000,NULL,NULL,NULL,NULL,NULL),(68,18,'2013-11-27 10:41:35','2013-11-27 10:41:35',NULL,0,NULL,'shipping',NULL,NULL,NULL,NULL,NULL,NULL,NULL,NULL,NULL,NULL,NULL,NULL,NULL,NULL,NULL,1,0,0,NULL,NULL,160.0000,455.6200,455.6200,0.0000,0.0000,0.0000,0.0000,0.0000,0.0000,0.0000,0.0000,0.0000,0.0000,455.6200,455.6200,NULL,'a:0:{}',NULL,0.0000,0.0000,455.6200,NULL,NULL,0.0000,0.0000,0.0000,NULL,0.0000,0.0000,NULL,NULL,NULL,NULL,NULL),(71,19,'2013-12-04 10:18:06','2013-12-04 10:18:06',NULL,0,NULL,'billing',NULL,NULL,NULL,NULL,NULL,NULL,NULL,NULL,NULL,NULL,NULL,NULL,NULL,NULL,NULL,0,0,0,NULL,NULL,0.0000,0.0000,0.0000,0.0000,0.0000,0.0000,0.0000,0.0000,0.0000,0.0000,0.0000,0.0000,0.0000,0.0000,0.0000,NULL,'a:0:{}',NULL,NULL,NULL,0.0000,NULL,NULL,NULL,NULL,NULL,NULL,0.0000,0.0000,NULL,NULL,NULL,NULL,NULL),(72,19,'2013-12-04 10:18:06','2013-12-04 10:18:06',NULL,0,NULL,'shipping',NULL,NULL,NULL,NULL,NULL,NULL,NULL,NULL,NULL,NULL,NULL,NULL,NULL,NULL,NULL,1,0,0,NULL,NULL,175.0000,1974.0000,1974.0000,0.0000,0.0000,0.0000,0.0000,0.0000,0.0000,0.0000,0.0000,0.0000,0.0000,1974.0000,1974.0000,NULL,'a:0:{}',NULL,0.0000,0.0000,1974.0000,NULL,NULL,0.0000,0.0000,0.0000,NULL,0.0000,0.0000,NULL,NULL,NULL,NULL,NULL),(75,20,'2013-12-11 15:08:59','2013-12-11 15:08:59',NULL,0,NULL,'billing',NULL,NULL,NULL,NULL,NULL,NULL,NULL,NULL,NULL,NULL,NULL,NULL,NULL,NULL,NULL,0,0,0,NULL,NULL,0.0000,0.0000,0.0000,0.0000,0.0000,0.0000,0.0000,0.0000,0.0000,0.0000,0.0000,0.0000,0.0000,0.0000,0.0000,NULL,'a:0:{}',NULL,NULL,NULL,0.0000,NULL,NULL,NULL,NULL,NULL,NULL,0.0000,0.0000,NULL,NULL,NULL,NULL,NULL),(76,20,'2013-12-11 15:08:59','2013-12-11 15:08:59',NULL,0,NULL,'shipping',NULL,NULL,NULL,NULL,NULL,NULL,NULL,NULL,NULL,NULL,NULL,NULL,NULL,NULL,NULL,1,0,0,NULL,NULL,175.0000,1974.0000,1974.0000,0.0000,0.0000,0.0000,0.0000,0.0000,0.0000,0.0000,0.0000,0.0000,0.0000,1974.0000,1974.0000,NULL,'a:0:{}',NULL,0.0000,0.0000,1974.0000,NULL,NULL,0.0000,0.0000,0.0000,NULL,0.0000,0.0000,NULL,NULL,NULL,NULL,NULL),(79,21,'2013-12-15 06:29:00','2013-12-15 06:29:00',NULL,0,NULL,'billing',NULL,NULL,NULL,NULL,NULL,NULL,NULL,NULL,NULL,NULL,NULL,NULL,NULL,NULL,NULL,0,0,0,NULL,NULL,0.0000,0.0000,0.0000,0.0000,0.0000,0.0000,0.0000,0.0000,0.0000,0.0000,0.0000,0.0000,0.0000,0.0000,0.0000,NULL,'a:0:{}',NULL,NULL,NULL,0.0000,NULL,NULL,NULL,NULL,NULL,NULL,0.0000,0.0000,NULL,NULL,NULL,NULL,NULL),(80,21,'2013-12-15 06:29:00','2013-12-15 06:29:00',NULL,0,NULL,'shipping',NULL,NULL,NULL,NULL,NULL,NULL,NULL,NULL,NULL,NULL,NULL,NULL,NULL,NULL,NULL,1,0,0,NULL,NULL,160.0000,455.6200,455.6200,0.0000,0.0000,0.0000,0.0000,0.0000,0.0000,0.0000,0.0000,0.0000,0.0000,455.6200,455.6200,NULL,'a:0:{}',NULL,0.0000,0.0000,455.6200,NULL,NULL,0.0000,0.0000,0.0000,NULL,0.0000,0.0000,NULL,NULL,NULL,NULL,NULL),(83,22,'2013-12-18 12:13:12','2013-12-18 12:13:12',NULL,0,NULL,'billing',NULL,NULL,NULL,NULL,NULL,NULL,NULL,NULL,NULL,NULL,NULL,NULL,NULL,NULL,NULL,0,0,0,NULL,NULL,0.0000,0.0000,0.0000,0.0000,0.0000,0.0000,0.0000,0.0000,0.0000,0.0000,0.0000,0.0000,0.0000,0.0000,0.0000,NULL,'a:0:{}',NULL,NULL,NULL,0.0000,NULL,NULL,NULL,NULL,NULL,NULL,0.0000,0.0000,NULL,NULL,NULL,NULL,NULL),(84,22,'2013-12-18 12:13:12','2013-12-18 12:13:12',NULL,0,NULL,'shipping',NULL,NULL,NULL,NULL,NULL,NULL,NULL,NULL,NULL,NULL,NULL,NULL,NULL,NULL,NULL,1,0,0,NULL,NULL,175.0000,1974.0000,1974.0000,0.0000,0.0000,0.0000,0.0000,0.0000,0.0000,0.0000,0.0000,0.0000,0.0000,1974.0000,1974.0000,NULL,'a:0:{}',NULL,0.0000,0.0000,1974.0000,NULL,NULL,0.0000,0.0000,0.0000,NULL,0.0000,0.0000,NULL,NULL,NULL,NULL,NULL),(87,23,'2013-12-25 10:09:30','2013-12-25 10:09:30',NULL,0,NULL,'billing',NULL,NULL,NULL,NULL,NULL,NULL,NULL,NULL,NULL,NULL,NULL,NULL,NULL,NULL,NULL,0,0,0,NULL,NULL,0.0000,0.0000,0.0000,0.0000,0.0000,0.0000,0.0000,0.0000,0.0000,0.0000,0.0000,0.0000,0.0000,0.0000,0.0000,NULL,'a:0:{}',NULL,NULL,NULL,0.0000,NULL,NULL,NULL,NULL,NULL,NULL,0.0000,0.0000,NULL,NULL,NULL,NULL,NULL),(88,23,'2013-12-25 10:09:30','2013-12-25 10:09:30',NULL,0,NULL,'shipping',NULL,NULL,NULL,NULL,NULL,NULL,NULL,NULL,NULL,NULL,NULL,NULL,NULL,NULL,NULL,1,0,0,NULL,NULL,175.0000,1974.0000,1974.0000,0.0000,0.0000,0.0000,0.0000,0.0000,0.0000,0.0000,0.0000,0.0000,0.0000,1974.0000,1974.0000,NULL,'a:0:{}',NULL,0.0000,0.0000,1974.0000,NULL,NULL,0.0000,0.0000,0.0000,NULL,0.0000,0.0000,NULL,NULL,NULL,NULL,NULL),(91,24,'2014-01-01 10:24:23','2014-01-01 10:24:23',NULL,0,NULL,'billing',NULL,NULL,NULL,NULL,NULL,NULL,NULL,NULL,NULL,NULL,NULL,NULL,NULL,NULL,NULL,0,0,0,NULL,NULL,0.0000,0.0000,0.0000,0.0000,0.0000,0.0000,0.0000,0.0000,0.0000,0.0000,0.0000,0.0000,0.0000,0.0000,0.0000,NULL,'a:0:{}',NULL,NULL,NULL,0.0000,NULL,NULL,NULL,NULL,NULL,NULL,0.0000,0.0000,NULL,NULL,NULL,NULL,NULL),(92,24,'2014-01-01 10:24:23','2014-01-01 10:24:23',NULL,0,NULL,'shipping',NULL,NULL,NULL,NULL,NULL,NULL,NULL,NULL,NULL,NULL,NULL,NULL,NULL,NULL,NULL,1,0,0,NULL,NULL,175.0000,1974.0000,1974.0000,0.0000,0.0000,0.0000,0.0000,0.0000,0.0000,0.0000,0.0000,0.0000,0.0000,1974.0000,1974.0000,NULL,'a:0:{}',NULL,0.0000,0.0000,1974.0000,NULL,NULL,0.0000,0.0000,0.0000,NULL,0.0000,0.0000,NULL,NULL,NULL,NULL,NULL),(95,25,'2014-01-08 10:27:09','2014-01-08 10:27:09',NULL,0,NULL,'billing',NULL,NULL,NULL,NULL,NULL,NULL,NULL,NULL,NULL,NULL,NULL,NULL,NULL,NULL,NULL,0,0,0,NULL,NULL,0.0000,0.0000,0.0000,0.0000,0.0000,0.0000,0.0000,0.0000,0.0000,0.0000,0.0000,0.0000,0.0000,0.0000,0.0000,NULL,'a:0:{}',NULL,NULL,NULL,0.0000,NULL,NULL,NULL,NULL,NULL,NULL,0.0000,0.0000,NULL,NULL,NULL,NULL,NULL),(96,25,'2014-01-08 10:27:09','2014-01-08 10:27:09',NULL,0,NULL,'shipping',NULL,NULL,NULL,NULL,NULL,NULL,NULL,NULL,NULL,NULL,NULL,NULL,NULL,NULL,NULL,1,0,0,NULL,NULL,175.0000,1974.0000,1974.0000,0.0000,0.0000,0.0000,0.0000,0.0000,0.0000,0.0000,0.0000,0.0000,0.0000,1974.0000,1974.0000,NULL,'a:0:{}',NULL,0.0000,0.0000,1974.0000,NULL,NULL,0.0000,0.0000,0.0000,NULL,0.0000,0.0000,NULL,NULL,NULL,NULL,NULL),(99,26,'2014-01-15 10:13:10','2014-01-15 10:13:10',NULL,0,NULL,'billing',NULL,NULL,NULL,NULL,NULL,NULL,NULL,NULL,NULL,NULL,NULL,NULL,NULL,NULL,NULL,0,0,0,NULL,NULL,0.0000,0.0000,0.0000,0.0000,0.0000,0.0000,0.0000,0.0000,0.0000,0.0000,0.0000,0.0000,0.0000,0.0000,0.0000,NULL,'a:0:{}',NULL,NULL,NULL,0.0000,NULL,NULL,NULL,NULL,NULL,NULL,0.0000,0.0000,NULL,NULL,NULL,NULL,NULL),(100,26,'2014-01-15 10:13:10','2014-01-15 10:13:10',NULL,0,NULL,'shipping',NULL,NULL,NULL,NULL,NULL,NULL,NULL,NULL,NULL,NULL,NULL,NULL,NULL,NULL,NULL,1,0,0,NULL,NULL,175.0000,1974.0000,1974.0000,0.0000,0.0000,0.0000,0.0000,0.0000,0.0000,0.0000,0.0000,0.0000,0.0000,1974.0000,1974.0000,NULL,'a:0:{}',NULL,0.0000,0.0000,1974.0000,NULL,NULL,0.0000,0.0000,0.0000,NULL,0.0000,0.0000,NULL,NULL,NULL,NULL,NULL),(103,27,'2014-01-22 10:23:33','2014-01-22 10:23:33',NULL,0,NULL,'billing',NULL,NULL,NULL,NULL,NULL,NULL,NULL,NULL,NULL,NULL,NULL,NULL,NULL,NULL,NULL,0,0,0,NULL,NULL,0.0000,0.0000,0.0000,0.0000,0.0000,0.0000,0.0000,0.0000,0.0000,0.0000,0.0000,0.0000,0.0000,0.0000,0.0000,NULL,'a:0:{}',NULL,NULL,NULL,0.0000,NULL,NULL,NULL,NULL,NULL,NULL,0.0000,0.0000,NULL,NULL,NULL,NULL,NULL),(104,27,'2014-01-22 10:23:33','2014-01-22 10:23:33',NULL,0,NULL,'shipping',NULL,NULL,NULL,NULL,NULL,NULL,NULL,NULL,NULL,NULL,NULL,NULL,NULL,NULL,NULL,1,0,0,NULL,NULL,175.0000,1974.0000,1974.0000,0.0000,0.0000,0.0000,0.0000,0.0000,0.0000,0.0000,0.0000,0.0000,0.0000,1974.0000,1974.0000,NULL,'a:0:{}',NULL,0.0000,0.0000,1974.0000,NULL,NULL,0.0000,0.0000,0.0000,NULL,0.0000,0.0000,NULL,NULL,NULL,NULL,NULL),(107,28,'2014-01-29 10:09:04','2014-01-29 10:09:04',NULL,0,NULL,'billing',NULL,NULL,NULL,NULL,NULL,NULL,NULL,NULL,NULL,NULL,NULL,NULL,NULL,NULL,NULL,0,0,0,NULL,NULL,0.0000,0.0000,0.0000,0.0000,0.0000,0.0000,0.0000,0.0000,0.0000,0.0000,0.0000,0.0000,0.0000,0.0000,0.0000,NULL,'a:0:{}',NULL,NULL,NULL,0.0000,NULL,NULL,NULL,NULL,NULL,NULL,0.0000,0.0000,NULL,NULL,NULL,NULL,NULL),(108,28,'2014-01-29 10:09:04','2014-01-29 10:09:04',NULL,0,NULL,'shipping',NULL,NULL,NULL,NULL,NULL,NULL,NULL,NULL,NULL,NULL,NULL,NULL,NULL,NULL,NULL,1,0,0,NULL,NULL,175.0000,1974.0000,1974.0000,0.0000,0.0000,0.0000,0.0000,0.0000,0.0000,0.0000,0.0000,0.0000,0.0000,1974.0000,1974.0000,NULL,'a:0:{}',NULL,0.0000,0.0000,1974.0000,NULL,NULL,0.0000,0.0000,0.0000,NULL,0.0000,0.0000,NULL,NULL,NULL,NULL,NULL),(111,29,'2014-02-05 10:22:35','2014-02-05 10:22:35',NULL,0,NULL,'billing',NULL,NULL,NULL,NULL,NULL,NULL,NULL,NULL,NULL,NULL,NULL,NULL,NULL,NULL,NULL,0,0,0,NULL,NULL,0.0000,0.0000,0.0000,0.0000,0.0000,0.0000,0.0000,0.0000,0.0000,0.0000,0.0000,0.0000,0.0000,0.0000,0.0000,NULL,'a:0:{}',NULL,NULL,NULL,0.0000,NULL,NULL,NULL,NULL,NULL,NULL,0.0000,0.0000,NULL,NULL,NULL,NULL,NULL),(112,29,'2014-02-05 10:22:35','2014-02-05 10:22:35',NULL,0,NULL,'shipping',NULL,NULL,NULL,NULL,NULL,NULL,NULL,NULL,NULL,NULL,NULL,NULL,NULL,NULL,NULL,1,0,0,NULL,NULL,175.0000,1974.0000,1974.0000,0.0000,0.0000,0.0000,0.0000,0.0000,0.0000,0.0000,0.0000,0.0000,0.0000,1974.0000,1974.0000,NULL,'a:0:{}',NULL,0.0000,0.0000,1974.0000,NULL,NULL,0.0000,0.0000,0.0000,NULL,0.0000,0.0000,NULL,NULL,NULL,NULL,NULL),(115,30,'2014-02-12 10:38:32','2014-02-12 10:38:32',NULL,0,NULL,'billing',NULL,NULL,NULL,NULL,NULL,NULL,NULL,NULL,NULL,NULL,NULL,NULL,NULL,NULL,NULL,0,0,0,NULL,NULL,0.0000,0.0000,0.0000,0.0000,0.0000,0.0000,0.0000,0.0000,0.0000,0.0000,0.0000,0.0000,0.0000,0.0000,0.0000,NULL,'a:0:{}',NULL,NULL,NULL,0.0000,NULL,NULL,NULL,NULL,NULL,NULL,0.0000,0.0000,NULL,NULL,NULL,NULL,NULL),(116,30,'2014-02-12 10:38:32','2014-02-12 10:38:32',NULL,0,NULL,'shipping',NULL,NULL,NULL,NULL,NULL,NULL,NULL,NULL,NULL,NULL,NULL,NULL,NULL,NULL,NULL,1,0,0,NULL,NULL,175.0000,1974.0000,1974.0000,0.0000,0.0000,0.0000,0.0000,0.0000,0.0000,0.0000,0.0000,0.0000,0.0000,1974.0000,1974.0000,NULL,'a:0:{}',NULL,0.0000,0.0000,1974.0000,NULL,NULL,0.0000,0.0000,0.0000,NULL,0.0000,0.0000,NULL,NULL,NULL,NULL,NULL),(119,31,'2014-02-12 12:49:28','2014-02-12 12:49:28',NULL,0,NULL,'billing',NULL,NULL,NULL,NULL,NULL,NULL,NULL,NULL,NULL,NULL,NULL,NULL,NULL,NULL,NULL,0,0,0,NULL,NULL,0.0000,0.0000,0.0000,0.0000,0.0000,0.0000,0.0000,0.0000,0.0000,0.0000,0.0000,0.0000,0.0000,0.0000,0.0000,NULL,'a:0:{}',NULL,NULL,NULL,0.0000,NULL,NULL,NULL,NULL,NULL,NULL,0.0000,0.0000,NULL,NULL,NULL,NULL,NULL),(120,31,'2014-02-12 12:49:28','2014-02-12 12:49:28',NULL,0,NULL,'shipping',NULL,NULL,NULL,NULL,NULL,NULL,NULL,NULL,NULL,NULL,NULL,NULL,NULL,NULL,NULL,1,0,0,NULL,NULL,175.0000,1974.0000,1974.0000,0.0000,0.0000,0.0000,0.0000,0.0000,0.0000,0.0000,0.0000,0.0000,0.0000,1974.0000,1974.0000,NULL,'a:0:{}',NULL,0.0000,0.0000,1974.0000,NULL,NULL,0.0000,0.0000,0.0000,NULL,0.0000,0.0000,NULL,NULL,NULL,NULL,NULL);

--
-- Table structure for table `sales_flat_quote_address_item`
--

CREATE TABLE `sales_flat_quote_address_item` (
  `address_item_id` int(10) unsigned NOT NULL AUTO_INCREMENT COMMENT 'Address Item Id',
  `parent_item_id` int(10) unsigned DEFAULT NULL COMMENT 'Parent Item Id',
  `quote_address_id` int(10) unsigned NOT NULL COMMENT 'Quote Address Id',
  `quote_item_id` int(10) unsigned NOT NULL COMMENT 'Quote Item Id',
  `created_at` timestamp NOT NULL DEFAULT CURRENT_TIMESTAMP ON UPDATE CURRENT_TIMESTAMP COMMENT 'Created At',
  `updated_at` timestamp NOT NULL DEFAULT '0000-00-00 00:00:00' COMMENT 'Updated At',
  `applied_rule_ids` text COMMENT 'Applied Rule Ids',
  `additional_data` text COMMENT 'Additional Data',
  `weight` decimal(12,4) DEFAULT '0.0000' COMMENT 'Weight',
  `qty` decimal(12,4) NOT NULL DEFAULT '0.0000' COMMENT 'Qty',
  `discount_amount` decimal(12,4) DEFAULT '0.0000' COMMENT 'Discount Amount',
  `tax_amount` decimal(12,4) DEFAULT '0.0000' COMMENT 'Tax Amount',
  `row_total` decimal(12,4) NOT NULL DEFAULT '0.0000' COMMENT 'Row Total',
  `base_row_total` decimal(12,4) NOT NULL DEFAULT '0.0000' COMMENT 'Base Row Total',
  `row_total_with_discount` decimal(12,4) DEFAULT '0.0000' COMMENT 'Row Total With Discount',
  `base_discount_amount` decimal(12,4) DEFAULT '0.0000' COMMENT 'Base Discount Amount',
  `base_tax_amount` decimal(12,4) DEFAULT '0.0000' COMMENT 'Base Tax Amount',
  `row_weight` decimal(12,4) DEFAULT '0.0000' COMMENT 'Row Weight',
  `gift_message_id` int(11) DEFAULT NULL COMMENT 'Gift Message Id',
  `base_cost` decimal(12,4) DEFAULT NULL COMMENT 'Base Cost',
  `product_id` int(10) unsigned DEFAULT NULL COMMENT 'Product Id',
  `super_product_id` int(10) unsigned DEFAULT NULL COMMENT 'Super Product Id',
  `parent_product_id` int(10) unsigned DEFAULT NULL COMMENT 'Parent Product Id',
  `sku` varchar(255) DEFAULT NULL COMMENT 'Sku',
  `image` varchar(255) DEFAULT NULL COMMENT 'Image',
  `name` varchar(255) DEFAULT NULL COMMENT 'Name',
  `description` text COMMENT 'Description',
  `free_shipping` int(10) unsigned DEFAULT NULL COMMENT 'Free Shipping',
  `is_qty_decimal` int(10) unsigned DEFAULT NULL COMMENT 'Is Qty Decimal',
  `price` decimal(12,4) DEFAULT NULL COMMENT 'Price',
  `discount_percent` decimal(12,4) DEFAULT NULL COMMENT 'Discount Percent',
  `no_discount` int(10) unsigned DEFAULT NULL COMMENT 'No Discount',
  `tax_percent` decimal(12,4) DEFAULT NULL COMMENT 'Tax Percent',
  `base_price` decimal(12,4) DEFAULT NULL COMMENT 'Base Price',
  `price_incl_tax` decimal(12,4) DEFAULT NULL COMMENT 'Price Incl Tax',
  `base_price_incl_tax` decimal(12,4) DEFAULT NULL COMMENT 'Base Price Incl Tax',
  `row_total_incl_tax` decimal(12,4) DEFAULT NULL COMMENT 'Row Total Incl Tax',
  `base_row_total_incl_tax` decimal(12,4) DEFAULT NULL COMMENT 'Base Row Total Incl Tax',
  `hidden_tax_amount` decimal(12,4) DEFAULT NULL COMMENT 'Hidden Tax Amount',
  `base_hidden_tax_amount` decimal(12,4) DEFAULT NULL COMMENT 'Base Hidden Tax Amount',
  PRIMARY KEY (`address_item_id`),
  KEY `IDX_SALES_FLAT_QUOTE_ADDRESS_ITEM_QUOTE_ADDRESS_ID` (`quote_address_id`),
  KEY `IDX_SALES_FLAT_QUOTE_ADDRESS_ITEM_PARENT_ITEM_ID` (`parent_item_id`),
  KEY `IDX_SALES_FLAT_QUOTE_ADDRESS_ITEM_QUOTE_ITEM_ID` (`quote_item_id`),
  CONSTRAINT `FK_2EF8E28181D666D94D4E30DC2B0F80BF` FOREIGN KEY (`quote_item_id`) REFERENCES `sales_flat_quote_item` (`item_id`) ON DELETE CASCADE ON UPDATE CASCADE,
  CONSTRAINT `FK_A345FC758F20C314169CE27DCE53477F` FOREIGN KEY (`parent_item_id`) REFERENCES `sales_flat_quote_address_item` (`address_item_id`) ON DELETE CASCADE ON UPDATE CASCADE,
  CONSTRAINT `FK_B521389746C00700D1B2B76EBBE53854` FOREIGN KEY (`quote_address_id`) REFERENCES `sales_flat_quote_address` (`address_id`) ON DELETE CASCADE ON UPDATE CASCADE
) ENGINE=InnoDB DEFAULT CHARSET=utf8 COMMENT='Sales Flat Quote Address Item';

--
-- Dumping data for table `sales_flat_quote_address_item`
--


--
-- Table structure for table `sales_flat_quote_item`
--

CREATE TABLE `sales_flat_quote_item` (
  `item_id` int(10) unsigned NOT NULL AUTO_INCREMENT COMMENT 'Item Id',
  `quote_id` int(10) unsigned NOT NULL COMMENT 'Quote Id',
  `created_at` timestamp NOT NULL DEFAULT CURRENT_TIMESTAMP ON UPDATE CURRENT_TIMESTAMP COMMENT 'Created At',
  `updated_at` timestamp NOT NULL DEFAULT '0000-00-00 00:00:00' COMMENT 'Updated At',
  `product_id` int(10) unsigned DEFAULT NULL COMMENT 'Product Id',
  `store_id` smallint(5) unsigned DEFAULT NULL COMMENT 'Store Id',
  `parent_item_id` int(10) unsigned DEFAULT NULL COMMENT 'Parent Item Id',
  `is_virtual` smallint(5) unsigned DEFAULT NULL COMMENT 'Is Virtual',
  `sku` varchar(255) DEFAULT NULL COMMENT 'Sku',
  `name` varchar(255) DEFAULT NULL COMMENT 'Name',
  `description` text COMMENT 'Description',
  `applied_rule_ids` text COMMENT 'Applied Rule Ids',
  `additional_data` text COMMENT 'Additional Data',
  `free_shipping` smallint(5) unsigned NOT NULL COMMENT 'Free Shipping',
  `is_qty_decimal` smallint(5) unsigned DEFAULT NULL COMMENT 'Is Qty Decimal',
  `no_discount` smallint(5) unsigned DEFAULT '0' COMMENT 'No Discount',
  `weight` decimal(12,4) DEFAULT '0.0000' COMMENT 'Weight',
  `qty` decimal(12,4) NOT NULL DEFAULT '0.0000' COMMENT 'Qty',
  `price` decimal(12,4) NOT NULL DEFAULT '0.0000' COMMENT 'Price',
  `base_price` decimal(12,4) NOT NULL DEFAULT '0.0000' COMMENT 'Base Price',
  `custom_price` decimal(12,4) DEFAULT NULL COMMENT 'Custom Price',
  `discount_percent` decimal(12,4) DEFAULT '0.0000' COMMENT 'Discount Percent',
  `discount_amount` decimal(12,4) DEFAULT '0.0000' COMMENT 'Discount Amount',
  `base_discount_amount` decimal(12,4) DEFAULT '0.0000' COMMENT 'Base Discount Amount',
  `tax_percent` decimal(12,4) DEFAULT '0.0000' COMMENT 'Tax Percent',
  `tax_amount` decimal(12,4) DEFAULT '0.0000' COMMENT 'Tax Amount',
  `base_tax_amount` decimal(12,4) DEFAULT '0.0000' COMMENT 'Base Tax Amount',
  `row_total` decimal(12,4) NOT NULL DEFAULT '0.0000' COMMENT 'Row Total',
  `base_row_total` decimal(12,4) NOT NULL DEFAULT '0.0000' COMMENT 'Base Row Total',
  `row_total_with_discount` decimal(12,4) DEFAULT '0.0000' COMMENT 'Row Total With Discount',
  `row_weight` decimal(12,4) DEFAULT '0.0000' COMMENT 'Row Weight',
  `product_type` varchar(255) DEFAULT NULL COMMENT 'Product Type',
  `base_tax_before_discount` decimal(12,4) DEFAULT NULL COMMENT 'Base Tax Before Discount',
  `tax_before_discount` decimal(12,4) DEFAULT NULL COMMENT 'Tax Before Discount',
  `original_custom_price` decimal(12,4) DEFAULT NULL COMMENT 'Original Custom Price',
  `gift_message_id` int(11) DEFAULT NULL COMMENT 'Gift Message Id',
  `weee_tax_applied` text COMMENT 'Weee Tax Applied',
  `weee_tax_applied_amount` decimal(12,4) DEFAULT NULL COMMENT 'Weee Tax Applied Amount',
  `weee_tax_applied_row_amount` decimal(12,4) DEFAULT NULL COMMENT 'Weee Tax Applied Row Amount',
  `base_weee_tax_applied_amount` decimal(12,4) DEFAULT NULL COMMENT 'Base Weee Tax Applied Amount',
  `base_weee_tax_applied_row_amnt` decimal(12,4) DEFAULT NULL COMMENT 'Base Weee Tax Applied Row Amnt',
  `weee_tax_disposition` decimal(12,4) DEFAULT NULL COMMENT 'Weee Tax Disposition',
  `weee_tax_row_disposition` decimal(12,4) DEFAULT NULL COMMENT 'Weee Tax Row Disposition',
  `base_weee_tax_disposition` decimal(12,4) DEFAULT NULL COMMENT 'Base Weee Tax Disposition',
  `base_weee_tax_row_disposition` decimal(12,4) DEFAULT NULL COMMENT 'Base Weee Tax Row Disposition',
  `redirect_url` varchar(255) DEFAULT NULL COMMENT 'Redirect Url',
  `base_cost` decimal(12,4) DEFAULT NULL COMMENT 'Base Cost',
  `price_incl_tax` decimal(12,4) DEFAULT NULL COMMENT 'Price Incl Tax',
  `base_price_incl_tax` decimal(12,4) DEFAULT NULL COMMENT 'Base Price Incl Tax',
  `row_total_incl_tax` decimal(12,4) DEFAULT NULL COMMENT 'Row Total Incl Tax',
  `base_row_total_incl_tax` decimal(12,4) DEFAULT NULL COMMENT 'Base Row Total Incl Tax',
  `hidden_tax_amount` decimal(12,4) DEFAULT NULL COMMENT 'Hidden Tax Amount',
  `base_hidden_tax_amount` decimal(12,4) DEFAULT NULL COMMENT 'Base Hidden Tax Amount',
  PRIMARY KEY (`item_id`),
  KEY `IDX_SALES_FLAT_QUOTE_ITEM_PARENT_ITEM_ID` (`parent_item_id`),
  KEY `IDX_SALES_FLAT_QUOTE_ITEM_PRODUCT_ID` (`product_id`),
  KEY `IDX_SALES_FLAT_QUOTE_ITEM_QUOTE_ID` (`quote_id`),
  KEY `IDX_SALES_FLAT_QUOTE_ITEM_STORE_ID` (`store_id`),
  CONSTRAINT `FK_B201DEB5DE51B791AF5C5BF87053C5A7` FOREIGN KEY (`parent_item_id`) REFERENCES `sales_flat_quote_item` (`item_id`) ON DELETE CASCADE ON UPDATE CASCADE,
  CONSTRAINT `FK_SALES_FLAT_QUOTE_ITEM_PRD_ID_CAT_PRD_ENTT_ENTT_ID` FOREIGN KEY (`product_id`) REFERENCES `catalog_product_entity` (`entity_id`) ON DELETE CASCADE ON UPDATE CASCADE,
  CONSTRAINT `FK_SALES_FLAT_QUOTE_ITEM_QUOTE_ID_SALES_FLAT_QUOTE_ENTITY_ID` FOREIGN KEY (`quote_id`) REFERENCES `sales_flat_quote` (`entity_id`) ON DELETE CASCADE ON UPDATE CASCADE,
  CONSTRAINT `FK_SALES_FLAT_QUOTE_ITEM_STORE_ID_CORE_STORE_STORE_ID` FOREIGN KEY (`store_id`) REFERENCES `core_store` (`store_id`) ON DELETE SET NULL ON UPDATE CASCADE
) ENGINE=InnoDB AUTO_INCREMENT=50 DEFAULT CHARSET=utf8 COMMENT='Sales Flat Quote Item';

--
-- Dumping data for table `sales_flat_quote_item`
--

INSERT INTO `sales_flat_quote_item` VALUES (10,8,'2013-05-11 03:58:10','2013-05-11 03:58:10',833,1,NULL,0,'3666PST','POLARIS DROP IN TUB',NULL,NULL,NULL,0,0,0,130.0000,1.0000,467.7700,467.7700,NULL,0.0000,0.0000,0.0000,0.0000,0.0000,0.0000,467.7700,467.7700,0.0000,130.0000,'simple',NULL,NULL,NULL,NULL,'a:0:{}',0.0000,0.0000,0.0000,NULL,0.0000,0.0000,0.0000,0.0000,NULL,NULL,467.7700,467.7700,467.7700,467.7700,NULL,NULL),(11,9,'2013-10-09 09:15:12','2013-10-09 09:15:12',819,1,NULL,0,'3060VAS','VENETIAN DROP IN TUB',NULL,NULL,NULL,0,0,0,160.0000,1.0000,455.6200,455.6200,NULL,0.0000,0.0000,0.0000,0.0000,0.0000,0.0000,455.6200,455.6200,0.0000,160.0000,'simple',NULL,NULL,NULL,NULL,'a:0:{}',0.0000,0.0000,0.0000,NULL,0.0000,0.0000,0.0000,0.0000,NULL,NULL,455.6200,455.6200,455.6200,455.6200,NULL,NULL),(12,10,'2013-10-16 08:22:49','2013-10-16 08:22:49',882,1,NULL,0,'305438aswit','30 W X 54 L X 40 H ARISTA SOAKER WALK IN TUB',NULL,NULL,NULL,0,0,0,175.0000,1.0000,1974.0000,1974.0000,NULL,0.0000,0.0000,0.0000,0.0000,0.0000,0.0000,1974.0000,1974.0000,0.0000,175.0000,'simple',NULL,NULL,NULL,NULL,'a:0:{}',0.0000,0.0000,0.0000,NULL,0.0000,0.0000,0.0000,0.0000,NULL,NULL,1974.0000,1974.0000,1974.0000,1974.0000,NULL,NULL),(13,11,'2013-10-20 07:14:32','2013-10-20 07:14:32',818,1,NULL,0,'ASS','SOHO DROP IN TUB',NULL,NULL,NULL,0,0,0,140.0000,1.0000,613.5700,613.5700,NULL,0.0000,0.0000,0.0000,0.0000,0.0000,0.0000,613.5700,613.5700,0.0000,140.0000,'simple',NULL,NULL,NULL,NULL,'a:0:{}',0.0000,0.0000,0.0000,NULL,0.0000,0.0000,0.0000,0.0000,NULL,NULL,613.5700,613.5700,613.5700,613.5700,NULL,NULL),(14,11,'2013-10-20 07:14:36','2013-10-20 07:14:36',821,1,NULL,0,'3260EST','EROS DROP IN TUB',NULL,NULL,NULL,0,0,0,103.0000,1.0000,488.0200,488.0200,NULL,0.0000,0.0000,0.0000,0.0000,0.0000,0.0000,488.0200,488.0200,0.0000,103.0000,'simple',NULL,NULL,NULL,NULL,'a:0:{}',0.0000,0.0000,0.0000,NULL,0.0000,0.0000,0.0000,0.0000,NULL,NULL,488.0200,488.0200,488.0200,488.0200,NULL,NULL),(15,11,'2013-10-20 07:14:42','2013-10-20 07:14:42',851,1,NULL,0,'4678IST','INFINITY DROP IN TUB',NULL,NULL,NULL,0,0,0,180.0000,1.0000,1111.7200,1111.7200,NULL,0.0000,0.0000,0.0000,0.0000,0.0000,0.0000,1111.7200,1111.7200,0.0000,180.0000,'simple',NULL,NULL,NULL,NULL,'a:0:{}',0.0000,0.0000,0.0000,NULL,0.0000,0.0000,0.0000,0.0000,NULL,NULL,1111.7200,1111.7200,1111.7200,1111.7200,NULL,NULL),(16,11,'2013-10-20 07:14:47','2013-10-20 07:14:47',857,1,NULL,0,'6060AST','ALEXANDRIA DROP IN TUB',NULL,NULL,NULL,0,0,0,130.0000,1.0000,765.4500,765.4500,NULL,0.0000,0.0000,0.0000,0.0000,0.0000,0.0000,765.4500,765.4500,0.0000,130.0000,'simple',NULL,NULL,NULL,NULL,'a:0:{}',0.0000,0.0000,0.0000,NULL,0.0000,0.0000,0.0000,0.0000,NULL,NULL,765.4500,765.4500,765.4500,765.4500,NULL,NULL),(17,11,'2013-10-20 07:14:52','2013-10-20 07:14:52',859,1,NULL,0,'6060EST','ECLIPSE DROP IN TUB',NULL,NULL,NULL,0,0,0,130.0000,1.0000,765.4500,765.4500,NULL,0.0000,0.0000,0.0000,0.0000,0.0000,0.0000,765.4500,765.4500,0.0000,130.0000,'simple',NULL,NULL,NULL,NULL,'a:0:{}',0.0000,0.0000,0.0000,NULL,0.0000,0.0000,0.0000,0.0000,NULL,NULL,765.4500,765.4500,765.4500,765.4500,NULL,NULL),(18,11,'2013-10-20 07:14:57','2013-10-20 07:14:57',860,1,NULL,0,'6060SST','SUBLIME DROP IN TUB',NULL,NULL,NULL,0,0,0,130.0000,1.0000,765.4500,765.4500,NULL,0.0000,0.0000,0.0000,0.0000,0.0000,0.0000,765.4500,765.4500,0.0000,130.0000,'simple',NULL,NULL,NULL,NULL,'a:0:{}',0.0000,0.0000,0.0000,NULL,0.0000,0.0000,0.0000,0.0000,NULL,NULL,765.4500,765.4500,765.4500,765.4500,NULL,NULL),(19,11,'2013-10-20 07:18:56','2013-10-20 07:18:56',824,1,NULL,0,'3260ZST','ZEPHER DROP IN TUB',NULL,NULL,NULL,0,0,0,110.0000,1.0000,500.9800,500.9800,NULL,0.0000,0.0000,0.0000,0.0000,0.0000,0.0000,500.9800,500.9800,0.0000,110.0000,'simple',NULL,NULL,NULL,NULL,'a:0:{}',0.0000,0.0000,0.0000,NULL,0.0000,0.0000,0.0000,0.0000,NULL,NULL,500.9800,500.9800,500.9800,500.9800,NULL,NULL),(20,11,'2013-10-20 07:19:01','2013-10-20 07:19:01',832,1,NULL,0,'3660MST','MIRAGE DROP IN TUB',NULL,NULL,NULL,0,0,0,135.0000,1.0000,509.8900,509.8900,NULL,0.0000,0.0000,0.0000,0.0000,0.0000,0.0000,509.8900,509.8900,0.0000,135.0000,'simple',NULL,NULL,NULL,NULL,'a:0:{}',0.0000,0.0000,0.0000,NULL,0.0000,0.0000,0.0000,0.0000,NULL,NULL,509.8900,509.8900,509.8900,509.8900,NULL,NULL),(21,11,'2013-10-20 07:19:06','2013-10-20 07:19:06',833,1,NULL,0,'3666PST','POLARIS DROP IN TUB',NULL,NULL,NULL,0,0,0,130.0000,1.0000,467.7700,467.7700,NULL,0.0000,0.0000,0.0000,0.0000,0.0000,0.0000,467.7700,467.7700,0.0000,130.0000,'simple',NULL,NULL,NULL,NULL,'a:0:{}',0.0000,0.0000,0.0000,NULL,0.0000,0.0000,0.0000,0.0000,NULL,NULL,467.7700,467.7700,467.7700,467.7700,NULL,NULL),(22,11,'2013-10-20 07:19:11','2013-10-20 07:19:11',840,1,NULL,0,'4060NST','NEPTUNE DROP IN TUB',NULL,NULL,NULL,0,0,0,130.0000,1.0000,544.7200,544.7200,NULL,0.0000,0.0000,0.0000,0.0000,0.0000,0.0000,544.7200,544.7200,0.0000,130.0000,'simple',NULL,NULL,NULL,NULL,'a:0:{}',0.0000,0.0000,0.0000,NULL,0.0000,0.0000,0.0000,0.0000,NULL,NULL,544.7200,544.7200,544.7200,544.7200,NULL,NULL),(23,11,'2013-10-20 07:19:16','2013-10-20 07:19:16',854,1,NULL,0,'4872CST','CHARLESTON DROP IN TUB',NULL,NULL,NULL,0,0,0,140.0000,1.0000,645.9700,645.9700,NULL,0.0000,0.0000,0.0000,0.0000,0.0000,0.0000,645.9700,645.9700,0.0000,140.0000,'simple',NULL,NULL,NULL,NULL,'a:0:{}',0.0000,0.0000,0.0000,NULL,0.0000,0.0000,0.0000,0.0000,NULL,NULL,645.9700,645.9700,645.9700,645.9700,NULL,NULL),(24,12,'2013-10-20 07:23:20','2013-10-20 07:23:20',819,1,NULL,0,'3060VAS','VENETIAN DROP IN TUB',NULL,NULL,NULL,0,0,0,160.0000,1.0000,455.6200,455.6200,NULL,0.0000,0.0000,0.0000,0.0000,0.0000,0.0000,455.6200,455.6200,0.0000,160.0000,'simple',NULL,NULL,NULL,NULL,'a:0:{}',0.0000,0.0000,0.0000,NULL,0.0000,0.0000,0.0000,0.0000,NULL,NULL,455.6200,455.6200,455.6200,455.6200,NULL,NULL),(25,12,'2013-10-20 07:23:25','2013-10-20 07:23:25',829,1,NULL,0,'3660PST','PETITE DROP IN TUB',NULL,NULL,NULL,0,0,0,100.0000,1.0000,652.1900,652.1900,NULL,0.0000,0.0000,0.0000,0.0000,0.0000,0.0000,652.1900,652.1900,0.0000,100.0000,'simple',NULL,NULL,NULL,NULL,'a:0:{}',0.0000,0.0000,0.0000,NULL,0.0000,0.0000,0.0000,0.0000,NULL,NULL,652.1900,652.1900,652.1900,652.1900,NULL,NULL),(26,12,'2013-10-20 07:23:30','2013-10-20 07:23:30',841,1,NULL,0,'4170IST','INDULGENCE DROP IN TUB',NULL,NULL,NULL,0,0,0,140.0000,1.0000,645.9700,645.9700,NULL,0.0000,0.0000,0.0000,0.0000,0.0000,0.0000,645.9700,645.9700,0.0000,140.0000,'simple',NULL,NULL,NULL,NULL,'a:0:{}',0.0000,0.0000,0.0000,NULL,0.0000,0.0000,0.0000,0.0000,NULL,NULL,645.9700,645.9700,645.9700,645.9700,NULL,NULL),(27,12,'2013-10-20 07:23:35','2013-10-20 07:23:35',848,1,NULL,0,'4272VoST','VOGUE DROP IN TUB',NULL,NULL,NULL,0,0,0,145.0000,1.0000,562.9500,562.9500,NULL,0.0000,0.0000,0.0000,0.0000,0.0000,0.0000,562.9500,562.9500,0.0000,145.0000,'simple',NULL,NULL,NULL,NULL,'a:0:{}',0.0000,0.0000,0.0000,NULL,0.0000,0.0000,0.0000,0.0000,NULL,NULL,562.9500,562.9500,562.9500,562.9500,NULL,NULL),(28,12,'2013-10-20 07:23:40','2013-10-20 07:23:40',856,1,NULL,0,'5472CST','CARESSE DROP IN TUB',NULL,NULL,NULL,0,0,0,130.0000,1.0000,765.0000,765.0000,NULL,0.0000,0.0000,0.0000,0.0000,0.0000,0.0000,765.0000,765.0000,0.0000,130.0000,'simple',NULL,NULL,NULL,NULL,'a:0:{}',0.0000,0.0000,0.0000,NULL,0.0000,0.0000,0.0000,0.0000,NULL,NULL,765.0000,765.0000,765.0000,765.0000,NULL,NULL),(29,12,'2013-10-20 07:23:45','2013-10-20 07:23:45',858,1,NULL,0,'6060CST','CASCADE DROP IN TUB',NULL,NULL,NULL,0,0,0,130.0000,1.0000,767.4700,767.4700,NULL,0.0000,0.0000,0.0000,0.0000,0.0000,0.0000,767.4700,767.4700,0.0000,130.0000,'simple',NULL,NULL,NULL,NULL,'a:0:{}',0.0000,0.0000,0.0000,NULL,0.0000,0.0000,0.0000,0.0000,NULL,NULL,767.4700,767.4700,767.4700,767.4700,NULL,NULL),(30,12,'2013-10-20 07:25:27','2013-10-20 07:25:27',861,1,NULL,0,'6060VST','VENUS DROP IN TUB',NULL,NULL,NULL,0,0,0,155.0000,1.0000,765.4500,765.4500,NULL,0.0000,0.0000,0.0000,0.0000,0.0000,0.0000,765.4500,765.4500,0.0000,155.0000,'simple',NULL,NULL,NULL,NULL,'a:0:{}',0.0000,0.0000,0.0000,NULL,0.0000,0.0000,0.0000,0.0000,NULL,NULL,765.4500,765.4500,765.4500,765.4500,NULL,NULL),(31,13,'2013-10-23 08:14:33','2013-10-23 08:14:33',886,1,NULL,0,'306038aswit','30 W X 60 L X 40 H ARISTA SOAKER WALK IN TUB',NULL,NULL,NULL,0,0,0,175.0000,1.0000,1974.0000,1974.0000,NULL,0.0000,0.0000,0.0000,0.0000,0.0000,0.0000,1974.0000,1974.0000,0.0000,175.0000,'simple',NULL,NULL,NULL,NULL,'a:0:{}',0.0000,0.0000,0.0000,NULL,0.0000,0.0000,0.0000,0.0000,NULL,NULL,1974.0000,1974.0000,1974.0000,1974.0000,NULL,NULL),(32,14,'2013-10-30 09:16:10','2013-10-30 09:16:10',886,1,NULL,0,'306038aswit','30 W X 60 L X 40 H ARISTA SOAKER WALK IN TUB',NULL,NULL,NULL,0,0,0,175.0000,1.0000,1974.0000,1974.0000,NULL,0.0000,0.0000,0.0000,0.0000,0.0000,0.0000,1974.0000,1974.0000,0.0000,175.0000,'simple',NULL,NULL,NULL,NULL,'a:0:{}',0.0000,0.0000,0.0000,NULL,0.0000,0.0000,0.0000,0.0000,NULL,NULL,1974.0000,1974.0000,1974.0000,1974.0000,NULL,NULL),(33,15,'2013-11-06 10:07:05','2013-11-06 10:07:05',886,1,NULL,0,'306038aswit','30 W X 60 L X 40 H ARISTA SOAKER WALK IN TUB',NULL,NULL,NULL,0,0,0,175.0000,1.0000,1974.0000,1974.0000,NULL,0.0000,0.0000,0.0000,0.0000,0.0000,0.0000,1974.0000,1974.0000,0.0000,175.0000,'simple',NULL,NULL,NULL,NULL,'a:0:{}',0.0000,0.0000,0.0000,NULL,0.0000,0.0000,0.0000,0.0000,NULL,NULL,1974.0000,1974.0000,1974.0000,1974.0000,NULL,NULL),(34,16,'2013-11-13 10:09:23','2013-11-13 10:09:23',886,1,NULL,0,'306038aswit','30 W X 60 L X 40 H ARISTA SOAKER WALK IN TUB',NULL,NULL,NULL,0,0,0,175.0000,1.0000,1974.0000,1974.0000,NULL,0.0000,0.0000,0.0000,0.0000,0.0000,0.0000,1974.0000,1974.0000,0.0000,175.0000,'simple',NULL,NULL,NULL,NULL,'a:0:{}',0.0000,0.0000,0.0000,NULL,0.0000,0.0000,0.0000,0.0000,NULL,NULL,1974.0000,1974.0000,1974.0000,1974.0000,NULL,NULL),(35,17,'2013-11-20 10:06:35','2013-11-20 10:06:35',886,1,NULL,0,'306038aswit','30 W X 60 L X 40 H ARISTA SOAKER WALK IN TUB',NULL,NULL,NULL,0,0,0,175.0000,1.0000,1974.0000,1974.0000,NULL,0.0000,0.0000,0.0000,0.0000,0.0000,0.0000,1974.0000,1974.0000,0.0000,175.0000,'simple',NULL,NULL,NULL,NULL,'a:0:{}',0.0000,0.0000,0.0000,NULL,0.0000,0.0000,0.0000,0.0000,NULL,NULL,1974.0000,1974.0000,1974.0000,1974.0000,NULL,NULL),(36,18,'2013-11-27 10:41:34','2013-11-27 10:41:34',819,1,NULL,0,'3060VAS','VENETIAN DROP IN TUB',NULL,NULL,NULL,0,0,0,160.0000,1.0000,455.6200,455.6200,NULL,0.0000,0.0000,0.0000,0.0000,0.0000,0.0000,455.6200,455.6200,0.0000,160.0000,'simple',NULL,NULL,NULL,NULL,'a:0:{}',0.0000,0.0000,0.0000,NULL,0.0000,0.0000,0.0000,0.0000,NULL,NULL,455.6200,455.6200,455.6200,455.6200,NULL,NULL),(37,19,'2013-12-04 10:18:06','2013-12-04 10:18:06',886,1,NULL,0,'306038aswit','30 W X 60 L X 40 H ARISTA SOAKER WALK IN TUB',NULL,NULL,NULL,0,0,0,175.0000,1.0000,1974.0000,1974.0000,NULL,0.0000,0.0000,0.0000,0.0000,0.0000,0.0000,1974.0000,1974.0000,0.0000,175.0000,'simple',NULL,NULL,NULL,NULL,'a:0:{}',0.0000,0.0000,0.0000,NULL,0.0000,0.0000,0.0000,0.0000,NULL,NULL,1974.0000,1974.0000,1974.0000,1974.0000,NULL,NULL),(38,20,'2013-12-11 15:08:58','2013-12-11 15:08:58',886,1,NULL,0,'306038aswit','30 W X 60 L X 40 H ARISTA SOAKER WALK IN TUB',NULL,NULL,NULL,0,0,0,175.0000,1.0000,1974.0000,1974.0000,NULL,0.0000,0.0000,0.0000,0.0000,0.0000,0.0000,1974.0000,1974.0000,0.0000,175.0000,'simple',NULL,NULL,NULL,NULL,'a:0:{}',0.0000,0.0000,0.0000,NULL,0.0000,0.0000,0.0000,0.0000,NULL,NULL,1974.0000,1974.0000,1974.0000,1974.0000,NULL,NULL),(39,21,'2013-12-15 06:28:59','2013-12-15 06:28:59',819,1,NULL,0,'3060VAS','VENETIAN DROP IN TUB',NULL,NULL,NULL,0,0,0,160.0000,1.0000,455.6200,455.6200,NULL,0.0000,0.0000,0.0000,0.0000,0.0000,0.0000,455.6200,455.6200,0.0000,160.0000,'simple',NULL,NULL,NULL,NULL,'a:0:{}',0.0000,0.0000,0.0000,NULL,0.0000,0.0000,0.0000,0.0000,NULL,NULL,455.6200,455.6200,455.6200,455.6200,NULL,NULL),(40,22,'2013-12-18 12:13:11','2013-12-18 12:13:11',886,1,NULL,0,'306038aswit','30 W X 60 L X 40 H ARISTA SOAKER WALK IN TUB',NULL,NULL,NULL,0,0,0,175.0000,1.0000,1974.0000,1974.0000,NULL,0.0000,0.0000,0.0000,0.0000,0.0000,0.0000,1974.0000,1974.0000,0.0000,175.0000,'simple',NULL,NULL,NULL,NULL,'a:0:{}',0.0000,0.0000,0.0000,NULL,0.0000,0.0000,0.0000,0.0000,NULL,NULL,1974.0000,1974.0000,1974.0000,1974.0000,NULL,NULL),(41,23,'2013-12-25 10:09:29','2013-12-25 10:09:29',886,1,NULL,0,'306038aswit','30 W X 60 L X 40 H ARISTA SOAKER WALK IN TUB',NULL,NULL,NULL,0,0,0,175.0000,1.0000,1974.0000,1974.0000,NULL,0.0000,0.0000,0.0000,0.0000,0.0000,0.0000,1974.0000,1974.0000,0.0000,175.0000,'simple',NULL,NULL,NULL,NULL,'a:0:{}',0.0000,0.0000,0.0000,NULL,0.0000,0.0000,0.0000,0.0000,NULL,NULL,1974.0000,1974.0000,1974.0000,1974.0000,NULL,NULL),(42,24,'2014-01-01 10:24:22','2014-01-01 10:24:22',886,1,NULL,0,'306038aswit','30 W X 60 L X 40 H ARISTA SOAKER WALK IN TUB',NULL,NULL,NULL,0,0,0,175.0000,1.0000,1974.0000,1974.0000,NULL,0.0000,0.0000,0.0000,0.0000,0.0000,0.0000,1974.0000,1974.0000,0.0000,175.0000,'simple',NULL,NULL,NULL,NULL,'a:0:{}',0.0000,0.0000,0.0000,NULL,0.0000,0.0000,0.0000,0.0000,NULL,NULL,1974.0000,1974.0000,1974.0000,1974.0000,NULL,NULL),(43,25,'2014-01-08 10:27:08','2014-01-08 10:27:08',886,1,NULL,0,'306038aswit','30 W X 60 L X 40 H ARISTA SOAKER WALK IN TUB',NULL,NULL,NULL,0,0,0,175.0000,1.0000,1974.0000,1974.0000,NULL,0.0000,0.0000,0.0000,0.0000,0.0000,0.0000,1974.0000,1974.0000,0.0000,175.0000,'simple',NULL,NULL,NULL,NULL,'a:0:{}',0.0000,0.0000,0.0000,NULL,0.0000,0.0000,0.0000,0.0000,NULL,NULL,1974.0000,1974.0000,1974.0000,1974.0000,NULL,NULL),(44,26,'2014-01-15 10:13:09','2014-01-15 10:13:09',886,1,NULL,0,'306038aswit','30 W X 60 L X 40 H ARISTA SOAKER WALK IN TUB',NULL,NULL,NULL,0,0,0,175.0000,1.0000,1974.0000,1974.0000,NULL,0.0000,0.0000,0.0000,0.0000,0.0000,0.0000,1974.0000,1974.0000,0.0000,175.0000,'simple',NULL,NULL,NULL,NULL,'a:0:{}',0.0000,0.0000,0.0000,NULL,0.0000,0.0000,0.0000,0.0000,NULL,NULL,1974.0000,1974.0000,1974.0000,1974.0000,NULL,NULL),(45,27,'2014-01-22 10:23:32','2014-01-22 10:23:32',886,1,NULL,0,'306038aswit','30 W X 60 L X 40 H ARISTA SOAKER WALK IN TUB',NULL,NULL,NULL,0,0,0,175.0000,1.0000,1974.0000,1974.0000,NULL,0.0000,0.0000,0.0000,0.0000,0.0000,0.0000,1974.0000,1974.0000,0.0000,175.0000,'simple',NULL,NULL,NULL,NULL,'a:0:{}',0.0000,0.0000,0.0000,NULL,0.0000,0.0000,0.0000,0.0000,NULL,NULL,1974.0000,1974.0000,1974.0000,1974.0000,NULL,NULL),(46,28,'2014-01-29 10:09:02','2014-01-29 10:09:02',886,1,NULL,0,'306038aswit','30 W X 60 L X 40 H ARISTA SOAKER WALK IN TUB',NULL,NULL,NULL,0,0,0,175.0000,1.0000,1974.0000,1974.0000,NULL,0.0000,0.0000,0.0000,0.0000,0.0000,0.0000,1974.0000,1974.0000,0.0000,175.0000,'simple',NULL,NULL,NULL,NULL,'a:0:{}',0.0000,0.0000,0.0000,NULL,0.0000,0.0000,0.0000,0.0000,NULL,NULL,1974.0000,1974.0000,1974.0000,1974.0000,NULL,NULL),(47,29,'2014-02-05 10:22:34','2014-02-05 10:22:34',886,1,NULL,0,'306038aswit','30 W X 60 L X 40 H ARISTA SOAKER WALK IN TUB',NULL,NULL,NULL,0,0,0,175.0000,1.0000,1974.0000,1974.0000,NULL,0.0000,0.0000,0.0000,0.0000,0.0000,0.0000,1974.0000,1974.0000,0.0000,175.0000,'simple',NULL,NULL,NULL,NULL,'a:0:{}',0.0000,0.0000,0.0000,NULL,0.0000,0.0000,0.0000,0.0000,NULL,NULL,1974.0000,1974.0000,1974.0000,1974.0000,NULL,NULL),(48,30,'2014-02-12 10:38:31','2014-02-12 10:38:31',886,1,NULL,0,'306038aswit','30 W X 60 L X 40 H ARISTA SOAKER WALK IN TUB',NULL,NULL,NULL,0,0,0,175.0000,1.0000,1974.0000,1974.0000,NULL,0.0000,0.0000,0.0000,0.0000,0.0000,0.0000,1974.0000,1974.0000,0.0000,175.0000,'simple',NULL,NULL,NULL,NULL,'a:0:{}',0.0000,0.0000,0.0000,NULL,0.0000,0.0000,0.0000,0.0000,NULL,NULL,1974.0000,1974.0000,1974.0000,1974.0000,NULL,NULL),(49,31,'2014-02-12 12:49:27','2014-02-12 12:49:27',886,1,NULL,0,'306038aswit','30 W X 60 L X 40 H ARISTA SOAKER WALK IN TUB',NULL,NULL,NULL,0,0,0,175.0000,1.0000,1974.0000,1974.0000,NULL,0.0000,0.0000,0.0000,0.0000,0.0000,0.0000,1974.0000,1974.0000,0.0000,175.0000,'simple',NULL,NULL,NULL,NULL,'a:0:{}',0.0000,0.0000,0.0000,NULL,0.0000,0.0000,0.0000,0.0000,NULL,NULL,1974.0000,1974.0000,1974.0000,1974.0000,NULL,NULL);

--
-- Table structure for table `sales_flat_quote_item_option`
--

CREATE TABLE `sales_flat_quote_item_option` (
  `option_id` int(10) unsigned NOT NULL AUTO_INCREMENT COMMENT 'Option Id',
  `item_id` int(10) unsigned NOT NULL COMMENT 'Item Id',
  `product_id` int(10) unsigned NOT NULL COMMENT 'Product Id',
  `code` varchar(255) NOT NULL COMMENT 'Code',
  `value` text COMMENT 'Value',
  PRIMARY KEY (`option_id`),
  KEY `IDX_SALES_FLAT_QUOTE_ITEM_OPTION_ITEM_ID` (`item_id`),
  CONSTRAINT `FK_5F20E478CA64B6891EA8A9D6C2735739` FOREIGN KEY (`item_id`) REFERENCES `sales_flat_quote_item` (`item_id`) ON DELETE CASCADE ON UPDATE CASCADE
) ENGINE=InnoDB AUTO_INCREMENT=50 DEFAULT CHARSET=utf8 COMMENT='Sales Flat Quote Item Option';

--
-- Dumping data for table `sales_flat_quote_item_option`
--

INSERT INTO `sales_flat_quote_item_option` VALUES (10,10,833,'info_buyRequest','a:3:{s:4:\"uenc\";s:56:\"aHR0cDovL3d3dy5zaWxsaXNob2UuY29tL2Ryb3AtaW4tdHVicy5odG1s\";s:7:\"product\";s:3:\"833\";s:3:\"qty\";i:1;}'),(11,11,819,'info_buyRequest','a:3:{s:4:\"uenc\";s:36:\"aHR0cDovL3d3dy5zaWxsaXNob2UuY29tLw,,\";s:7:\"product\";s:3:\"819\";s:3:\"qty\";i:1;}'),(12,12,882,'info_buyRequest','a:3:{s:4:\"uenc\";s:56:\"aHR0cDovL3d3dy5zaWxsaXNob2UuY29tL3dhbGstaW4tdHVicy5odG1s\";s:7:\"product\";s:3:\"882\";s:3:\"qty\";i:1;}'),(13,13,818,'info_buyRequest','a:3:{s:4:\"uenc\";s:36:\"aHR0cDovL3d3dy5zaWxsaXNob2UuY29tLw,,\";s:7:\"product\";s:3:\"818\";s:3:\"qty\";i:1;}'),(14,14,821,'info_buyRequest','a:3:{s:4:\"uenc\";s:36:\"aHR0cDovL3d3dy5zaWxsaXNob2UuY29tLw,,\";s:7:\"product\";s:3:\"821\";s:3:\"qty\";i:1;}'),(15,15,851,'info_buyRequest','a:3:{s:4:\"uenc\";s:36:\"aHR0cDovL3d3dy5zaWxsaXNob2UuY29tLw,,\";s:7:\"product\";s:3:\"851\";s:3:\"qty\";i:1;}'),(16,16,857,'info_buyRequest','a:3:{s:4:\"uenc\";s:36:\"aHR0cDovL3d3dy5zaWxsaXNob2UuY29tLw,,\";s:7:\"product\";s:3:\"857\";s:3:\"qty\";i:1;}'),(17,17,859,'info_buyRequest','a:3:{s:4:\"uenc\";s:36:\"aHR0cDovL3d3dy5zaWxsaXNob2UuY29tLw,,\";s:7:\"product\";s:3:\"859\";s:3:\"qty\";i:1;}'),(18,18,860,'info_buyRequest','a:3:{s:4:\"uenc\";s:36:\"aHR0cDovL3d3dy5zaWxsaXNob2UuY29tLw,,\";s:7:\"product\";s:3:\"860\";s:3:\"qty\";i:1;}'),(19,19,824,'info_buyRequest','a:3:{s:4:\"uenc\";s:36:\"aHR0cDovL3d3dy5zaWxsaXNob2UuY29tLw,,\";s:7:\"product\";s:3:\"824\";s:3:\"qty\";i:1;}'),(20,20,832,'info_buyRequest','a:3:{s:4:\"uenc\";s:36:\"aHR0cDovL3d3dy5zaWxsaXNob2UuY29tLw,,\";s:7:\"product\";s:3:\"832\";s:3:\"qty\";i:1;}'),(21,21,833,'info_buyRequest','a:3:{s:4:\"uenc\";s:36:\"aHR0cDovL3d3dy5zaWxsaXNob2UuY29tLw,,\";s:7:\"product\";s:3:\"833\";s:3:\"qty\";i:1;}'),(22,22,840,'info_buyRequest','a:3:{s:4:\"uenc\";s:36:\"aHR0cDovL3d3dy5zaWxsaXNob2UuY29tLw,,\";s:7:\"product\";s:3:\"840\";s:3:\"qty\";i:1;}'),(23,23,854,'info_buyRequest','a:3:{s:4:\"uenc\";s:36:\"aHR0cDovL3d3dy5zaWxsaXNob2UuY29tLw,,\";s:7:\"product\";s:3:\"854\";s:3:\"qty\";i:1;}'),(24,24,819,'info_buyRequest','a:3:{s:4:\"uenc\";s:36:\"aHR0cDovL3d3dy5zaWxsaXNob2UuY29tLw,,\";s:7:\"product\";s:3:\"819\";s:3:\"qty\";i:1;}'),(25,25,829,'info_buyRequest','a:3:{s:4:\"uenc\";s:36:\"aHR0cDovL3d3dy5zaWxsaXNob2UuY29tLw,,\";s:7:\"product\";s:3:\"829\";s:3:\"qty\";i:1;}'),(26,26,841,'info_buyRequest','a:3:{s:4:\"uenc\";s:36:\"aHR0cDovL3d3dy5zaWxsaXNob2UuY29tLw,,\";s:7:\"product\";s:3:\"841\";s:3:\"qty\";i:1;}'),(27,27,848,'info_buyRequest','a:3:{s:4:\"uenc\";s:36:\"aHR0cDovL3d3dy5zaWxsaXNob2UuY29tLw,,\";s:7:\"product\";s:3:\"848\";s:3:\"qty\";i:1;}'),(28,28,856,'info_buyRequest','a:3:{s:4:\"uenc\";s:36:\"aHR0cDovL3d3dy5zaWxsaXNob2UuY29tLw,,\";s:7:\"product\";s:3:\"856\";s:3:\"qty\";i:1;}'),(29,29,858,'info_buyRequest','a:3:{s:4:\"uenc\";s:36:\"aHR0cDovL3d3dy5zaWxsaXNob2UuY29tLw,,\";s:7:\"product\";s:3:\"858\";s:3:\"qty\";i:1;}'),(30,30,861,'info_buyRequest','a:3:{s:4:\"uenc\";s:36:\"aHR0cDovL3d3dy5zaWxsaXNob2UuY29tLw,,\";s:7:\"product\";s:3:\"861\";s:3:\"qty\";i:1;}'),(31,31,886,'info_buyRequest','a:3:{s:4:\"uenc\";s:56:\"aHR0cDovL3d3dy5zaWxsaXNob2UuY29tL3dhbGstaW4tdHVicy5odG1s\";s:7:\"product\";s:3:\"886\";s:3:\"qty\";i:1;}'),(32,32,886,'info_buyRequest','a:3:{s:4:\"uenc\";s:56:\"aHR0cDovL3d3dy5zaWxsaXNob2UuY29tL3dhbGstaW4tdHVicy5odG1s\";s:7:\"product\";s:3:\"886\";s:3:\"qty\";i:1;}'),(33,33,886,'info_buyRequest','a:3:{s:4:\"uenc\";s:56:\"aHR0cDovL3d3dy5zaWxsaXNob2UuY29tL3dhbGstaW4tdHVicy5odG1s\";s:7:\"product\";s:3:\"886\";s:3:\"qty\";i:1;}'),(34,34,886,'info_buyRequest','a:3:{s:4:\"uenc\";s:56:\"aHR0cDovL3d3dy5zaWxsaXNob2UuY29tL3dhbGstaW4tdHVicy5odG1s\";s:7:\"product\";s:3:\"886\";s:3:\"qty\";i:1;}'),(35,35,886,'info_buyRequest','a:3:{s:4:\"uenc\";s:56:\"aHR0cDovL3d3dy5zaWxsaXNob2UuY29tL3dhbGstaW4tdHVicy5odG1s\";s:7:\"product\";s:3:\"886\";s:3:\"qty\";i:1;}'),(36,36,819,'info_buyRequest','a:3:{s:4:\"uenc\";s:36:\"aHR0cDovL3d3dy5zaWxsaXNob2UuY29tLw,,\";s:7:\"product\";s:3:\"819\";s:3:\"qty\";i:1;}'),(37,37,886,'info_buyRequest','a:3:{s:4:\"uenc\";s:56:\"aHR0cDovL3d3dy5zaWxsaXNob2UuY29tL3dhbGstaW4tdHVicy5odG1s\";s:7:\"product\";s:3:\"886\";s:3:\"qty\";i:1;}'),(38,38,886,'info_buyRequest','a:3:{s:4:\"uenc\";s:56:\"aHR0cDovL3d3dy5zaWxsaXNob2UuY29tL3dhbGstaW4tdHVicy5odG1s\";s:7:\"product\";s:3:\"886\";s:3:\"qty\";i:1;}'),(39,39,819,'info_buyRequest','a:5:{s:4:\"uenc\";s:92:\"aHR0cDovL3d3dy5zaWxsaXNob2UuY29tL2Ryb3AtaW4tdHVicy8zMC14LTYwLXZlbmV0aWFuLmh0bWw_X19fU0lEPVU,\";s:7:\"product\";s:3:\"819\";s:15:\"related_product\";s:0:\"\";s:3:\"qty\";s:1:\"0\";s:10:\"return_url\";s:0:\"\";}'),(40,40,886,'info_buyRequest','a:3:{s:4:\"uenc\";s:56:\"aHR0cDovL3d3dy5zaWxsaXNob2UuY29tL3dhbGstaW4tdHVicy5odG1s\";s:7:\"product\";s:3:\"886\";s:3:\"qty\";i:1;}'),(41,41,886,'info_buyRequest','a:3:{s:4:\"uenc\";s:56:\"aHR0cDovL3d3dy5zaWxsaXNob2UuY29tL3dhbGstaW4tdHVicy5odG1s\";s:7:\"product\";s:3:\"886\";s:3:\"qty\";i:1;}'),(42,42,886,'info_buyRequest','a:3:{s:4:\"uenc\";s:56:\"aHR0cDovL3d3dy5zaWxsaXNob2UuY29tL3dhbGstaW4tdHVicy5odG1s\";s:7:\"product\";s:3:\"886\";s:3:\"qty\";i:1;}'),(43,43,886,'info_buyRequest','a:3:{s:4:\"uenc\";s:56:\"aHR0cDovL3d3dy5zaWxsaXNob2UuY29tL3dhbGstaW4tdHVicy5odG1s\";s:7:\"product\";s:3:\"886\";s:3:\"qty\";i:1;}'),(44,44,886,'info_buyRequest','a:3:{s:4:\"uenc\";s:56:\"aHR0cDovL3d3dy5zaWxsaXNob2UuY29tL3dhbGstaW4tdHVicy5odG1s\";s:7:\"product\";s:3:\"886\";s:3:\"qty\";i:1;}'),(45,45,886,'info_buyRequest','a:3:{s:4:\"uenc\";s:56:\"aHR0cDovL3d3dy5zaWxsaXNob2UuY29tL3dhbGstaW4tdHVicy5odG1s\";s:7:\"product\";s:3:\"886\";s:3:\"qty\";i:1;}'),(46,46,886,'info_buyRequest','a:3:{s:4:\"uenc\";s:56:\"aHR0cDovL3d3dy5zaWxsaXNob2UuY29tL3dhbGstaW4tdHVicy5odG1s\";s:7:\"product\";s:3:\"886\";s:3:\"qty\";i:1;}'),(47,47,886,'info_buyRequest','a:3:{s:4:\"uenc\";s:56:\"aHR0cDovL3d3dy5zaWxsaXNob2UuY29tL3dhbGstaW4tdHVicy5odG1s\";s:7:\"product\";s:3:\"886\";s:3:\"qty\";i:1;}'),(48,48,886,'info_buyRequest','a:3:{s:4:\"uenc\";s:56:\"aHR0cDovL3d3dy5zaWxsaXNob2UuY29tL3dhbGstaW4tdHVicy5odG1s\";s:7:\"product\";s:3:\"886\";s:3:\"qty\";i:1;}'),(49,49,886,'info_buyRequest','a:3:{s:4:\"uenc\";s:56:\"aHR0cDovL3d3dy5zaWxsaXNob2UuY29tL3dhbGstaW4tdHVicy5odG1s\";s:7:\"product\";s:3:\"886\";s:3:\"qty\";i:1;}');

--
-- Table structure for table `sales_flat_quote_payment`
--

CREATE TABLE `sales_flat_quote_payment` (
  `payment_id` int(10) unsigned NOT NULL AUTO_INCREMENT COMMENT 'Payment Id',
  `quote_id` int(10) unsigned NOT NULL COMMENT 'Quote Id',
  `created_at` timestamp NOT NULL DEFAULT CURRENT_TIMESTAMP ON UPDATE CURRENT_TIMESTAMP COMMENT 'Created At',
  `updated_at` timestamp NOT NULL DEFAULT '0000-00-00 00:00:00' COMMENT 'Updated At',
  `method` varchar(255) DEFAULT NULL COMMENT 'Method',
  `cc_type` varchar(255) DEFAULT NULL COMMENT 'Cc Type',
  `cc_number_enc` varchar(255) DEFAULT NULL COMMENT 'Cc Number Enc',
  `cc_last4` varchar(255) DEFAULT NULL COMMENT 'Cc Last4',
  `cc_cid_enc` varchar(255) DEFAULT NULL COMMENT 'Cc Cid Enc',
  `cc_owner` varchar(255) DEFAULT NULL COMMENT 'Cc Owner',
  `cc_exp_month` smallint(5) unsigned DEFAULT '0' COMMENT 'Cc Exp Month',
  `cc_exp_year` smallint(5) unsigned DEFAULT '0' COMMENT 'Cc Exp Year',
  `cc_ss_owner` varchar(255) DEFAULT NULL COMMENT 'Cc Ss Owner',
  `cc_ss_start_month` smallint(5) unsigned DEFAULT '0' COMMENT 'Cc Ss Start Month',
  `cc_ss_start_year` smallint(5) unsigned DEFAULT '0' COMMENT 'Cc Ss Start Year',
  `cybersource_token` varchar(255) DEFAULT '',
  `paypal_correlation_id` varchar(255) DEFAULT NULL COMMENT 'Paypal Correlation Id',
  `paypal_payer_id` varchar(255) DEFAULT NULL COMMENT 'Paypal Payer Id',
  `paypal_payer_status` varchar(255) DEFAULT NULL COMMENT 'Paypal Payer Status',
  `po_number` varchar(255) DEFAULT NULL COMMENT 'Po Number',
  `ideal_issuer_id` varchar(255) DEFAULT NULL,
  `ideal_issuer_list` varchar(255) DEFAULT NULL,
  `additional_information` text COMMENT 'Additional Information',
  `additional_data` text COMMENT 'Additional Data',
  `cc_ss_issue` varchar(255) DEFAULT NULL COMMENT 'Cc Ss Issue',
  PRIMARY KEY (`payment_id`),
  KEY `IDX_SALES_FLAT_QUOTE_PAYMENT_QUOTE_ID` (`quote_id`),
  CONSTRAINT `FK_SALES_FLAT_QUOTE_PAYMENT_QUOTE_ID_SALES_FLAT_QUOTE_ENTITY_ID` FOREIGN KEY (`quote_id`) REFERENCES `sales_flat_quote` (`entity_id`) ON DELETE CASCADE ON UPDATE CASCADE
) ENGINE=InnoDB AUTO_INCREMENT=6 DEFAULT CHARSET=utf8 COMMENT='Sales Flat Quote Payment';

--
-- Dumping data for table `sales_flat_quote_payment`
--

INSERT INTO `sales_flat_quote_payment` VALUES (1,1,'2013-02-13 09:59:35','2013-02-13 10:08:13','ccsave','MC','D9yP77bV1ZotULvfBmQBgg==','9875',NULL,'J F',4,2018,NULL,NULL,NULL,NULL,NULL,NULL,NULL,NULL,NULL,NULL,NULL,NULL,NULL),(2,2,'2013-02-14 05:16:53','2013-02-14 05:19:58','paypal_standard',NULL,NULL,NULL,NULL,NULL,0,0,NULL,0,0,NULL,NULL,NULL,NULL,NULL,NULL,NULL,NULL,NULL,NULL),(3,4,'2013-02-16 18:15:10','2013-02-16 18:16:48','paypal_standard',NULL,NULL,NULL,NULL,NULL,0,0,NULL,0,0,NULL,NULL,NULL,NULL,NULL,NULL,NULL,NULL,NULL,NULL),(4,5,'2013-02-17 05:01:02','2013-02-17 05:01:03',NULL,NULL,NULL,NULL,NULL,NULL,0,0,NULL,0,0,'',NULL,NULL,NULL,NULL,NULL,NULL,NULL,NULL,NULL),(5,8,'2013-05-11 03:58:25','2013-05-11 03:58:25',NULL,NULL,NULL,NULL,NULL,NULL,0,0,NULL,0,0,'',NULL,NULL,NULL,NULL,NULL,NULL,NULL,NULL,NULL);

--
-- Table structure for table `sales_flat_quote_shipping_rate`
--

CREATE TABLE `sales_flat_quote_shipping_rate` (
  `rate_id` int(10) unsigned NOT NULL AUTO_INCREMENT COMMENT 'Rate Id',
  `address_id` int(10) unsigned NOT NULL COMMENT 'Address Id',
  `created_at` timestamp NOT NULL DEFAULT CURRENT_TIMESTAMP ON UPDATE CURRENT_TIMESTAMP COMMENT 'Created At',
  `updated_at` timestamp NOT NULL DEFAULT '0000-00-00 00:00:00' COMMENT 'Updated At',
  `carrier` varchar(255) DEFAULT NULL COMMENT 'Carrier',
  `carrier_title` varchar(255) DEFAULT NULL COMMENT 'Carrier Title',
  `code` varchar(255) DEFAULT NULL COMMENT 'Code',
  `method` varchar(255) DEFAULT NULL COMMENT 'Method',
  `method_description` text COMMENT 'Method Description',
  `price` decimal(12,4) NOT NULL DEFAULT '0.0000' COMMENT 'Price',
  `method_title` text COMMENT 'Method Title',
  `error_message` text COMMENT 'Error Message',
  PRIMARY KEY (`rate_id`),
  KEY `IDX_SALES_FLAT_QUOTE_SHIPPING_RATE_ADDRESS_ID` (`address_id`),
  CONSTRAINT `FK_B1F177EFB73D3EDF5322BA64AC48D150` FOREIGN KEY (`address_id`) REFERENCES `sales_flat_quote_address` (`address_id`) ON DELETE CASCADE ON UPDATE CASCADE
) ENGINE=InnoDB AUTO_INCREMENT=12 DEFAULT CHARSET=utf8 COMMENT='Sales Flat Quote Shipping Rate';

--
-- Dumping data for table `sales_flat_quote_shipping_rate`
--

INSERT INTO `sales_flat_quote_shipping_rate` VALUES (3,4,'2013-02-13 10:06:42','2013-02-13 10:08:11','flatrate','Flat Rate','flatrate_flatrate','flatrate',NULL,5.0000,'Fixed',NULL),(8,8,'2013-02-14 05:19:55','2013-02-14 05:19:58','flatrate','Flat Rate','flatrate_flatrate','flatrate',NULL,5.0000,'Fixed',NULL),(11,14,'2013-02-16 18:16:35','2013-02-16 18:16:48','flatrate','Flat Rate','flatrate_flatrate','flatrate',NULL,5.0000,'Fixed',NULL);

--
-- Table structure for table `sales_flat_shipment`
--

CREATE TABLE `sales_flat_shipment` (
  `entity_id` int(10) unsigned NOT NULL AUTO_INCREMENT COMMENT 'Entity Id',
  `store_id` smallint(5) unsigned DEFAULT NULL COMMENT 'Store Id',
  `total_weight` decimal(12,4) DEFAULT NULL COMMENT 'Total Weight',
  `total_qty` decimal(12,4) DEFAULT NULL COMMENT 'Total Qty',
  `email_sent` smallint(5) unsigned DEFAULT NULL COMMENT 'Email Sent',
  `order_id` int(10) unsigned NOT NULL COMMENT 'Order Id',
  `customer_id` int(11) DEFAULT NULL COMMENT 'Customer Id',
  `shipping_address_id` int(11) DEFAULT NULL COMMENT 'Shipping Address Id',
  `billing_address_id` int(11) DEFAULT NULL COMMENT 'Billing Address Id',
  `shipment_status` int(11) DEFAULT NULL COMMENT 'Shipment Status',
  `increment_id` varchar(50) DEFAULT NULL COMMENT 'Increment Id',
  `created_at` timestamp NULL DEFAULT NULL COMMENT 'Created At',
  `updated_at` timestamp NULL DEFAULT NULL COMMENT 'Updated At',
  `packages` text COMMENT 'Packed Products in Packages',
  `shipping_label` mediumblob COMMENT 'Shipping Label Content',
  PRIMARY KEY (`entity_id`),
  UNIQUE KEY `UNQ_SALES_FLAT_SHIPMENT_INCREMENT_ID` (`increment_id`),
  KEY `IDX_SALES_FLAT_SHIPMENT_STORE_ID` (`store_id`),
  KEY `IDX_SALES_FLAT_SHIPMENT_TOTAL_QTY` (`total_qty`),
  KEY `IDX_SALES_FLAT_SHIPMENT_ORDER_ID` (`order_id`),
  KEY `IDX_SALES_FLAT_SHIPMENT_CREATED_AT` (`created_at`),
  KEY `IDX_SALES_FLAT_SHIPMENT_UPDATED_AT` (`updated_at`),
  CONSTRAINT `FK_SALES_FLAT_SHIPMENT_ORDER_ID_SALES_FLAT_ORDER_ENTITY_ID` FOREIGN KEY (`order_id`) REFERENCES `sales_flat_order` (`entity_id`) ON DELETE CASCADE ON UPDATE CASCADE,
  CONSTRAINT `FK_SALES_FLAT_SHIPMENT_STORE_ID_CORE_STORE_STORE_ID` FOREIGN KEY (`store_id`) REFERENCES `core_store` (`store_id`) ON DELETE SET NULL ON UPDATE CASCADE
) ENGINE=InnoDB DEFAULT CHARSET=utf8 COMMENT='Sales Flat Shipment';

--
-- Dumping data for table `sales_flat_shipment`
--


--
-- Table structure for table `sales_flat_shipment_comment`
--

CREATE TABLE `sales_flat_shipment_comment` (
  `entity_id` int(10) unsigned NOT NULL AUTO_INCREMENT COMMENT 'Entity Id',
  `parent_id` int(10) unsigned NOT NULL COMMENT 'Parent Id',
  `is_customer_notified` int(11) DEFAULT NULL COMMENT 'Is Customer Notified',
  `is_visible_on_front` smallint(5) unsigned NOT NULL COMMENT 'Is Visible On Front',
  `comment` text COMMENT 'Comment',
  `created_at` timestamp NULL DEFAULT NULL COMMENT 'Created At',
  PRIMARY KEY (`entity_id`),
  KEY `IDX_SALES_FLAT_SHIPMENT_COMMENT_CREATED_AT` (`created_at`),
  KEY `IDX_SALES_FLAT_SHIPMENT_COMMENT_PARENT_ID` (`parent_id`),
  CONSTRAINT `FK_C2D69CC1FB03D2B2B794B0439F6650CF` FOREIGN KEY (`parent_id`) REFERENCES `sales_flat_shipment` (`entity_id`) ON DELETE CASCADE ON UPDATE CASCADE
) ENGINE=InnoDB DEFAULT CHARSET=utf8 COMMENT='Sales Flat Shipment Comment';

--
-- Dumping data for table `sales_flat_shipment_comment`
--


--
-- Table structure for table `sales_flat_shipment_grid`
--

CREATE TABLE `sales_flat_shipment_grid` (
  `entity_id` int(10) unsigned NOT NULL COMMENT 'Entity Id',
  `store_id` smallint(5) unsigned DEFAULT NULL COMMENT 'Store Id',
  `total_qty` decimal(12,4) DEFAULT NULL COMMENT 'Total Qty',
  `order_id` int(10) unsigned NOT NULL COMMENT 'Order Id',
  `shipment_status` int(11) DEFAULT NULL COMMENT 'Shipment Status',
  `increment_id` varchar(50) DEFAULT NULL COMMENT 'Increment Id',
  `order_increment_id` varchar(50) DEFAULT NULL COMMENT 'Order Increment Id',
  `created_at` timestamp NULL DEFAULT NULL COMMENT 'Created At',
  `order_created_at` timestamp NULL DEFAULT NULL COMMENT 'Order Created At',
  `shipping_name` varchar(255) DEFAULT NULL COMMENT 'Shipping Name',
  PRIMARY KEY (`entity_id`),
  UNIQUE KEY `UNQ_SALES_FLAT_SHIPMENT_GRID_INCREMENT_ID` (`increment_id`),
  KEY `IDX_SALES_FLAT_SHIPMENT_GRID_STORE_ID` (`store_id`),
  KEY `IDX_SALES_FLAT_SHIPMENT_GRID_TOTAL_QTY` (`total_qty`),
  KEY `IDX_SALES_FLAT_SHIPMENT_GRID_ORDER_ID` (`order_id`),
  KEY `IDX_SALES_FLAT_SHIPMENT_GRID_SHIPMENT_STATUS` (`shipment_status`),
  KEY `IDX_SALES_FLAT_SHIPMENT_GRID_ORDER_INCREMENT_ID` (`order_increment_id`),
  KEY `IDX_SALES_FLAT_SHIPMENT_GRID_CREATED_AT` (`created_at`),
  KEY `IDX_SALES_FLAT_SHIPMENT_GRID_ORDER_CREATED_AT` (`order_created_at`),
  KEY `IDX_SALES_FLAT_SHIPMENT_GRID_SHIPPING_NAME` (`shipping_name`),
  CONSTRAINT `FK_SALES_FLAT_SHIPMENT_GRID_ENTT_ID_SALES_FLAT_SHIPMENT_ENTT_ID` FOREIGN KEY (`entity_id`) REFERENCES `sales_flat_shipment` (`entity_id`) ON DELETE CASCADE ON UPDATE CASCADE,
  CONSTRAINT `FK_SALES_FLAT_SHIPMENT_GRID_STORE_ID_CORE_STORE_STORE_ID` FOREIGN KEY (`store_id`) REFERENCES `core_store` (`store_id`) ON DELETE SET NULL ON UPDATE CASCADE
) ENGINE=InnoDB DEFAULT CHARSET=utf8 COMMENT='Sales Flat Shipment Grid';

--
-- Dumping data for table `sales_flat_shipment_grid`
--


--
-- Table structure for table `sales_flat_shipment_item`
--

CREATE TABLE `sales_flat_shipment_item` (
  `entity_id` int(10) unsigned NOT NULL AUTO_INCREMENT COMMENT 'Entity Id',
  `parent_id` int(10) unsigned NOT NULL COMMENT 'Parent Id',
  `row_total` decimal(12,4) DEFAULT NULL COMMENT 'Row Total',
  `price` decimal(12,4) DEFAULT NULL COMMENT 'Price',
  `weight` decimal(12,4) DEFAULT NULL COMMENT 'Weight',
  `qty` decimal(12,4) DEFAULT NULL COMMENT 'Qty',
  `product_id` int(11) DEFAULT NULL COMMENT 'Product Id',
  `order_item_id` int(11) DEFAULT NULL COMMENT 'Order Item Id',
  `additional_data` text COMMENT 'Additional Data',
  `description` text COMMENT 'Description',
  `name` varchar(255) DEFAULT NULL COMMENT 'Name',
  `sku` varchar(255) DEFAULT NULL COMMENT 'Sku',
  PRIMARY KEY (`entity_id`),
  KEY `IDX_SALES_FLAT_SHIPMENT_ITEM_PARENT_ID` (`parent_id`),
  CONSTRAINT `FK_3AECE5007D18F159231B87E8306FC02A` FOREIGN KEY (`parent_id`) REFERENCES `sales_flat_shipment` (`entity_id`) ON DELETE CASCADE ON UPDATE CASCADE
) ENGINE=InnoDB DEFAULT CHARSET=utf8 COMMENT='Sales Flat Shipment Item';

--
-- Dumping data for table `sales_flat_shipment_item`
--


--
-- Table structure for table `sales_flat_shipment_track`
--

CREATE TABLE `sales_flat_shipment_track` (
  `entity_id` int(10) unsigned NOT NULL AUTO_INCREMENT COMMENT 'Entity Id',
  `parent_id` int(10) unsigned NOT NULL COMMENT 'Parent Id',
  `weight` decimal(12,4) DEFAULT NULL COMMENT 'Weight',
  `qty` decimal(12,4) DEFAULT NULL COMMENT 'Qty',
  `order_id` int(10) unsigned NOT NULL COMMENT 'Order Id',
  `track_number` text COMMENT 'Number',
  `description` text COMMENT 'Description',
  `title` varchar(255) DEFAULT NULL COMMENT 'Title',
  `carrier_code` varchar(32) DEFAULT NULL COMMENT 'Carrier Code',
  `created_at` timestamp NULL DEFAULT NULL COMMENT 'Created At',
  `updated_at` timestamp NULL DEFAULT NULL COMMENT 'Updated At',
  PRIMARY KEY (`entity_id`),
  KEY `IDX_SALES_FLAT_SHIPMENT_TRACK_PARENT_ID` (`parent_id`),
  KEY `IDX_SALES_FLAT_SHIPMENT_TRACK_ORDER_ID` (`order_id`),
  KEY `IDX_SALES_FLAT_SHIPMENT_TRACK_CREATED_AT` (`created_at`),
  CONSTRAINT `FK_BCD2FA28717D29F37E10A153E6F2F841` FOREIGN KEY (`parent_id`) REFERENCES `sales_flat_shipment` (`entity_id`) ON DELETE CASCADE ON UPDATE CASCADE
) ENGINE=InnoDB DEFAULT CHARSET=utf8 COMMENT='Sales Flat Shipment Track';

--
-- Dumping data for table `sales_flat_shipment_track`
--


--
-- Table structure for table `sales_invoiced_aggregated`
--

CREATE TABLE `sales_invoiced_aggregated` (
  `id` int(10) unsigned NOT NULL AUTO_INCREMENT COMMENT 'Id',
  `period` date DEFAULT NULL COMMENT 'Period',
  `store_id` smallint(5) unsigned DEFAULT NULL COMMENT 'Store Id',
  `order_status` varchar(50) DEFAULT NULL COMMENT 'Order Status',
  `orders_count` int(11) NOT NULL COMMENT 'Orders Count',
  `orders_invoiced` decimal(12,4) DEFAULT NULL COMMENT 'Orders Invoiced',
  `invoiced` decimal(12,4) DEFAULT NULL COMMENT 'Invoiced',
  `invoiced_captured` decimal(12,4) DEFAULT NULL COMMENT 'Invoiced Captured',
  `invoiced_not_captured` decimal(12,4) DEFAULT NULL COMMENT 'Invoiced Not Captured',
  PRIMARY KEY (`id`),
  UNIQUE KEY `UNQ_SALES_INVOICED_AGGREGATED_PERIOD_STORE_ID_ORDER_STATUS` (`period`,`store_id`,`order_status`),
  KEY `IDX_SALES_INVOICED_AGGREGATED_STORE_ID` (`store_id`),
  CONSTRAINT `FK_SALES_INVOICED_AGGREGATED_STORE_ID_CORE_STORE_STORE_ID` FOREIGN KEY (`store_id`) REFERENCES `core_store` (`store_id`) ON DELETE SET NULL ON UPDATE CASCADE
) ENGINE=InnoDB DEFAULT CHARSET=utf8 COMMENT='Sales Invoiced Aggregated';

--
-- Dumping data for table `sales_invoiced_aggregated`
--


--
-- Table structure for table `sales_invoiced_aggregated_order`
--

CREATE TABLE `sales_invoiced_aggregated_order` (
  `id` int(10) unsigned NOT NULL AUTO_INCREMENT COMMENT 'Id',
  `period` date DEFAULT NULL COMMENT 'Period',
  `store_id` smallint(5) unsigned DEFAULT NULL COMMENT 'Store Id',
  `order_status` varchar(50) NOT NULL COMMENT 'Order Status',
  `orders_count` int(11) NOT NULL COMMENT 'Orders Count',
  `orders_invoiced` decimal(12,4) DEFAULT NULL COMMENT 'Orders Invoiced',
  `invoiced` decimal(12,4) DEFAULT NULL COMMENT 'Invoiced',
  `invoiced_captured` decimal(12,4) DEFAULT NULL COMMENT 'Invoiced Captured',
  `invoiced_not_captured` decimal(12,4) DEFAULT NULL COMMENT 'Invoiced Not Captured',
  PRIMARY KEY (`id`),
  UNIQUE KEY `UNQ_SALES_INVOICED_AGGREGATED_ORDER_PERIOD_STORE_ID_ORDER_STATUS` (`period`,`store_id`,`order_status`),
  KEY `IDX_SALES_INVOICED_AGGREGATED_ORDER_STORE_ID` (`store_id`),
  CONSTRAINT `FK_SALES_INVOICED_AGGREGATED_ORDER_STORE_ID_CORE_STORE_STORE_ID` FOREIGN KEY (`store_id`) REFERENCES `core_store` (`store_id`) ON DELETE SET NULL ON UPDATE CASCADE
) ENGINE=InnoDB DEFAULT CHARSET=utf8 COMMENT='Sales Invoiced Aggregated Order';

--
-- Dumping data for table `sales_invoiced_aggregated_order`
--


--
-- Table structure for table `sales_order_aggregated_created`
--

CREATE TABLE `sales_order_aggregated_created` (
  `id` int(10) unsigned NOT NULL AUTO_INCREMENT COMMENT 'Id',
  `period` date DEFAULT NULL COMMENT 'Period',
  `store_id` smallint(5) unsigned DEFAULT NULL COMMENT 'Store Id',
  `order_status` varchar(50) NOT NULL COMMENT 'Order Status',
  `orders_count` int(11) NOT NULL COMMENT 'Orders Count',
  `total_qty_ordered` decimal(12,4) NOT NULL DEFAULT '0.0000' COMMENT 'Total Qty Ordered',
  `total_qty_invoiced` decimal(12,4) NOT NULL DEFAULT '0.0000' COMMENT 'Total Qty Invoiced',
  `total_income_amount` decimal(12,4) NOT NULL DEFAULT '0.0000' COMMENT 'Total Income Amount',
  `total_revenue_amount` decimal(12,4) NOT NULL DEFAULT '0.0000' COMMENT 'Total Revenue Amount',
  `total_profit_amount` decimal(12,4) NOT NULL DEFAULT '0.0000' COMMENT 'Total Profit Amount',
  `total_invoiced_amount` decimal(12,4) NOT NULL DEFAULT '0.0000' COMMENT 'Total Invoiced Amount',
  `total_canceled_amount` decimal(12,4) NOT NULL DEFAULT '0.0000' COMMENT 'Total Canceled Amount',
  `total_paid_amount` decimal(12,4) NOT NULL DEFAULT '0.0000' COMMENT 'Total Paid Amount',
  `total_refunded_amount` decimal(12,4) NOT NULL DEFAULT '0.0000' COMMENT 'Total Refunded Amount',
  `total_tax_amount` decimal(12,4) NOT NULL DEFAULT '0.0000' COMMENT 'Total Tax Amount',
  `total_tax_amount_actual` decimal(12,4) NOT NULL DEFAULT '0.0000' COMMENT 'Total Tax Amount Actual',
  `total_shipping_amount` decimal(12,4) NOT NULL DEFAULT '0.0000' COMMENT 'Total Shipping Amount',
  `total_shipping_amount_actual` decimal(12,4) NOT NULL DEFAULT '0.0000' COMMENT 'Total Shipping Amount Actual',
  `total_discount_amount` decimal(12,4) NOT NULL DEFAULT '0.0000' COMMENT 'Total Discount Amount',
  `total_discount_amount_actual` decimal(12,4) NOT NULL DEFAULT '0.0000' COMMENT 'Total Discount Amount Actual',
  PRIMARY KEY (`id`),
  UNIQUE KEY `UNQ_SALES_ORDER_AGGREGATED_CREATED_PERIOD_STORE_ID_ORDER_STATUS` (`period`,`store_id`,`order_status`),
  KEY `IDX_SALES_ORDER_AGGREGATED_CREATED_STORE_ID` (`store_id`),
  CONSTRAINT `FK_SALES_ORDER_AGGREGATED_CREATED_STORE_ID_CORE_STORE_STORE_ID` FOREIGN KEY (`store_id`) REFERENCES `core_store` (`store_id`) ON DELETE SET NULL ON UPDATE CASCADE
) ENGINE=InnoDB DEFAULT CHARSET=utf8 COMMENT='Sales Order Aggregated Created';

--
-- Dumping data for table `sales_order_aggregated_created`
--


--
-- Table structure for table `sales_order_aggregated_updated`
--

CREATE TABLE `sales_order_aggregated_updated` (
  `id` int(10) unsigned NOT NULL AUTO_INCREMENT COMMENT 'Id',
  `period` date DEFAULT NULL COMMENT 'Period',
  `store_id` smallint(5) unsigned DEFAULT NULL COMMENT 'Store Id',
  `order_status` varchar(50) NOT NULL COMMENT 'Order Status',
  `orders_count` int(11) NOT NULL COMMENT 'Orders Count',
  `total_qty_ordered` decimal(12,4) NOT NULL DEFAULT '0.0000' COMMENT 'Total Qty Ordered',
  `total_qty_invoiced` decimal(12,4) NOT NULL DEFAULT '0.0000' COMMENT 'Total Qty Invoiced',
  `total_income_amount` decimal(12,4) NOT NULL DEFAULT '0.0000' COMMENT 'Total Income Amount',
  `total_revenue_amount` decimal(12,4) NOT NULL DEFAULT '0.0000' COMMENT 'Total Revenue Amount',
  `total_profit_amount` decimal(12,4) NOT NULL DEFAULT '0.0000' COMMENT 'Total Profit Amount',
  `total_invoiced_amount` decimal(12,4) NOT NULL DEFAULT '0.0000' COMMENT 'Total Invoiced Amount',
  `total_canceled_amount` decimal(12,4) NOT NULL DEFAULT '0.0000' COMMENT 'Total Canceled Amount',
  `total_paid_amount` decimal(12,4) NOT NULL DEFAULT '0.0000' COMMENT 'Total Paid Amount',
  `total_refunded_amount` decimal(12,4) NOT NULL DEFAULT '0.0000' COMMENT 'Total Refunded Amount',
  `total_tax_amount` decimal(12,4) NOT NULL DEFAULT '0.0000' COMMENT 'Total Tax Amount',
  `total_tax_amount_actual` decimal(12,4) NOT NULL DEFAULT '0.0000' COMMENT 'Total Tax Amount Actual',
  `total_shipping_amount` decimal(12,4) NOT NULL DEFAULT '0.0000' COMMENT 'Total Shipping Amount',
  `total_shipping_amount_actual` decimal(12,4) NOT NULL DEFAULT '0.0000' COMMENT 'Total Shipping Amount Actual',
  `total_discount_amount` decimal(12,4) NOT NULL DEFAULT '0.0000' COMMENT 'Total Discount Amount',
  `total_discount_amount_actual` decimal(12,4) NOT NULL DEFAULT '0.0000' COMMENT 'Total Discount Amount Actual',
  PRIMARY KEY (`id`),
  UNIQUE KEY `UNQ_SALES_ORDER_AGGREGATED_UPDATED_PERIOD_STORE_ID_ORDER_STATUS` (`period`,`store_id`,`order_status`),
  KEY `IDX_SALES_ORDER_AGGREGATED_UPDATED_STORE_ID` (`store_id`),
  CONSTRAINT `FK_SALES_ORDER_AGGREGATED_UPDATED_STORE_ID_CORE_STORE_STORE_ID` FOREIGN KEY (`store_id`) REFERENCES `core_store` (`store_id`) ON DELETE SET NULL ON UPDATE CASCADE
) ENGINE=InnoDB DEFAULT CHARSET=utf8 COMMENT='Sales Order Aggregated Updated';

--
-- Dumping data for table `sales_order_aggregated_updated`
--


--
-- Table structure for table `sales_order_status`
--

CREATE TABLE `sales_order_status` (
  `status` varchar(32) NOT NULL COMMENT 'Status',
  `label` varchar(128) NOT NULL COMMENT 'Label',
  PRIMARY KEY (`status`)
) ENGINE=InnoDB DEFAULT CHARSET=utf8 COMMENT='Sales Order Status Table';

--
-- Dumping data for table `sales_order_status`
--

INSERT INTO `sales_order_status` VALUES ('canceled','Canceled'),('closed','Closed'),('complete','Complete'),('fraud','Suspected Fraud'),('holded','On Hold'),('payment_review','Payment Review'),('pending','Pending'),('pending_payment','Pending Payment'),('pending_paypal','Pending PayPal'),('processing','Processing');

--
-- Table structure for table `sales_order_status_label`
--

CREATE TABLE `sales_order_status_label` (
  `status` varchar(32) NOT NULL COMMENT 'Status',
  `store_id` smallint(5) unsigned NOT NULL COMMENT 'Store Id',
  `label` varchar(128) NOT NULL COMMENT 'Label',
  PRIMARY KEY (`status`,`store_id`),
  KEY `IDX_SALES_ORDER_STATUS_LABEL_STORE_ID` (`store_id`),
  CONSTRAINT `FK_SALES_ORDER_STATUS_LABEL_STATUS_SALES_ORDER_STATUS_STATUS` FOREIGN KEY (`status`) REFERENCES `sales_order_status` (`status`) ON DELETE CASCADE ON UPDATE CASCADE,
  CONSTRAINT `FK_SALES_ORDER_STATUS_LABEL_STORE_ID_CORE_STORE_STORE_ID` FOREIGN KEY (`store_id`) REFERENCES `core_store` (`store_id`) ON DELETE CASCADE ON UPDATE CASCADE
) ENGINE=InnoDB DEFAULT CHARSET=utf8 COMMENT='Sales Order Status Label Table';

--
-- Dumping data for table `sales_order_status_label`
--


--
-- Table structure for table `sales_order_status_state`
--

CREATE TABLE `sales_order_status_state` (
  `status` varchar(32) NOT NULL COMMENT 'Status',
  `state` varchar(32) NOT NULL COMMENT 'Label',
  `is_default` smallint(5) unsigned NOT NULL COMMENT 'Is Default',
  PRIMARY KEY (`status`,`state`),
  CONSTRAINT `FK_SALES_ORDER_STATUS_STATE_STATUS_SALES_ORDER_STATUS_STATUS` FOREIGN KEY (`status`) REFERENCES `sales_order_status` (`status`) ON DELETE CASCADE ON UPDATE CASCADE
) ENGINE=InnoDB DEFAULT CHARSET=utf8 COMMENT='Sales Order Status Table';

--
-- Dumping data for table `sales_order_status_state`
--

INSERT INTO `sales_order_status_state` VALUES ('canceled','canceled',1),('closed','closed',1),('complete','complete',1),('fraud','payment_review',0),('holded','holded',1),('payment_review','payment_review',1),('pending','new',1),('pending_payment','pending_payment',1),('processing','processing',1);

--
-- Table structure for table `sales_order_tax`
--

CREATE TABLE `sales_order_tax` (
  `tax_id` int(10) unsigned NOT NULL AUTO_INCREMENT COMMENT 'Tax Id',
  `order_id` int(10) unsigned NOT NULL COMMENT 'Order Id',
  `code` varchar(255) DEFAULT NULL COMMENT 'Code',
  `title` varchar(255) DEFAULT NULL COMMENT 'Title',
  `percent` decimal(12,4) DEFAULT NULL COMMENT 'Percent',
  `amount` decimal(12,4) DEFAULT NULL COMMENT 'Amount',
  `priority` int(11) NOT NULL COMMENT 'Priority',
  `position` int(11) NOT NULL COMMENT 'Position',
  `base_amount` decimal(12,4) DEFAULT NULL COMMENT 'Base Amount',
  `process` smallint(6) NOT NULL COMMENT 'Process',
  `base_real_amount` decimal(12,4) DEFAULT NULL COMMENT 'Base Real Amount',
  `hidden` smallint(5) unsigned NOT NULL COMMENT 'Hidden',
  PRIMARY KEY (`tax_id`),
  KEY `IDX_SALES_ORDER_TAX_ORDER_ID_PRIORITY_POSITION` (`order_id`,`priority`,`position`)
) ENGINE=InnoDB DEFAULT CHARSET=utf8 COMMENT='Sales Order Tax Table';

--
-- Dumping data for table `sales_order_tax`
--


--
-- Table structure for table `sales_order_tax_item`
--

CREATE TABLE `sales_order_tax_item` (
  `tax_item_id` int(10) unsigned NOT NULL AUTO_INCREMENT COMMENT 'Tax Item Id',
  `tax_id` int(10) unsigned NOT NULL COMMENT 'Tax Id',
  `item_id` int(10) unsigned NOT NULL COMMENT 'Item Id',
  `tax_percent` decimal(12,4) NOT NULL COMMENT 'Real Tax Percent For Item',
  PRIMARY KEY (`tax_item_id`),
  UNIQUE KEY `UNQ_SALES_ORDER_TAX_ITEM_TAX_ID_ITEM_ID` (`tax_id`,`item_id`),
  KEY `IDX_SALES_ORDER_TAX_ITEM_TAX_ID` (`tax_id`),
  KEY `IDX_SALES_ORDER_TAX_ITEM_ITEM_ID` (`item_id`),
  CONSTRAINT `FK_SALES_ORDER_TAX_ITEM_ITEM_ID_SALES_FLAT_ORDER_ITEM_ITEM_ID` FOREIGN KEY (`item_id`) REFERENCES `sales_flat_order_item` (`item_id`) ON DELETE CASCADE ON UPDATE CASCADE,
  CONSTRAINT `FK_SALES_ORDER_TAX_ITEM_TAX_ID_SALES_ORDER_TAX_TAX_ID` FOREIGN KEY (`tax_id`) REFERENCES `sales_order_tax` (`tax_id`) ON DELETE CASCADE ON UPDATE CASCADE
) ENGINE=InnoDB DEFAULT CHARSET=utf8 COMMENT='Sales Order Tax Item';

--
-- Dumping data for table `sales_order_tax_item`
--


--
-- Table structure for table `sales_payment_transaction`
--

CREATE TABLE `sales_payment_transaction` (
  `transaction_id` int(10) unsigned NOT NULL AUTO_INCREMENT COMMENT 'Transaction Id',
  `parent_id` int(10) unsigned DEFAULT NULL COMMENT 'Parent Id',
  `order_id` int(10) unsigned NOT NULL COMMENT 'Order Id',
  `payment_id` int(10) unsigned NOT NULL COMMENT 'Payment Id',
  `txn_id` varchar(100) DEFAULT NULL COMMENT 'Txn Id',
  `parent_txn_id` varchar(100) DEFAULT NULL COMMENT 'Parent Txn Id',
  `txn_type` varchar(15) DEFAULT NULL COMMENT 'Txn Type',
  `is_closed` smallint(5) unsigned NOT NULL DEFAULT '1' COMMENT 'Is Closed',
  `additional_information` blob COMMENT 'Additional Information',
  `created_at` timestamp NULL DEFAULT NULL COMMENT 'Created At',
  PRIMARY KEY (`transaction_id`),
  UNIQUE KEY `UNQ_SALES_PAYMENT_TRANSACTION_ORDER_ID_PAYMENT_ID_TXN_ID` (`order_id`,`payment_id`,`txn_id`),
  KEY `IDX_SALES_PAYMENT_TRANSACTION_ORDER_ID` (`order_id`),
  KEY `IDX_SALES_PAYMENT_TRANSACTION_PARENT_ID` (`parent_id`),
  KEY `IDX_SALES_PAYMENT_TRANSACTION_PAYMENT_ID` (`payment_id`),
  CONSTRAINT `FK_B99FF1A06402D725EBDB0F3A7ECD47A2` FOREIGN KEY (`parent_id`) REFERENCES `sales_payment_transaction` (`transaction_id`) ON DELETE CASCADE ON UPDATE CASCADE,
  CONSTRAINT `FK_DA51A10B2405B64A4DAEF77A64F0DAAD` FOREIGN KEY (`payment_id`) REFERENCES `sales_flat_order_payment` (`entity_id`) ON DELETE CASCADE ON UPDATE CASCADE,
  CONSTRAINT `FK_SALES_PAYMENT_TRANSACTION_ORDER_ID_SALES_FLAT_ORDER_ENTITY_ID` FOREIGN KEY (`order_id`) REFERENCES `sales_flat_order` (`entity_id`) ON DELETE CASCADE ON UPDATE CASCADE
) ENGINE=InnoDB DEFAULT CHARSET=utf8 COMMENT='Sales Payment Transaction';

--
-- Dumping data for table `sales_payment_transaction`
--


--
-- Table structure for table `sales_recurring_profile`
--

CREATE TABLE `sales_recurring_profile` (
  `profile_id` int(10) unsigned NOT NULL AUTO_INCREMENT COMMENT 'Profile Id',
  `state` varchar(20) NOT NULL COMMENT 'State',
  `customer_id` int(10) unsigned DEFAULT NULL COMMENT 'Customer Id',
  `store_id` smallint(5) unsigned DEFAULT NULL COMMENT 'Store Id',
  `method_code` varchar(32) NOT NULL COMMENT 'Method Code',
  `created_at` timestamp NOT NULL DEFAULT CURRENT_TIMESTAMP ON UPDATE CURRENT_TIMESTAMP COMMENT 'Created At',
  `updated_at` timestamp NULL DEFAULT NULL COMMENT 'Updated At',
  `reference_id` varchar(32) DEFAULT NULL COMMENT 'Reference Id',
  `subscriber_name` varchar(150) DEFAULT NULL COMMENT 'Subscriber Name',
  `start_datetime` timestamp NOT NULL DEFAULT '0000-00-00 00:00:00' COMMENT 'Start Datetime',
  `internal_reference_id` varchar(42) NOT NULL COMMENT 'Internal Reference Id',
  `schedule_description` varchar(255) NOT NULL COMMENT 'Schedule Description',
  `suspension_threshold` smallint(5) unsigned DEFAULT NULL COMMENT 'Suspension Threshold',
  `bill_failed_later` smallint(5) unsigned NOT NULL COMMENT 'Bill Failed Later',
  `period_unit` varchar(20) NOT NULL COMMENT 'Period Unit',
  `period_frequency` smallint(5) unsigned DEFAULT NULL COMMENT 'Period Frequency',
  `period_max_cycles` smallint(5) unsigned DEFAULT NULL COMMENT 'Period Max Cycles',
  `billing_amount` decimal(12,4) NOT NULL DEFAULT '0.0000' COMMENT 'Billing Amount',
  `trial_period_unit` varchar(20) DEFAULT NULL COMMENT 'Trial Period Unit',
  `trial_period_frequency` smallint(5) unsigned DEFAULT NULL COMMENT 'Trial Period Frequency',
  `trial_period_max_cycles` smallint(5) unsigned DEFAULT NULL COMMENT 'Trial Period Max Cycles',
  `trial_billing_amount` text COMMENT 'Trial Billing Amount',
  `currency_code` varchar(3) NOT NULL COMMENT 'Currency Code',
  `shipping_amount` decimal(12,4) DEFAULT NULL COMMENT 'Shipping Amount',
  `tax_amount` decimal(12,4) DEFAULT NULL COMMENT 'Tax Amount',
  `init_amount` decimal(12,4) DEFAULT NULL COMMENT 'Init Amount',
  `init_may_fail` smallint(5) unsigned NOT NULL COMMENT 'Init May Fail',
  `order_info` text NOT NULL COMMENT 'Order Info',
  `order_item_info` text NOT NULL COMMENT 'Order Item Info',
  `billing_address_info` text NOT NULL COMMENT 'Billing Address Info',
  `shipping_address_info` text COMMENT 'Shipping Address Info',
  `profile_vendor_info` text COMMENT 'Profile Vendor Info',
  `additional_info` text COMMENT 'Additional Info',
  PRIMARY KEY (`profile_id`),
  UNIQUE KEY `UNQ_SALES_RECURRING_PROFILE_INTERNAL_REFERENCE_ID` (`internal_reference_id`),
  KEY `IDX_SALES_RECURRING_PROFILE_CUSTOMER_ID` (`customer_id`),
  KEY `IDX_SALES_RECURRING_PROFILE_STORE_ID` (`store_id`),
  CONSTRAINT `FK_SALES_RECURRING_PROFILE_CUSTOMER_ID_CUSTOMER_ENTITY_ENTITY_ID` FOREIGN KEY (`customer_id`) REFERENCES `customer_entity` (`entity_id`) ON DELETE SET NULL ON UPDATE CASCADE,
  CONSTRAINT `FK_SALES_RECURRING_PROFILE_STORE_ID_CORE_STORE_STORE_ID` FOREIGN KEY (`store_id`) REFERENCES `core_store` (`store_id`) ON DELETE SET NULL ON UPDATE CASCADE
) ENGINE=InnoDB DEFAULT CHARSET=utf8 COMMENT='Sales Recurring Profile';

--
-- Dumping data for table `sales_recurring_profile`
--


--
-- Table structure for table `sales_recurring_profile_order`
--

CREATE TABLE `sales_recurring_profile_order` (
  `link_id` int(10) unsigned NOT NULL AUTO_INCREMENT COMMENT 'Link Id',
  `profile_id` int(10) unsigned NOT NULL COMMENT 'Profile Id',
  `order_id` int(10) unsigned NOT NULL COMMENT 'Order Id',
  PRIMARY KEY (`link_id`),
  UNIQUE KEY `UNQ_SALES_RECURRING_PROFILE_ORDER_PROFILE_ID_ORDER_ID` (`profile_id`,`order_id`),
  KEY `IDX_SALES_RECURRING_PROFILE_ORDER_ORDER_ID` (`order_id`),
  CONSTRAINT `FK_7FF85741C66DCD37A4FBE3E3255A5A01` FOREIGN KEY (`order_id`) REFERENCES `sales_flat_order` (`entity_id`) ON DELETE CASCADE ON UPDATE CASCADE,
  CONSTRAINT `FK_B8A7A5397B67455786E55461748C59F4` FOREIGN KEY (`profile_id`) REFERENCES `sales_recurring_profile` (`profile_id`) ON DELETE CASCADE ON UPDATE CASCADE
) ENGINE=InnoDB DEFAULT CHARSET=utf8 COMMENT='Sales Recurring Profile Order';

--
-- Dumping data for table `sales_recurring_profile_order`
--


--
-- Table structure for table `sales_refunded_aggregated`
--

CREATE TABLE `sales_refunded_aggregated` (
  `id` int(10) unsigned NOT NULL AUTO_INCREMENT COMMENT 'Id',
  `period` date DEFAULT NULL COMMENT 'Period',
  `store_id` smallint(5) unsigned DEFAULT NULL COMMENT 'Store Id',
  `order_status` varchar(50) NOT NULL COMMENT 'Order Status',
  `orders_count` int(11) NOT NULL COMMENT 'Orders Count',
  `refunded` decimal(12,4) DEFAULT NULL COMMENT 'Refunded',
  `online_refunded` decimal(12,4) DEFAULT NULL COMMENT 'Online Refunded',
  `offline_refunded` decimal(12,4) DEFAULT NULL COMMENT 'Offline Refunded',
  PRIMARY KEY (`id`),
  UNIQUE KEY `UNQ_SALES_REFUNDED_AGGREGATED_PERIOD_STORE_ID_ORDER_STATUS` (`period`,`store_id`,`order_status`),
  KEY `IDX_SALES_REFUNDED_AGGREGATED_STORE_ID` (`store_id`),
  CONSTRAINT `FK_SALES_REFUNDED_AGGREGATED_STORE_ID_CORE_STORE_STORE_ID` FOREIGN KEY (`store_id`) REFERENCES `core_store` (`store_id`) ON DELETE SET NULL ON UPDATE CASCADE
) ENGINE=InnoDB DEFAULT CHARSET=utf8 COMMENT='Sales Refunded Aggregated';

--
-- Dumping data for table `sales_refunded_aggregated`
--


--
-- Table structure for table `sales_refunded_aggregated_order`
--

CREATE TABLE `sales_refunded_aggregated_order` (
  `id` int(10) unsigned NOT NULL AUTO_INCREMENT COMMENT 'Id',
  `period` date DEFAULT NULL COMMENT 'Period',
  `store_id` smallint(5) unsigned DEFAULT NULL COMMENT 'Store Id',
  `order_status` varchar(50) DEFAULT NULL COMMENT 'Order Status',
  `orders_count` int(11) NOT NULL COMMENT 'Orders Count',
  `refunded` decimal(12,4) DEFAULT NULL COMMENT 'Refunded',
  `online_refunded` decimal(12,4) DEFAULT NULL COMMENT 'Online Refunded',
  `offline_refunded` decimal(12,4) DEFAULT NULL COMMENT 'Offline Refunded',
  PRIMARY KEY (`id`),
  UNIQUE KEY `UNQ_SALES_REFUNDED_AGGREGATED_ORDER_PERIOD_STORE_ID_ORDER_STATUS` (`period`,`store_id`,`order_status`),
  KEY `IDX_SALES_REFUNDED_AGGREGATED_ORDER_STORE_ID` (`store_id`),
  CONSTRAINT `FK_SALES_REFUNDED_AGGREGATED_ORDER_STORE_ID_CORE_STORE_STORE_ID` FOREIGN KEY (`store_id`) REFERENCES `core_store` (`store_id`) ON DELETE SET NULL ON UPDATE CASCADE
) ENGINE=InnoDB DEFAULT CHARSET=utf8 COMMENT='Sales Refunded Aggregated Order';

--
-- Dumping data for table `sales_refunded_aggregated_order`
--


--
-- Table structure for table `sales_shipping_aggregated`
--

CREATE TABLE `sales_shipping_aggregated` (
  `id` int(10) unsigned NOT NULL AUTO_INCREMENT COMMENT 'Id',
  `period` date DEFAULT NULL COMMENT 'Period',
  `store_id` smallint(5) unsigned DEFAULT NULL COMMENT 'Store Id',
  `order_status` varchar(50) DEFAULT NULL COMMENT 'Order Status',
  `shipping_description` varchar(255) DEFAULT NULL COMMENT 'Shipping Description',
  `orders_count` int(11) NOT NULL COMMENT 'Orders Count',
  `total_shipping` decimal(12,4) DEFAULT NULL COMMENT 'Total Shipping',
  `total_shipping_actual` decimal(12,4) DEFAULT NULL COMMENT 'Total Shipping Actual',
  PRIMARY KEY (`id`),
  UNIQUE KEY `UNQ_SALES_SHPP_AGGRED_PERIOD_STORE_ID_ORDER_STS_SHPP_DESCRIPTION` (`period`,`store_id`,`order_status`,`shipping_description`),
  KEY `IDX_SALES_SHIPPING_AGGREGATED_STORE_ID` (`store_id`),
  CONSTRAINT `FK_SALES_SHIPPING_AGGREGATED_STORE_ID_CORE_STORE_STORE_ID` FOREIGN KEY (`store_id`) REFERENCES `core_store` (`store_id`) ON DELETE SET NULL ON UPDATE CASCADE
) ENGINE=InnoDB DEFAULT CHARSET=utf8 COMMENT='Sales Shipping Aggregated';

--
-- Dumping data for table `sales_shipping_aggregated`
--


--
-- Table structure for table `sales_shipping_aggregated_order`
--

CREATE TABLE `sales_shipping_aggregated_order` (
  `id` int(10) unsigned NOT NULL AUTO_INCREMENT COMMENT 'Id',
  `period` date DEFAULT NULL COMMENT 'Period',
  `store_id` smallint(5) unsigned DEFAULT NULL COMMENT 'Store Id',
  `order_status` varchar(50) DEFAULT NULL COMMENT 'Order Status',
  `shipping_description` varchar(255) DEFAULT NULL COMMENT 'Shipping Description',
  `orders_count` int(11) NOT NULL COMMENT 'Orders Count',
  `total_shipping` decimal(12,4) DEFAULT NULL COMMENT 'Total Shipping',
  `total_shipping_actual` decimal(12,4) DEFAULT NULL COMMENT 'Total Shipping Actual',
  PRIMARY KEY (`id`),
  UNIQUE KEY `C05FAE47282EEA68654D0924E946761F` (`period`,`store_id`,`order_status`,`shipping_description`),
  KEY `IDX_SALES_SHIPPING_AGGREGATED_ORDER_STORE_ID` (`store_id`),
  CONSTRAINT `FK_SALES_SHIPPING_AGGREGATED_ORDER_STORE_ID_CORE_STORE_STORE_ID` FOREIGN KEY (`store_id`) REFERENCES `core_store` (`store_id`) ON DELETE SET NULL ON UPDATE CASCADE
) ENGINE=InnoDB DEFAULT CHARSET=utf8 COMMENT='Sales Shipping Aggregated Order';

--
-- Dumping data for table `sales_shipping_aggregated_order`
--


--
-- Table structure for table `salesrule`
--

CREATE TABLE `salesrule` (
  `rule_id` int(10) unsigned NOT NULL AUTO_INCREMENT COMMENT 'Rule Id',
  `name` varchar(255) DEFAULT NULL COMMENT 'Name',
  `description` text COMMENT 'Description',
  `from_date` date DEFAULT NULL,
  `to_date` date DEFAULT NULL,
  `uses_per_customer` int(11) NOT NULL DEFAULT '0' COMMENT 'Uses Per Customer',
  `is_active` smallint(6) NOT NULL DEFAULT '0' COMMENT 'Is Active',
  `conditions_serialized` mediumtext COMMENT 'Conditions Serialized',
  `actions_serialized` mediumtext COMMENT 'Actions Serialized',
  `stop_rules_processing` smallint(6) NOT NULL DEFAULT '1' COMMENT 'Stop Rules Processing',
  `is_advanced` smallint(5) unsigned NOT NULL DEFAULT '1' COMMENT 'Is Advanced',
  `product_ids` text COMMENT 'Product Ids',
  `sort_order` int(10) unsigned NOT NULL DEFAULT '0' COMMENT 'Sort Order',
  `simple_action` varchar(32) DEFAULT NULL COMMENT 'Simple Action',
  `discount_amount` decimal(12,4) NOT NULL DEFAULT '0.0000' COMMENT 'Discount Amount',
  `discount_qty` decimal(12,4) DEFAULT NULL COMMENT 'Discount Qty',
  `discount_step` int(10) unsigned NOT NULL DEFAULT '0' COMMENT 'Discount Step',
  `simple_free_shipping` smallint(5) unsigned NOT NULL DEFAULT '0' COMMENT 'Simple Free Shipping',
  `apply_to_shipping` smallint(5) unsigned NOT NULL DEFAULT '0' COMMENT 'Apply To Shipping',
  `times_used` int(10) unsigned NOT NULL DEFAULT '0' COMMENT 'Times Used',
  `is_rss` smallint(6) NOT NULL DEFAULT '0' COMMENT 'Is Rss',
  `coupon_type` smallint(5) unsigned NOT NULL DEFAULT '1' COMMENT 'Coupon Type',
  `use_auto_generation` smallint(6) NOT NULL DEFAULT '0' COMMENT 'Use Auto Generation',
  `uses_per_coupon` int(11) NOT NULL DEFAULT '0' COMMENT 'Uses Per Coupon',
  PRIMARY KEY (`rule_id`),
  KEY `IDX_SALESRULE_IS_ACTIVE_SORT_ORDER_TO_DATE_FROM_DATE` (`is_active`,`sort_order`,`to_date`,`from_date`)
) ENGINE=InnoDB DEFAULT CHARSET=utf8 COMMENT='Salesrule';

--
-- Dumping data for table `salesrule`
--


--
-- Table structure for table `salesrule_coupon`
--

CREATE TABLE `salesrule_coupon` (
  `coupon_id` int(10) unsigned NOT NULL AUTO_INCREMENT COMMENT 'Coupon Id',
  `rule_id` int(10) unsigned NOT NULL COMMENT 'Rule Id',
  `code` varchar(255) DEFAULT NULL COMMENT 'Code',
  `usage_limit` int(10) unsigned DEFAULT NULL COMMENT 'Usage Limit',
  `usage_per_customer` int(10) unsigned DEFAULT NULL COMMENT 'Usage Per Customer',
  `times_used` int(10) unsigned NOT NULL DEFAULT '0' COMMENT 'Times Used',
  `expiration_date` timestamp NULL DEFAULT NULL COMMENT 'Expiration Date',
  `is_primary` smallint(5) unsigned DEFAULT NULL COMMENT 'Is Primary',
  `created_at` timestamp NOT NULL DEFAULT CURRENT_TIMESTAMP COMMENT 'Coupon Code Creation Date',
  `type` smallint(6) DEFAULT '0' COMMENT 'Coupon Code Type',
  PRIMARY KEY (`coupon_id`),
  UNIQUE KEY `UNQ_SALESRULE_COUPON_CODE` (`code`),
  UNIQUE KEY `UNQ_SALESRULE_COUPON_RULE_ID_IS_PRIMARY` (`rule_id`,`is_primary`),
  KEY `IDX_SALESRULE_COUPON_RULE_ID` (`rule_id`),
  CONSTRAINT `FK_SALESRULE_COUPON_RULE_ID_SALESRULE_RULE_ID` FOREIGN KEY (`rule_id`) REFERENCES `salesrule` (`rule_id`) ON DELETE CASCADE ON UPDATE CASCADE
) ENGINE=InnoDB DEFAULT CHARSET=utf8 COMMENT='Salesrule Coupon';

--
-- Dumping data for table `salesrule_coupon`
--


--
-- Table structure for table `salesrule_coupon_usage`
--

CREATE TABLE `salesrule_coupon_usage` (
  `coupon_id` int(10) unsigned NOT NULL COMMENT 'Coupon Id',
  `customer_id` int(10) unsigned NOT NULL COMMENT 'Customer Id',
  `times_used` int(10) unsigned NOT NULL DEFAULT '0' COMMENT 'Times Used',
  PRIMARY KEY (`coupon_id`,`customer_id`),
  KEY `IDX_SALESRULE_COUPON_USAGE_COUPON_ID` (`coupon_id`),
  KEY `IDX_SALESRULE_COUPON_USAGE_CUSTOMER_ID` (`customer_id`),
  CONSTRAINT `FK_SALESRULE_COUPON_USAGE_COUPON_ID_SALESRULE_COUPON_COUPON_ID` FOREIGN KEY (`coupon_id`) REFERENCES `salesrule_coupon` (`coupon_id`) ON DELETE CASCADE ON UPDATE CASCADE,
  CONSTRAINT `FK_SALESRULE_COUPON_USAGE_CUSTOMER_ID_CUSTOMER_ENTITY_ENTITY_ID` FOREIGN KEY (`customer_id`) REFERENCES `customer_entity` (`entity_id`) ON DELETE CASCADE ON UPDATE CASCADE
) ENGINE=InnoDB DEFAULT CHARSET=utf8 COMMENT='Salesrule Coupon Usage';

--
-- Dumping data for table `salesrule_coupon_usage`
--


--
-- Table structure for table `salesrule_customer`
--

CREATE TABLE `salesrule_customer` (
  `rule_customer_id` int(10) unsigned NOT NULL AUTO_INCREMENT COMMENT 'Rule Customer Id',
  `rule_id` int(10) unsigned NOT NULL DEFAULT '0' COMMENT 'Rule Id',
  `customer_id` int(10) unsigned NOT NULL DEFAULT '0' COMMENT 'Customer Id',
  `times_used` smallint(5) unsigned NOT NULL DEFAULT '0' COMMENT 'Times Used',
  PRIMARY KEY (`rule_customer_id`),
  KEY `IDX_SALESRULE_CUSTOMER_RULE_ID_CUSTOMER_ID` (`rule_id`,`customer_id`),
  KEY `IDX_SALESRULE_CUSTOMER_CUSTOMER_ID_RULE_ID` (`customer_id`,`rule_id`),
  CONSTRAINT `FK_SALESRULE_CUSTOMER_CUSTOMER_ID_CUSTOMER_ENTITY_ENTITY_ID` FOREIGN KEY (`customer_id`) REFERENCES `customer_entity` (`entity_id`) ON DELETE CASCADE ON UPDATE CASCADE,
  CONSTRAINT `FK_SALESRULE_CUSTOMER_RULE_ID_SALESRULE_RULE_ID` FOREIGN KEY (`rule_id`) REFERENCES `salesrule` (`rule_id`) ON DELETE CASCADE ON UPDATE CASCADE
) ENGINE=InnoDB DEFAULT CHARSET=utf8 COMMENT='Salesrule Customer';

--
-- Dumping data for table `salesrule_customer`
--


--
-- Table structure for table `salesrule_customer_group`
--

CREATE TABLE `salesrule_customer_group` (
  `rule_id` int(10) unsigned NOT NULL COMMENT 'Rule Id',
  `customer_group_id` smallint(5) unsigned NOT NULL COMMENT 'Customer Group Id',
  PRIMARY KEY (`rule_id`,`customer_group_id`),
  KEY `IDX_SALESRULE_CUSTOMER_GROUP_RULE_ID` (`rule_id`),
  KEY `IDX_SALESRULE_CUSTOMER_GROUP_CUSTOMER_GROUP_ID` (`customer_group_id`),
  CONSTRAINT `FK_SALESRULE_CSTR_GROUP_CSTR_GROUP_ID_CSTR_GROUP_CSTR_GROUP_ID` FOREIGN KEY (`customer_group_id`) REFERENCES `customer_group` (`customer_group_id`) ON DELETE CASCADE ON UPDATE CASCADE,
  CONSTRAINT `FK_SALESRULE_CUSTOMER_GROUP_RULE_ID_SALESRULE_RULE_ID` FOREIGN KEY (`rule_id`) REFERENCES `salesrule` (`rule_id`) ON DELETE CASCADE ON UPDATE CASCADE
) ENGINE=InnoDB DEFAULT CHARSET=utf8 COMMENT='Sales Rules To Customer Groups Relations';

--
-- Dumping data for table `salesrule_customer_group`
--


--
-- Table structure for table `salesrule_label`
--

CREATE TABLE `salesrule_label` (
  `label_id` int(10) unsigned NOT NULL AUTO_INCREMENT COMMENT 'Label Id',
  `rule_id` int(10) unsigned NOT NULL COMMENT 'Rule Id',
  `store_id` smallint(5) unsigned NOT NULL COMMENT 'Store Id',
  `label` varchar(255) DEFAULT NULL COMMENT 'Label',
  PRIMARY KEY (`label_id`),
  UNIQUE KEY `UNQ_SALESRULE_LABEL_RULE_ID_STORE_ID` (`rule_id`,`store_id`),
  KEY `IDX_SALESRULE_LABEL_STORE_ID` (`store_id`),
  KEY `IDX_SALESRULE_LABEL_RULE_ID` (`rule_id`),
  CONSTRAINT `FK_SALESRULE_LABEL_RULE_ID_SALESRULE_RULE_ID` FOREIGN KEY (`rule_id`) REFERENCES `salesrule` (`rule_id`) ON DELETE CASCADE ON UPDATE CASCADE,
  CONSTRAINT `FK_SALESRULE_LABEL_STORE_ID_CORE_STORE_STORE_ID` FOREIGN KEY (`store_id`) REFERENCES `core_store` (`store_id`) ON DELETE CASCADE ON UPDATE CASCADE
) ENGINE=InnoDB DEFAULT CHARSET=utf8 COMMENT='Salesrule Label';

--
-- Dumping data for table `salesrule_label`
--


--
-- Table structure for table `salesrule_product_attribute`
--

CREATE TABLE `salesrule_product_attribute` (
  `rule_id` int(10) unsigned NOT NULL COMMENT 'Rule Id',
  `website_id` smallint(5) unsigned NOT NULL COMMENT 'Website Id',
  `customer_group_id` smallint(5) unsigned NOT NULL COMMENT 'Customer Group Id',
  `attribute_id` smallint(5) unsigned NOT NULL COMMENT 'Attribute Id',
  PRIMARY KEY (`rule_id`,`website_id`,`customer_group_id`,`attribute_id`),
  KEY `IDX_SALESRULE_PRODUCT_ATTRIBUTE_WEBSITE_ID` (`website_id`),
  KEY `IDX_SALESRULE_PRODUCT_ATTRIBUTE_CUSTOMER_GROUP_ID` (`customer_group_id`),
  KEY `IDX_SALESRULE_PRODUCT_ATTRIBUTE_ATTRIBUTE_ID` (`attribute_id`),
  CONSTRAINT `FK_SALESRULE_PRD_ATTR_ATTR_ID_EAV_ATTR_ATTR_ID` FOREIGN KEY (`attribute_id`) REFERENCES `eav_attribute` (`attribute_id`) ON DELETE CASCADE ON UPDATE NO ACTION,
  CONSTRAINT `FK_SALESRULE_PRD_ATTR_CSTR_GROUP_ID_CSTR_GROUP_CSTR_GROUP_ID` FOREIGN KEY (`customer_group_id`) REFERENCES `customer_group` (`customer_group_id`) ON DELETE CASCADE ON UPDATE NO ACTION,
  CONSTRAINT `FK_SALESRULE_PRD_ATTR_WS_ID_CORE_WS_WS_ID` FOREIGN KEY (`website_id`) REFERENCES `core_website` (`website_id`) ON DELETE CASCADE ON UPDATE NO ACTION,
  CONSTRAINT `FK_SALESRULE_PRODUCT_ATTRIBUTE_RULE_ID_SALESRULE_RULE_ID` FOREIGN KEY (`rule_id`) REFERENCES `salesrule` (`rule_id`) ON DELETE CASCADE ON UPDATE NO ACTION
) ENGINE=InnoDB DEFAULT CHARSET=utf8 COMMENT='Salesrule Product Attribute';

--
-- Dumping data for table `salesrule_product_attribute`
--


--
-- Table structure for table `salesrule_website`
--

CREATE TABLE `salesrule_website` (
  `rule_id` int(10) unsigned NOT NULL COMMENT 'Rule Id',
  `website_id` smallint(5) unsigned NOT NULL COMMENT 'Website Id',
  PRIMARY KEY (`rule_id`,`website_id`),
  KEY `IDX_SALESRULE_WEBSITE_RULE_ID` (`rule_id`),
  KEY `IDX_SALESRULE_WEBSITE_WEBSITE_ID` (`website_id`),
  CONSTRAINT `FK_SALESRULE_WEBSITE_RULE_ID_SALESRULE_RULE_ID` FOREIGN KEY (`rule_id`) REFERENCES `salesrule` (`rule_id`) ON DELETE CASCADE ON UPDATE CASCADE,
  CONSTRAINT `FK_SALESRULE_WEBSITE_WEBSITE_ID_CORE_WEBSITE_WEBSITE_ID` FOREIGN KEY (`website_id`) REFERENCES `core_website` (`website_id`) ON DELETE CASCADE ON UPDATE CASCADE
) ENGINE=InnoDB DEFAULT CHARSET=utf8 COMMENT='Sales Rules To Websites Relations';

--
-- Dumping data for table `salesrule_website`
--


--
-- Table structure for table `sendfriend_log`
--

CREATE TABLE `sendfriend_log` (
  `log_id` int(10) unsigned NOT NULL AUTO_INCREMENT COMMENT 'Log ID',
  `ip` bigint(20) unsigned NOT NULL DEFAULT '0' COMMENT 'Customer IP address',
  `time` int(10) unsigned NOT NULL DEFAULT '0' COMMENT 'Log time',
  `website_id` smallint(5) unsigned NOT NULL DEFAULT '0' COMMENT 'Website ID',
  PRIMARY KEY (`log_id`),
  KEY `IDX_SENDFRIEND_LOG_IP` (`ip`),
  KEY `IDX_SENDFRIEND_LOG_TIME` (`time`)
) ENGINE=InnoDB DEFAULT CHARSET=utf8 COMMENT='Send to friend function log storage table';

--
-- Dumping data for table `sendfriend_log`
--


--
-- Table structure for table `shipping_tablerate`
--

CREATE TABLE `shipping_tablerate` (
  `pk` int(10) unsigned NOT NULL AUTO_INCREMENT COMMENT 'Primary key',
  `website_id` int(11) NOT NULL DEFAULT '0' COMMENT 'Website Id',
  `dest_country_id` varchar(4) NOT NULL DEFAULT '0' COMMENT 'Destination coutry ISO/2 or ISO/3 code',
  `dest_region_id` int(11) NOT NULL DEFAULT '0' COMMENT 'Destination Region Id',
  `dest_zip` varchar(10) NOT NULL DEFAULT '*' COMMENT 'Destination Post Code (Zip)',
  `condition_name` varchar(20) NOT NULL COMMENT 'Rate Condition name',
  `condition_value` decimal(12,4) NOT NULL DEFAULT '0.0000' COMMENT 'Rate condition value',
  `price` decimal(12,4) NOT NULL DEFAULT '0.0000' COMMENT 'Price',
  `cost` decimal(12,4) NOT NULL DEFAULT '0.0000' COMMENT 'Cost',
  PRIMARY KEY (`pk`),
  UNIQUE KEY `D60821CDB2AFACEE1566CFC02D0D4CAA` (`website_id`,`dest_country_id`,`dest_region_id`,`dest_zip`,`condition_name`,`condition_value`)
) ENGINE=InnoDB DEFAULT CHARSET=utf8 COMMENT='Shipping Tablerate';

--
-- Dumping data for table `shipping_tablerate`
--


--
-- Table structure for table `sitemap`
--

CREATE TABLE `sitemap` (
  `sitemap_id` int(10) unsigned NOT NULL AUTO_INCREMENT COMMENT 'Sitemap Id',
  `sitemap_type` varchar(32) DEFAULT NULL COMMENT 'Sitemap Type',
  `sitemap_filename` varchar(32) DEFAULT NULL COMMENT 'Sitemap Filename',
  `sitemap_path` varchar(255) DEFAULT NULL COMMENT 'Sitemap Path',
  `sitemap_time` timestamp NULL DEFAULT NULL COMMENT 'Sitemap Time',
  `store_id` smallint(5) unsigned NOT NULL DEFAULT '0' COMMENT 'Store id',
  PRIMARY KEY (`sitemap_id`),
  KEY `IDX_SITEMAP_STORE_ID` (`store_id`),
  CONSTRAINT `FK_SITEMAP_STORE_ID_CORE_STORE_STORE_ID` FOREIGN KEY (`store_id`) REFERENCES `core_store` (`store_id`) ON DELETE CASCADE ON UPDATE CASCADE
) ENGINE=InnoDB DEFAULT CHARSET=utf8 COMMENT='Google Sitemap';

--
-- Dumping data for table `sitemap`
--


--
-- Table structure for table `tag`
--

CREATE TABLE `tag` (
  `tag_id` int(10) unsigned NOT NULL AUTO_INCREMENT COMMENT 'Tag Id',
  `name` varchar(255) DEFAULT NULL COMMENT 'Name',
  `status` smallint(6) NOT NULL DEFAULT '0' COMMENT 'Status',
  `first_customer_id` int(10) unsigned DEFAULT NULL COMMENT 'First Customer Id',
  `first_store_id` smallint(5) unsigned DEFAULT NULL COMMENT 'First Store Id',
  PRIMARY KEY (`tag_id`),
  KEY `FK_TAG_FIRST_CUSTOMER_ID_CUSTOMER_ENTITY_ENTITY_ID` (`first_customer_id`),
  KEY `FK_TAG_FIRST_STORE_ID_CORE_STORE_STORE_ID` (`first_store_id`),
  CONSTRAINT `FK_TAG_FIRST_CUSTOMER_ID_CUSTOMER_ENTITY_ENTITY_ID` FOREIGN KEY (`first_customer_id`) REFERENCES `customer_entity` (`entity_id`) ON DELETE SET NULL ON UPDATE NO ACTION,
  CONSTRAINT `FK_TAG_FIRST_STORE_ID_CORE_STORE_STORE_ID` FOREIGN KEY (`first_store_id`) REFERENCES `core_store` (`store_id`) ON DELETE SET NULL ON UPDATE NO ACTION
) ENGINE=InnoDB AUTO_INCREMENT=199 DEFAULT CHARSET=utf8 ROW_FORMAT=DYNAMIC COMMENT='Tag';

--
-- Dumping data for table `tag`
--

INSERT INTO `tag` VALUES (1,'bed',1,1,1),(2,'trendy',1,1,1),(3,'wood',1,1,1),(4,'young',1,1,1),(5,'hip',1,1,1),(6,'Excellent',1,1,1),(7,'Furniture',1,1,1),(8,'modern',1,1,1),(9,'pocket',1,1,1),(10,'clean',1,1,1),(11,'apple',1,1,1),(12,'cool',1,1,1),(13,'universal',1,1,1),(14,'clogs',1,1,1),(15,'outdoor',1,1,1),(16,'green',1,1,1),(17,'bones',1,1,1),(18,'pda',1,1,1),(19,'slider',1,1,1),(20,'mobile',1,1,1),(21,'joe',1,1,1),(22,'laces',1,1,1),(23,'Camera',1,1,2),(24,'charger',1,1,2),(25,'Geil',1,1,2),(26,'crackberry',1,1,1),(27,'SEXY',1,1,1),(28,'tight',1,1,1),(29,'Test',1,1,1),(30,'red',1,1,1),(31,'sandals',1,1,1),(32,'design',1,1,1),(33,'ugly',1,1,1),(34,'rubber',1,1,1),(35,'light',1,1,1),(36,'monikas',1,1,1),(37,'t-shirt',1,1,1),(38,'test,',1,1,1),(39,'Sportsshoes',1,1,1),(40,'very',1,1,1),(41,'good',1,1,1),(42,'phone',1,1,1),(43,'favorite',1,1,1),(44,'shoe',1,1,1),(45,'shirt',1,1,1),(46,'monkeybutt',1,1,1),(47,'pizzamonkey',1,1,1),(48,'silver',1,1,1),(49,'black',1,1,1),(50,'sony',1,1,1),(51,'laptop',1,1,1),(52,'compact',1,1,1),(53,'small screen',1,1,1),(54,'tee-shirt',1,1,1),(55,'computer',1,1,1),(56,'shoes',1,1,1),(57,'sandale',1,1,1),(58,'tina',1,1,1),(59,'brown',1,1,1),(60,'lova',1,1,1),(61,'Tag',1,1,1),(62,'toes',-1,1,1),(63,'mniam',1,1,1),(64,'couch',1,1,1),(65,'chair',1,1,1),(66,'sandals,',1,1,1),(67,'blue,',1,1,1),(68,'shoes,',1,1,1),(69,'small',1,1,1),(70,'nice',1,1,1),(71,'badassness',1,1,1),(72,'cellotastic',1,1,1),(73,'macbook',1,1,1),(74,'mac',1,1,1),(75,'thongs',1,1,1),(76,'bla',1,1,3),(77,'notebook',1,1,2),(78,'phonex',1,1,1),(79,'süper',1,1,1),(80,'testing',1,1,1),(81,'awesome',1,1,1),(82,'holeys',1,1,1),(83,'Innovate',1,1,1),(84,'buenisimo',1,1,1),(85,'laptopik',1,1,1),(86,'rouge',1,1,1),(87,'modern,',1,1,1),(88,'moderne',1,1,1),(89,'blue',1,1,1),(90,'sandally',1,1,1),(91,'zoom',1,1,1),(92,'amazing',1,1,1),(93,'acer',1,1,1),(94,'portable',1,1,1),(95,'nippley',1,1,1),(96,'headless',1,1,1),(97,'prettyboy',1,1,1),(98,'grey',1,1,1),(99,'pouffe',1,1,1),(100,'teste',1,1,1),(101,'photography',1,1,1),(102,'handy',1,1,2),(103,'strange',1,1,2),(104,'skeleton',1,1,2),(105,'terry\'s',1,1,1),(106,'green,',1,1,1),(107,'sexy,',1,1,1),(108,'hi',1,1,1),(109,'Hohoho',1,1,2),(110,'Image',1,1,1),(111,'canape',1,1,1),(112,'chic',1,1,1),(113,'dresser',1,1,1),(114,'lens',1,1,1),(115,'schoen',1,1,1),(116,'golf',1,1,1),(117,'philip',1,1,1),(118,'coconut',1,1,1),(119,'mytag',1,1,1),(120,'mesas',1,1,1),(121,'hideous',1,1,1),(122,'mystuff',1,1,1),(123,'user',1,1,1),(124,'shittt',1,1,1),(125,'sex',1,1,1),(126,'sucks',1,1,1),(127,'whynot',1,1,3),(128,'camera-photo',1,1,3),(129,'wow',1,1,1),(130,'kzyhu',1,1,1),(131,'badminded',1,1,2),(132,'noerd',1,1,2),(133,'square',1,1,1),(134,'beach',1,1,1),(135,'Core Duo',1,1,1),(136,'spray',1,1,1),(137,'paint',1,1,1),(138,'tempos',1,1,1),(139,'teacher',1,1,1),(140,'ATT',1,1,1),(141,'BlackBerry',1,1,1),(142,'gadget',1,1,1),(143,'pas',1,1,3),(144,'mal',1,1,3),(145,'SMUKKE',1,1,1),(146,'kurti',1,1,1),(147,'larum',1,1,1),(148,'try',1,0,0),(149,'WAAAAAOOO',1,1,1),(150,'portatil',1,1,1),(151,'CRAPOTO',1,1,3),(152,'Kamera,',1,1,2),(153,'Camera,',1,1,2),(154,'Olympus',1,1,2),(155,'Nine',1,1,1),(156,'West',1,1,1),(157,'Women\'s',1,1,1),(158,'Lucero',1,1,1),(159,'Pump',1,1,1),(160,'Web',1,1,1),(161,'browser',1,1,1),(162,'content,',1,1,1),(163,'messaging',1,1,1),(164,'sessions,',1,1,1),(165,'and',-1,1,1),(166,'attachments.',1,1,1),(167,'Anashria',1,1,1),(168,'Womens',1,1,1),(169,'Premier',1,1,1),(170,'Leather',1,1,1),(171,'Sandal',1,1,1),(172,'arbeit',-1,1,2),(173,'crap',1,1,1),(174,'Walkman',1,1,1),(175,'gift',1,1,1),(176,'for',-1,1,1),(177,'her',1,1,1),(178,'Hupe',1,1,1),(179,'sleek',-1,1,1),(180,'samsung',1,1,1),(181,'footrest',1,1,1),(182,'shit',1,1,1),(183,'jogging',1,1,1),(184,'cool t-shirt',1,1,1),(185,'must get',1,1,1),(186,'bright',1,1,2),(187,'cellphone',1,1,1),(188,'comfort',1,1,3),(189,'ferrari',1,1,1),(190,'shiny',1,1,1),(191,'toll',1,1,1),(192,'warm',1,1,1),(193,'SOFA',1,1,1),(194,'fast',1,1,1),(195,'emo',1,1,1),(196,'smart',1,1,1),(197,'Canon',1,1,3),(198,'appletoys',1,1,1);

--
-- Table structure for table `tag_properties`
--

CREATE TABLE `tag_properties` (
  `tag_id` int(10) unsigned NOT NULL DEFAULT '0' COMMENT 'Tag Id',
  `store_id` smallint(5) unsigned NOT NULL DEFAULT '0' COMMENT 'Store Id',
  `base_popularity` int(10) unsigned NOT NULL DEFAULT '0' COMMENT 'Base Popularity',
  PRIMARY KEY (`tag_id`,`store_id`),
  KEY `IDX_TAG_PROPERTIES_STORE_ID` (`store_id`),
  CONSTRAINT `FK_TAG_PROPERTIES_STORE_ID_CORE_STORE_STORE_ID` FOREIGN KEY (`store_id`) REFERENCES `core_store` (`store_id`) ON DELETE CASCADE ON UPDATE CASCADE,
  CONSTRAINT `FK_TAG_PROPERTIES_TAG_ID_TAG_TAG_ID` FOREIGN KEY (`tag_id`) REFERENCES `tag` (`tag_id`) ON DELETE CASCADE ON UPDATE CASCADE
) ENGINE=InnoDB DEFAULT CHARSET=utf8 COMMENT='Tag Properties';

--
-- Dumping data for table `tag_properties`
--


--
-- Table structure for table `tag_relation`
--

CREATE TABLE `tag_relation` (
  `tag_relation_id` int(10) unsigned NOT NULL AUTO_INCREMENT COMMENT 'Tag Relation Id',
  `tag_id` int(10) unsigned NOT NULL DEFAULT '0' COMMENT 'Tag Id',
  `customer_id` int(10) unsigned DEFAULT NULL COMMENT 'Customer Id',
  `product_id` int(10) unsigned NOT NULL DEFAULT '0' COMMENT 'Product Id',
  `store_id` smallint(5) unsigned NOT NULL DEFAULT '1' COMMENT 'Store Id',
  `active` smallint(5) unsigned NOT NULL DEFAULT '1' COMMENT 'Active',
  `created_at` timestamp NULL DEFAULT NULL COMMENT 'Created At',
  PRIMARY KEY (`tag_relation_id`),
  UNIQUE KEY `UNQ_TAG_RELATION_TAG_ID_CUSTOMER_ID_PRODUCT_ID_STORE_ID` (`tag_id`,`customer_id`,`product_id`,`store_id`),
  KEY `IDX_TAG_RELATION_PRODUCT_ID` (`product_id`),
  KEY `IDX_TAG_RELATION_TAG_ID` (`tag_id`),
  KEY `IDX_TAG_RELATION_CUSTOMER_ID` (`customer_id`),
  KEY `IDX_TAG_RELATION_STORE_ID` (`store_id`),
  CONSTRAINT `FK_TAG_RELATION_CUSTOMER_ID_CUSTOMER_ENTITY_ENTITY_ID` FOREIGN KEY (`customer_id`) REFERENCES `customer_entity` (`entity_id`) ON DELETE CASCADE ON UPDATE CASCADE,
  CONSTRAINT `FK_TAG_RELATION_PRODUCT_ID_CATALOG_PRODUCT_ENTITY_ENTITY_ID` FOREIGN KEY (`product_id`) REFERENCES `catalog_product_entity` (`entity_id`) ON DELETE CASCADE ON UPDATE CASCADE,
  CONSTRAINT `FK_TAG_RELATION_STORE_ID_CORE_STORE_STORE_ID` FOREIGN KEY (`store_id`) REFERENCES `core_store` (`store_id`) ON DELETE CASCADE ON UPDATE CASCADE,
  CONSTRAINT `FK_TAG_RELATION_TAG_ID_TAG_TAG_ID` FOREIGN KEY (`tag_id`) REFERENCES `tag` (`tag_id`) ON DELETE CASCADE ON UPDATE CASCADE
) ENGINE=InnoDB DEFAULT CHARSET=utf8 COMMENT='Tag Relation';

--
-- Dumping data for table `tag_relation`
--


--
-- Table structure for table `tag_summary`
--

CREATE TABLE `tag_summary` (
  `tag_id` int(10) unsigned NOT NULL DEFAULT '0' COMMENT 'Tag Id',
  `store_id` smallint(5) unsigned NOT NULL DEFAULT '0' COMMENT 'Store Id',
  `customers` int(10) unsigned NOT NULL DEFAULT '0' COMMENT 'Customers',
  `products` int(10) unsigned NOT NULL DEFAULT '0' COMMENT 'Products',
  `uses` int(10) unsigned NOT NULL DEFAULT '0' COMMENT 'Uses',
  `historical_uses` int(10) unsigned NOT NULL DEFAULT '0' COMMENT 'Historical Uses',
  `popularity` int(10) unsigned NOT NULL DEFAULT '0' COMMENT 'Popularity',
  `base_popularity` int(10) unsigned NOT NULL DEFAULT '0' COMMENT 'Base Popularity',
  PRIMARY KEY (`tag_id`,`store_id`),
  KEY `IDX_TAG_SUMMARY_STORE_ID` (`store_id`),
  KEY `IDX_TAG_SUMMARY_TAG_ID` (`tag_id`),
  CONSTRAINT `FK_TAG_SUMMARY_STORE_ID_CORE_STORE_STORE_ID` FOREIGN KEY (`store_id`) REFERENCES `core_store` (`store_id`) ON DELETE CASCADE ON UPDATE CASCADE,
  CONSTRAINT `FK_TAG_SUMMARY_TAG_ID_TAG_TAG_ID` FOREIGN KEY (`tag_id`) REFERENCES `tag` (`tag_id`) ON DELETE CASCADE ON UPDATE CASCADE
) ENGINE=InnoDB DEFAULT CHARSET=utf8 COMMENT='Tag Summary';

--
-- Dumping data for table `tag_summary`
--


--
-- Table structure for table `tax_calculation`
--

CREATE TABLE `tax_calculation` (
  `tax_calculation_rate_id` int(11) NOT NULL COMMENT 'Tax Calculation Rate Id',
  `tax_calculation_rule_id` int(11) NOT NULL COMMENT 'Tax Calculation Rule Id',
  `customer_tax_class_id` smallint(6) NOT NULL COMMENT 'Customer Tax Class Id',
  `product_tax_class_id` smallint(6) NOT NULL COMMENT 'Product Tax Class Id',
  `tax_calculation_id` int(11) NOT NULL AUTO_INCREMENT COMMENT 'Tax Calculation Id',
  PRIMARY KEY (`tax_calculation_id`),
  KEY `IDX_TAX_CALCULATION_TAX_CALCULATION_RULE_ID` (`tax_calculation_rule_id`),
  KEY `IDX_TAX_CALCULATION_TAX_CALCULATION_RATE_ID` (`tax_calculation_rate_id`),
  KEY `IDX_TAX_CALCULATION_CUSTOMER_TAX_CLASS_ID` (`customer_tax_class_id`),
  KEY `IDX_TAX_CALCULATION_PRODUCT_TAX_CLASS_ID` (`product_tax_class_id`),
  KEY `IDX_TAX_CALC_TAX_CALC_RATE_ID_CSTR_TAX_CLASS_ID_PRD_TAX_CLASS_ID` (`tax_calculation_rate_id`,`customer_tax_class_id`,`product_tax_class_id`),
  CONSTRAINT `FK_TAX_CALCULATION_CUSTOMER_TAX_CLASS_ID_TAX_CLASS_CLASS_ID` FOREIGN KEY (`customer_tax_class_id`) REFERENCES `tax_class` (`class_id`) ON DELETE CASCADE ON UPDATE CASCADE,
  CONSTRAINT `FK_TAX_CALCULATION_PRODUCT_TAX_CLASS_ID_TAX_CLASS_CLASS_ID` FOREIGN KEY (`product_tax_class_id`) REFERENCES `tax_class` (`class_id`) ON DELETE CASCADE ON UPDATE CASCADE,
  CONSTRAINT `FK_TAX_CALC_TAX_CALC_RATE_ID_TAX_CALC_RATE_TAX_CALC_RATE_ID` FOREIGN KEY (`tax_calculation_rate_id`) REFERENCES `tax_calculation_rate` (`tax_calculation_rate_id`) ON DELETE CASCADE ON UPDATE CASCADE,
  CONSTRAINT `FK_TAX_CALC_TAX_CALC_RULE_ID_TAX_CALC_RULE_TAX_CALC_RULE_ID` FOREIGN KEY (`tax_calculation_rule_id`) REFERENCES `tax_calculation_rule` (`tax_calculation_rule_id`) ON DELETE CASCADE ON UPDATE CASCADE
) ENGINE=InnoDB AUTO_INCREMENT=5 DEFAULT CHARSET=utf8 COMMENT='Tax Calculation';

--
-- Dumping data for table `tax_calculation`
--

INSERT INTO `tax_calculation` VALUES (1,2,3,1,1),(2,2,3,1,2),(1,1,3,2,3),(2,1,3,2,4);

--
-- Table structure for table `tax_calculation_rate`
--

CREATE TABLE `tax_calculation_rate` (
  `tax_calculation_rate_id` int(11) NOT NULL AUTO_INCREMENT COMMENT 'Tax Calculation Rate Id',
  `tax_country_id` varchar(2) NOT NULL COMMENT 'Tax Country Id',
  `tax_region_id` int(11) NOT NULL COMMENT 'Tax Region Id',
  `tax_postcode` varchar(21) DEFAULT NULL COMMENT 'Tax Postcode',
  `code` varchar(255) NOT NULL COMMENT 'Code',
  `rate` decimal(12,4) NOT NULL DEFAULT '0.0000' COMMENT 'Rate',
  `zip_is_range` smallint(6) DEFAULT NULL COMMENT 'Zip Is Range',
  `zip_from` int(10) unsigned DEFAULT NULL COMMENT 'Zip From',
  `zip_to` int(10) unsigned DEFAULT NULL COMMENT 'Zip To',
  PRIMARY KEY (`tax_calculation_rate_id`),
  KEY `IDX_TAX_CALC_RATE_TAX_COUNTRY_ID_TAX_REGION_ID_TAX_POSTCODE` (`tax_country_id`,`tax_region_id`,`tax_postcode`),
  KEY `IDX_TAX_CALCULATION_RATE_CODE` (`code`),
  KEY `CA799F1E2CB843495F601E56C84A626D` (`tax_calculation_rate_id`,`tax_country_id`,`tax_region_id`,`zip_is_range`,`tax_postcode`)
) ENGINE=InnoDB AUTO_INCREMENT=3 DEFAULT CHARSET=utf8 COMMENT='Tax Calculation Rate';

--
-- Dumping data for table `tax_calculation_rate`
--

INSERT INTO `tax_calculation_rate` VALUES (1,'US',12,'*','US-CA-*-Rate 1',8.2500,NULL,NULL,NULL),(2,'US',43,'*','US-NY-*-Rate 1',8.3750,NULL,NULL,NULL);

--
-- Table structure for table `tax_calculation_rate_title`
--

CREATE TABLE `tax_calculation_rate_title` (
  `tax_calculation_rate_title_id` int(11) NOT NULL AUTO_INCREMENT COMMENT 'Tax Calculation Rate Title Id',
  `tax_calculation_rate_id` int(11) NOT NULL COMMENT 'Tax Calculation Rate Id',
  `store_id` smallint(5) unsigned NOT NULL COMMENT 'Store Id',
  `value` varchar(255) NOT NULL COMMENT 'Value',
  PRIMARY KEY (`tax_calculation_rate_title_id`),
  KEY `IDX_TAX_CALCULATION_RATE_TITLE_TAX_CALCULATION_RATE_ID_STORE_ID` (`tax_calculation_rate_id`,`store_id`),
  KEY `IDX_TAX_CALCULATION_RATE_TITLE_TAX_CALCULATION_RATE_ID` (`tax_calculation_rate_id`),
  KEY `IDX_TAX_CALCULATION_RATE_TITLE_STORE_ID` (`store_id`),
  CONSTRAINT `FK_37FB965F786AD5897BB3AE90470C42AB` FOREIGN KEY (`tax_calculation_rate_id`) REFERENCES `tax_calculation_rate` (`tax_calculation_rate_id`) ON DELETE CASCADE ON UPDATE CASCADE,
  CONSTRAINT `FK_TAX_CALCULATION_RATE_TITLE_STORE_ID_CORE_STORE_STORE_ID` FOREIGN KEY (`store_id`) REFERENCES `core_store` (`store_id`) ON DELETE CASCADE ON UPDATE CASCADE
) ENGINE=InnoDB DEFAULT CHARSET=utf8 COMMENT='Tax Calculation Rate Title';

--
-- Dumping data for table `tax_calculation_rate_title`
--


--
-- Table structure for table `tax_calculation_rule`
--

CREATE TABLE `tax_calculation_rule` (
  `tax_calculation_rule_id` int(11) NOT NULL AUTO_INCREMENT COMMENT 'Tax Calculation Rule Id',
  `code` varchar(255) NOT NULL COMMENT 'Code',
  `priority` int(11) NOT NULL COMMENT 'Priority',
  `position` int(11) NOT NULL COMMENT 'Position',
  PRIMARY KEY (`tax_calculation_rule_id`),
  KEY `IDX_TAX_CALC_RULE_PRIORITY_POSITION_TAX_CALC_RULE_ID` (`priority`,`position`,`tax_calculation_rule_id`),
  KEY `IDX_TAX_CALCULATION_RULE_CODE` (`code`)
) ENGINE=InnoDB AUTO_INCREMENT=3 DEFAULT CHARSET=utf8 COMMENT='Tax Calculation Rule';

--
-- Dumping data for table `tax_calculation_rule`
--

INSERT INTO `tax_calculation_rule` VALUES (1,'Retail Customer-Taxable Goods-Rate 1',1,1),(2,'Retail Customer-default-Rate 1',1,1);

--
-- Table structure for table `tax_class`
--

CREATE TABLE `tax_class` (
  `class_id` smallint(6) NOT NULL AUTO_INCREMENT COMMENT 'Class Id',
  `class_name` varchar(255) NOT NULL COMMENT 'Class Name',
  `class_type` varchar(8) NOT NULL DEFAULT 'CUSTOMER' COMMENT 'Class Type',
  PRIMARY KEY (`class_id`)
) ENGINE=InnoDB AUTO_INCREMENT=5 DEFAULT CHARSET=utf8 COMMENT='Tax Class';

--
-- Dumping data for table `tax_class`
--

INSERT INTO `tax_class` VALUES (1,'default','PRODUCT'),(2,'Taxable Goods','PRODUCT'),(3,'Retail Customer','CUSTOMER'),(4,'Shipping','PRODUCT');

--
-- Table structure for table `tax_order_aggregated_created`
--

CREATE TABLE `tax_order_aggregated_created` (
  `id` int(10) unsigned NOT NULL AUTO_INCREMENT COMMENT 'Id',
  `period` date DEFAULT NULL COMMENT 'Period',
  `store_id` smallint(5) unsigned DEFAULT NULL COMMENT 'Store Id',
  `code` varchar(255) NOT NULL COMMENT 'Code',
  `order_status` varchar(50) NOT NULL COMMENT 'Order Status',
  `percent` float DEFAULT NULL COMMENT 'Percent',
  `orders_count` int(10) unsigned NOT NULL DEFAULT '0' COMMENT 'Orders Count',
  `tax_base_amount_sum` float DEFAULT NULL COMMENT 'Tax Base Amount Sum',
  PRIMARY KEY (`id`),
  UNIQUE KEY `FCA5E2C02689EB2641B30580D7AACF12` (`period`,`store_id`,`code`,`percent`,`order_status`),
  KEY `IDX_TAX_ORDER_AGGREGATED_CREATED_STORE_ID` (`store_id`),
  CONSTRAINT `FK_TAX_ORDER_AGGREGATED_CREATED_STORE_ID_CORE_STORE_STORE_ID` FOREIGN KEY (`store_id`) REFERENCES `core_store` (`store_id`) ON DELETE CASCADE ON UPDATE CASCADE
) ENGINE=InnoDB DEFAULT CHARSET=utf8 COMMENT='Tax Order Aggregation';

--
-- Dumping data for table `tax_order_aggregated_created`
--


--
-- Table structure for table `tax_order_aggregated_updated`
--

CREATE TABLE `tax_order_aggregated_updated` (
  `id` int(10) unsigned NOT NULL AUTO_INCREMENT COMMENT 'Id',
  `period` date DEFAULT NULL COMMENT 'Period',
  `store_id` smallint(5) unsigned DEFAULT NULL COMMENT 'Store Id',
  `code` varchar(255) NOT NULL COMMENT 'Code',
  `order_status` varchar(50) NOT NULL COMMENT 'Order Status',
  `percent` float DEFAULT NULL COMMENT 'Percent',
  `orders_count` int(10) unsigned NOT NULL DEFAULT '0' COMMENT 'Orders Count',
  `tax_base_amount_sum` float DEFAULT NULL COMMENT 'Tax Base Amount Sum',
  PRIMARY KEY (`id`),
  UNIQUE KEY `DB0AF14011199AA6CD31D5078B90AA8D` (`period`,`store_id`,`code`,`percent`,`order_status`),
  KEY `IDX_TAX_ORDER_AGGREGATED_UPDATED_STORE_ID` (`store_id`),
  CONSTRAINT `FK_TAX_ORDER_AGGREGATED_UPDATED_STORE_ID_CORE_STORE_STORE_ID` FOREIGN KEY (`store_id`) REFERENCES `core_store` (`store_id`) ON DELETE CASCADE ON UPDATE CASCADE
) ENGINE=InnoDB DEFAULT CHARSET=utf8 COMMENT='Tax Order Aggregated Updated';

--
-- Dumping data for table `tax_order_aggregated_updated`
--


--
-- Table structure for table `weee_discount`
--

CREATE TABLE `weee_discount` (
  `entity_id` int(10) unsigned NOT NULL DEFAULT '0' COMMENT 'Entity Id',
  `website_id` smallint(5) unsigned NOT NULL DEFAULT '0' COMMENT 'Website Id',
  `customer_group_id` smallint(5) unsigned NOT NULL COMMENT 'Customer Group Id',
  `value` decimal(12,4) NOT NULL DEFAULT '0.0000' COMMENT 'Value',
  KEY `IDX_WEEE_DISCOUNT_WEBSITE_ID` (`website_id`),
  KEY `IDX_WEEE_DISCOUNT_ENTITY_ID` (`entity_id`),
  KEY `IDX_WEEE_DISCOUNT_CUSTOMER_GROUP_ID` (`customer_group_id`),
  CONSTRAINT `FK_WEEE_DISCOUNT_CSTR_GROUP_ID_CSTR_GROUP_CSTR_GROUP_ID` FOREIGN KEY (`customer_group_id`) REFERENCES `customer_group` (`customer_group_id`) ON DELETE CASCADE ON UPDATE CASCADE,
  CONSTRAINT `FK_WEEE_DISCOUNT_ENTITY_ID_CATALOG_PRODUCT_ENTITY_ENTITY_ID` FOREIGN KEY (`entity_id`) REFERENCES `catalog_product_entity` (`entity_id`) ON DELETE CASCADE ON UPDATE CASCADE,
  CONSTRAINT `FK_WEEE_DISCOUNT_WEBSITE_ID_CORE_WEBSITE_WEBSITE_ID` FOREIGN KEY (`website_id`) REFERENCES `core_website` (`website_id`) ON DELETE CASCADE ON UPDATE CASCADE
) ENGINE=InnoDB DEFAULT CHARSET=utf8 COMMENT='Weee Discount';

--
-- Dumping data for table `weee_discount`
--


--
-- Table structure for table `weee_tax`
--

CREATE TABLE `weee_tax` (
  `value_id` int(11) NOT NULL AUTO_INCREMENT COMMENT 'Value Id',
  `website_id` smallint(5) unsigned NOT NULL DEFAULT '0' COMMENT 'Website Id',
  `entity_id` int(10) unsigned NOT NULL DEFAULT '0' COMMENT 'Entity Id',
  `country` varchar(2) DEFAULT NULL COMMENT 'Country',
  `value` decimal(12,4) NOT NULL DEFAULT '0.0000' COMMENT 'Value',
  `state` varchar(255) NOT NULL DEFAULT '*' COMMENT 'State',
  `attribute_id` smallint(5) unsigned NOT NULL COMMENT 'Attribute Id',
  `entity_type_id` smallint(5) unsigned NOT NULL COMMENT 'Entity Type Id',
  PRIMARY KEY (`value_id`),
  KEY `IDX_WEEE_TAX_WEBSITE_ID` (`website_id`),
  KEY `IDX_WEEE_TAX_ENTITY_ID` (`entity_id`),
  KEY `IDX_WEEE_TAX_COUNTRY` (`country`),
  KEY `IDX_WEEE_TAX_ATTRIBUTE_ID` (`attribute_id`),
  CONSTRAINT `FK_WEEE_TAX_ATTRIBUTE_ID_EAV_ATTRIBUTE_ATTRIBUTE_ID` FOREIGN KEY (`attribute_id`) REFERENCES `eav_attribute` (`attribute_id`) ON DELETE CASCADE ON UPDATE CASCADE,
  CONSTRAINT `FK_WEEE_TAX_COUNTRY_DIRECTORY_COUNTRY_COUNTRY_ID` FOREIGN KEY (`country`) REFERENCES `directory_country` (`country_id`) ON DELETE CASCADE ON UPDATE CASCADE,
  CONSTRAINT `FK_WEEE_TAX_ENTITY_ID_CATALOG_PRODUCT_ENTITY_ENTITY_ID` FOREIGN KEY (`entity_id`) REFERENCES `catalog_product_entity` (`entity_id`) ON DELETE CASCADE ON UPDATE CASCADE,
  CONSTRAINT `FK_WEEE_TAX_WEBSITE_ID_CORE_WEBSITE_WEBSITE_ID` FOREIGN KEY (`website_id`) REFERENCES `core_website` (`website_id`) ON DELETE CASCADE ON UPDATE CASCADE
) ENGINE=InnoDB DEFAULT CHARSET=utf8 COMMENT='Weee Tax';

--
-- Dumping data for table `weee_tax`
--


--
-- Table structure for table `widget`
--

CREATE TABLE `widget` (
  `widget_id` int(10) unsigned NOT NULL AUTO_INCREMENT COMMENT 'Widget Id',
  `widget_code` varchar(255) DEFAULT NULL COMMENT 'Widget code for template directive',
  `widget_type` varchar(255) DEFAULT NULL COMMENT 'Widget Type',
  `parameters` text COMMENT 'Parameters',
  PRIMARY KEY (`widget_id`),
  KEY `IDX_WIDGET_WIDGET_CODE` (`widget_code`)
) ENGINE=InnoDB DEFAULT CHARSET=utf8 COMMENT='Preconfigured Widgets';

--
-- Dumping data for table `widget`
--


--
-- Table structure for table `widget_instance`
--

CREATE TABLE `widget_instance` (
  `instance_id` int(10) unsigned NOT NULL AUTO_INCREMENT COMMENT 'Instance Id',
  `instance_type` varchar(255) DEFAULT NULL COMMENT 'Instance Type',
  `package_theme` varchar(255) DEFAULT NULL COMMENT 'Package Theme',
  `title` varchar(255) DEFAULT NULL COMMENT 'Widget Title',
  `store_ids` varchar(255) NOT NULL DEFAULT '0' COMMENT 'Store ids',
  `widget_parameters` text COMMENT 'Widget parameters',
  `sort_order` smallint(5) unsigned NOT NULL DEFAULT '0' COMMENT 'Sort order',
  PRIMARY KEY (`instance_id`)
) ENGINE=InnoDB DEFAULT CHARSET=utf8 COMMENT='Instances of Widget for Package Theme';

--
-- Dumping data for table `widget_instance`
--


--
-- Table structure for table `widget_instance_page`
--

CREATE TABLE `widget_instance_page` (
  `page_id` int(10) unsigned NOT NULL AUTO_INCREMENT COMMENT 'Page Id',
  `instance_id` int(10) unsigned NOT NULL DEFAULT '0' COMMENT 'Instance Id',
  `page_group` varchar(25) DEFAULT NULL COMMENT 'Block Group Type',
  `layout_handle` varchar(255) DEFAULT NULL COMMENT 'Layout Handle',
  `block_reference` varchar(255) DEFAULT NULL COMMENT 'Block Reference',
  `page_for` varchar(25) DEFAULT NULL COMMENT 'For instance entities',
  `entities` text COMMENT 'Catalog entities (comma separated)',
  `page_template` varchar(255) DEFAULT NULL COMMENT 'Path to widget template',
  PRIMARY KEY (`page_id`),
  KEY `IDX_WIDGET_INSTANCE_PAGE_INSTANCE_ID` (`instance_id`),
  CONSTRAINT `FK_WIDGET_INSTANCE_PAGE_INSTANCE_ID_WIDGET_INSTANCE_INSTANCE_ID` FOREIGN KEY (`instance_id`) REFERENCES `widget_instance` (`instance_id`) ON DELETE CASCADE ON UPDATE CASCADE
) ENGINE=InnoDB DEFAULT CHARSET=utf8 COMMENT='Instance of Widget on Page';

--
-- Dumping data for table `widget_instance_page`
--


--
-- Table structure for table `widget_instance_page_layout`
--

CREATE TABLE `widget_instance_page_layout` (
  `page_id` int(10) unsigned NOT NULL DEFAULT '0' COMMENT 'Page Id',
  `layout_update_id` int(10) unsigned NOT NULL DEFAULT '0' COMMENT 'Layout Update Id',
  UNIQUE KEY `UNQ_WIDGET_INSTANCE_PAGE_LAYOUT_LAYOUT_UPDATE_ID_PAGE_ID` (`layout_update_id`,`page_id`),
  KEY `IDX_WIDGET_INSTANCE_PAGE_LAYOUT_PAGE_ID` (`page_id`),
  KEY `IDX_WIDGET_INSTANCE_PAGE_LAYOUT_LAYOUT_UPDATE_ID` (`layout_update_id`),
  CONSTRAINT `FK_0A5D06DCEC6A6845F50E5FAAC5A1C96D` FOREIGN KEY (`layout_update_id`) REFERENCES `core_layout_update` (`layout_update_id`) ON DELETE CASCADE ON UPDATE CASCADE,
  CONSTRAINT `FK_WIDGET_INSTANCE_PAGE_LYT_PAGE_ID_WIDGET_INSTANCE_PAGE_PAGE_ID` FOREIGN KEY (`page_id`) REFERENCES `widget_instance_page` (`page_id`) ON DELETE CASCADE ON UPDATE CASCADE
) ENGINE=InnoDB DEFAULT CHARSET=utf8 COMMENT='Layout updates';

--
-- Dumping data for table `widget_instance_page_layout`
--


--
-- Table structure for table `wishlist`
--

CREATE TABLE `wishlist` (
  `wishlist_id` int(10) unsigned NOT NULL AUTO_INCREMENT COMMENT 'Wishlist ID',
  `customer_id` int(10) unsigned NOT NULL DEFAULT '0' COMMENT 'Customer ID',
  `shared` smallint(5) unsigned NOT NULL DEFAULT '0' COMMENT 'Sharing flag (0 or 1)',
  `sharing_code` varchar(32) DEFAULT NULL COMMENT 'Sharing encrypted code',
  `updated_at` timestamp NULL DEFAULT NULL COMMENT 'Last updated date',
  PRIMARY KEY (`wishlist_id`),
  UNIQUE KEY `UNQ_WISHLIST_CUSTOMER_ID` (`customer_id`),
  KEY `IDX_WISHLIST_SHARED` (`shared`),
  CONSTRAINT `FK_WISHLIST_CUSTOMER_ID_CUSTOMER_ENTITY_ENTITY_ID` FOREIGN KEY (`customer_id`) REFERENCES `customer_entity` (`entity_id`) ON DELETE CASCADE ON UPDATE CASCADE
) ENGINE=InnoDB DEFAULT CHARSET=utf8 ROW_FORMAT=DYNAMIC COMMENT='Wishlist main Table';

--
-- Dumping data for table `wishlist`
--


--
-- Table structure for table `wishlist_item`
--

CREATE TABLE `wishlist_item` (
  `wishlist_item_id` int(10) unsigned NOT NULL AUTO_INCREMENT COMMENT 'Wishlist item ID',
  `wishlist_id` int(10) unsigned NOT NULL DEFAULT '0' COMMENT 'Wishlist ID',
  `product_id` int(10) unsigned NOT NULL DEFAULT '0' COMMENT 'Product ID',
  `store_id` smallint(5) unsigned DEFAULT NULL COMMENT 'Store ID',
  `added_at` timestamp NULL DEFAULT NULL COMMENT 'Add date and time',
  `description` text COMMENT 'Short description of wish list item',
  `qty` decimal(12,4) NOT NULL COMMENT 'Qty',
  PRIMARY KEY (`wishlist_item_id`),
  KEY `IDX_WISHLIST_ITEM_WISHLIST_ID` (`wishlist_id`),
  KEY `IDX_WISHLIST_ITEM_PRODUCT_ID` (`product_id`),
  KEY `IDX_WISHLIST_ITEM_STORE_ID` (`store_id`),
  CONSTRAINT `FK_WISHLIST_ITEM_PRODUCT_ID_CATALOG_PRODUCT_ENTITY_ENTITY_ID` FOREIGN KEY (`product_id`) REFERENCES `catalog_product_entity` (`entity_id`) ON DELETE CASCADE ON UPDATE CASCADE,
  CONSTRAINT `FK_WISHLIST_ITEM_STORE_ID_CORE_STORE_STORE_ID` FOREIGN KEY (`store_id`) REFERENCES `core_store` (`store_id`) ON DELETE SET NULL ON UPDATE CASCADE,
  CONSTRAINT `FK_WISHLIST_ITEM_WISHLIST_ID_WISHLIST_WISHLIST_ID` FOREIGN KEY (`wishlist_id`) REFERENCES `wishlist` (`wishlist_id`) ON DELETE CASCADE ON UPDATE CASCADE
) ENGINE=InnoDB DEFAULT CHARSET=utf8 COMMENT='Wishlist items';

--
-- Dumping data for table `wishlist_item`
--


--
-- Table structure for table `wishlist_item_option`
--

CREATE TABLE `wishlist_item_option` (
  `option_id` int(10) unsigned NOT NULL AUTO_INCREMENT COMMENT 'Option Id',
  `wishlist_item_id` int(10) unsigned NOT NULL COMMENT 'Wishlist Item Id',
  `product_id` int(10) unsigned NOT NULL COMMENT 'Product Id',
  `code` varchar(255) NOT NULL COMMENT 'Code',
  `value` text COMMENT 'Value',
  PRIMARY KEY (`option_id`),
  KEY `FK_A014B30B04B72DD0EAB3EECD779728D6` (`wishlist_item_id`),
  CONSTRAINT `FK_A014B30B04B72DD0EAB3EECD779728D6` FOREIGN KEY (`wishlist_item_id`) REFERENCES `wishlist_item` (`wishlist_item_id`) ON DELETE CASCADE ON UPDATE CASCADE
) ENGINE=InnoDB DEFAULT CHARSET=utf8 COMMENT='Wishlist Item Option Table';

--
-- Dumping data for table `wishlist_item_option`
--


--
-- Table structure for table `xmlconnect_application`
--

CREATE TABLE `xmlconnect_application` (
  `application_id` smallint(5) unsigned NOT NULL AUTO_INCREMENT COMMENT 'Application Id',
  `name` varchar(255) NOT NULL COMMENT 'Application Name',
  `code` varchar(32) NOT NULL COMMENT 'Application Code',
  `type` varchar(32) NOT NULL COMMENT 'Device Type',
  `store_id` smallint(5) unsigned DEFAULT NULL COMMENT 'Store Id',
  `active_from` date DEFAULT NULL COMMENT 'Active From',
  `active_to` date DEFAULT NULL COMMENT 'Active To',
  `updated_at` timestamp NULL DEFAULT NULL COMMENT 'Updated At',
  `status` smallint(5) unsigned NOT NULL DEFAULT '0' COMMENT 'Status',
  `browsing_mode` smallint(5) unsigned DEFAULT '0' COMMENT 'Browsing Mode',
  PRIMARY KEY (`application_id`),
  UNIQUE KEY `UNQ_XMLCONNECT_APPLICATION_CODE` (`code`),
  KEY `FK_XMLCONNECT_APPLICATION_STORE_ID_CORE_STORE_STORE_ID` (`store_id`),
  CONSTRAINT `FK_XMLCONNECT_APPLICATION_STORE_ID_CORE_STORE_STORE_ID` FOREIGN KEY (`store_id`) REFERENCES `core_store` (`store_id`) ON DELETE SET NULL ON UPDATE SET NULL
) ENGINE=InnoDB DEFAULT CHARSET=utf8 COMMENT='Xmlconnect Application';

--
-- Dumping data for table `xmlconnect_application`
--


--
-- Table structure for table `xmlconnect_config_data`
--

CREATE TABLE `xmlconnect_config_data` (
  `application_id` smallint(5) unsigned NOT NULL COMMENT 'Application Id',
  `category` varchar(60) NOT NULL DEFAULT 'default' COMMENT 'Category',
  `path` varchar(250) NOT NULL COMMENT 'Path',
  `value` text NOT NULL COMMENT 'Value',
  UNIQUE KEY `UNQ_XMLCONNECT_CONFIG_DATA_APPLICATION_ID_CATEGORY_PATH` (`application_id`,`category`,`path`),
  CONSTRAINT `FK_31EE36D814216200D7C0723145AC510E` FOREIGN KEY (`application_id`) REFERENCES `xmlconnect_application` (`application_id`) ON DELETE CASCADE ON UPDATE CASCADE
) ENGINE=InnoDB DEFAULT CHARSET=utf8 COMMENT='Xmlconnect Configuration Data';

--
-- Dumping data for table `xmlconnect_config_data`
--


--
-- Table structure for table `xmlconnect_history`
--

CREATE TABLE `xmlconnect_history` (
  `history_id` int(10) unsigned NOT NULL AUTO_INCREMENT COMMENT 'History Id',
  `application_id` smallint(5) unsigned NOT NULL COMMENT 'Application Id',
  `created_at` timestamp NULL DEFAULT NULL COMMENT 'Created At',
  `store_id` smallint(5) unsigned DEFAULT NULL COMMENT 'Store Id',
  `params` blob COMMENT 'Params',
  `title` varchar(200) NOT NULL COMMENT 'Title',
  `activation_key` varchar(255) NOT NULL COMMENT 'Activation Key',
  `name` varchar(255) NOT NULL COMMENT 'Application Name',
  `code` varchar(32) NOT NULL COMMENT 'Application Code',
  PRIMARY KEY (`history_id`),
  KEY `FK_8F08B9513373BC19F49EE3EF8340E270` (`application_id`),
  CONSTRAINT `FK_8F08B9513373BC19F49EE3EF8340E270` FOREIGN KEY (`application_id`) REFERENCES `xmlconnect_application` (`application_id`) ON DELETE CASCADE ON UPDATE CASCADE
) ENGINE=InnoDB DEFAULT CHARSET=utf8 COMMENT='Xmlconnect History';

--
-- Dumping data for table `xmlconnect_history`
--


--
-- Table structure for table `xmlconnect_notification_template`
--

CREATE TABLE `xmlconnect_notification_template` (
  `template_id` int(10) unsigned NOT NULL AUTO_INCREMENT COMMENT 'Template Id',
  `name` varchar(255) NOT NULL COMMENT 'Template Name',
  `push_title` varchar(140) NOT NULL COMMENT 'Push Notification Title',
  `message_title` varchar(255) NOT NULL COMMENT 'Message Title',
  `content` text NOT NULL COMMENT 'Message Content',
  `created_at` timestamp NULL DEFAULT NULL COMMENT 'Created At',
  `modified_at` timestamp NULL DEFAULT NULL COMMENT 'Modified At',
  `application_id` smallint(5) unsigned NOT NULL COMMENT 'Application Id',
  PRIMARY KEY (`template_id`),
  KEY `FK_F9927C7518A907CF5C350942FD296DC3` (`application_id`),
  CONSTRAINT `FK_F9927C7518A907CF5C350942FD296DC3` FOREIGN KEY (`application_id`) REFERENCES `xmlconnect_application` (`application_id`) ON DELETE CASCADE ON UPDATE CASCADE
) ENGINE=InnoDB DEFAULT CHARSET=utf8 COMMENT='Xmlconnect Notification Template';

--
-- Dumping data for table `xmlconnect_notification_template`
--


--
-- Table structure for table `xmlconnect_queue`
--

CREATE TABLE `xmlconnect_queue` (
  `queue_id` int(10) unsigned NOT NULL AUTO_INCREMENT COMMENT 'Queue Id',
  `create_time` timestamp NULL DEFAULT NULL COMMENT 'Created At',
  `exec_time` timestamp NULL DEFAULT NULL COMMENT 'Scheduled Execution Time',
  `template_id` int(10) unsigned NOT NULL COMMENT 'Template Id',
  `push_title` varchar(140) NOT NULL COMMENT 'Push Notification Title',
  `message_title` varchar(255) DEFAULT '' COMMENT 'Message Title',
  `content` text COMMENT 'Message Content',
  `status` smallint(5) unsigned NOT NULL DEFAULT '0' COMMENT 'Status',
  `type` varchar(12) NOT NULL COMMENT 'Type of Notification',
  PRIMARY KEY (`queue_id`),
  KEY `FK_2019AEC5FC55A516965583447CA26B14` (`template_id`),
  CONSTRAINT `FK_2019AEC5FC55A516965583447CA26B14` FOREIGN KEY (`template_id`) REFERENCES `xmlconnect_notification_template` (`template_id`) ON DELETE CASCADE ON UPDATE CASCADE
) ENGINE=InnoDB DEFAULT CHARSET=utf8 COMMENT='Xmlconnect Notification Queue';

--
-- Dumping data for table `xmlconnect_queue`
--


--
-- Dumping events for database 'shoes'
--

--
-- Dumping routines for database 'shoes'
--


